{"id":6633,"date":"2018-12-20T11:39:16","date_gmt":"2018-12-20T10:39:16","guid":{"rendered":"https:\/\/www.salon-medecinedouce.com\/paris\/?page_id=6633"},"modified":"2020-01-13T12:41:15","modified_gmt":"2020-01-13T11:41:15","slug":"healthy-food-corner","status":"publish","type":"page","link":"https:\/\/www.salon-medecinedouce.com\/paris\/healthy-food-corner\/","title":{"rendered":"Healthy Food Corner"},"content":{"rendered":"<p><img fetchpriority=\"high\" decoding=\"async\" class=\"alignnone size-full wp-image-6221\" src=\"https:\/\/www.salon-medecinedouce.com\/paris\/wp-content\/uploads\/sites\/14\/2018\/06\/Fotolia_191240175_Subscription_Monthly_M.jpg\" alt=\"\" width=\"661\" height=\"230\" srcset=\"https:\/\/www.salon-medecinedouce.com\/paris\/wp-content\/uploads\/sites\/14\/2018\/06\/Fotolia_191240175_Subscription_Monthly_M.jpg 661w, https:\/\/www.salon-medecinedouce.com\/paris\/wp-content\/uploads\/sites\/14\/2018\/06\/Fotolia_191240175_Subscription_Monthly_M-300x104.jpg 300w, https:\/\/www.salon-medecinedouce.com\/paris\/wp-content\/uploads\/sites\/14\/2018\/06\/Fotolia_191240175_Subscription_Monthly_M-150x52.jpg 150w, https:\/\/www.salon-medecinedouce.com\/paris\/wp-content\/uploads\/sites\/14\/2018\/06\/Fotolia_191240175_Subscription_Monthly_M-500x174.jpg 500w\" sizes=\"(max-width: 661px) 100vw, 661px\" \/><\/p>\n<p><strong>Espace de d\u00e9monstration, de conseils, d&rsquo;ateliers autour de l&rsquo;alimentation saine et des allergies alimentaires.<\/strong><\/p>\n<p><strong>PROGRAMME DU HEALTHY FOOD CORNER<\/strong><\/p>\n<h3><strong>Jeudi 31 janvier 2019<\/strong><\/h3>\n<p>12h : Cuisson basse temp\u00e9rature\u00a0: de l\u2019entr\u00e9e au dessert en une seule cuisson. <span style=\"color: #e3723a;\"><strong>L\u2019omnicuiseur vitalit\u00e9<\/strong><\/span><\/p>\n<p>14h : D\u00e9gustation d\u2019un caf\u00e9 minceur et Zen. <span style=\"color: #e3723a;\"><strong>Fitalety<\/strong><\/span><\/p>\n<p>15h : Le chanvre\u00a0: sant\u00e9, nutrition, agrobiologie.<span style=\"color: #e3723a;\"> <strong>L\u2019Chanvre<\/strong><\/span><\/p>\n<p>16h : Cuisson basse temp\u00e9rature\u00a0: de l\u2019entr\u00e9e au dessert en une seule cuisson. <span style=\"color: #e3723a;\"><strong>L\u2019omnicuiseur vitalit\u00e9<\/strong><\/span><\/p>\n<p>&nbsp;<\/p>\n<h3><strong>Vendredi 1<sup>er<\/sup> f\u00e9vrier 2019<\/strong><\/h3>\n<p>11h : Pr\u00e9paration d\u2019un petit d\u00e9jeuner \u00e9nerg\u00e9tique. <span style=\"color: #e3723a;\"><strong>Spicy Berry<\/strong><\/span><\/p>\n<p>12h : Cuisson basse temp\u00e9rature\u00a0: de l\u2019entr\u00e9e au dessert en une seule cuisson. <span style=\"color: #e3723a;\"><strong>L\u2019omnicuiseur vitalit\u00e9<\/strong><\/span><\/p>\n<p>13h\u00a0: Cuisine crue et sans gluten. <span style=\"color: #e3723a;\"><strong>Meli-Jo<\/strong><\/span><\/p>\n<p>14h\u00a0: L&rsquo;abeille biologique, la biodiversit\u00e9 et la disparition de l&rsquo;abeille. <span style=\"color: #e3723a;\"><strong>Les ruchers de Maubec<\/strong><\/span><\/p>\n<p>15h : D\u00e9gustation d\u2019un caf\u00e9 minceur et Zen. <span style=\"color: #e3723a;\"><strong>Fitalety<\/strong><\/span><\/p>\n<p>16h : Cuisson basse temp\u00e9rature\u00a0: de l\u2019entr\u00e9e au dessert en une seule cuisson. <span style=\"color: #e3723a;\"><strong>L\u2019omnicuiseur vitalit\u00e9<\/strong><\/span><\/p>\n<p>&nbsp;<\/p>\n<h3><strong>Samedi 2 f\u00e9vrier 2019<\/strong><\/h3>\n<p>12h : Cuisson basse temp\u00e9rature\u00a0: de l\u2019entr\u00e9e au dessert en une seule cuisson. <span style=\"color: #e3723a;\"><strong>L\u2019omnicuiseur vitalit\u00e9<\/strong><\/span><\/p>\n<p>13\u00a0: Le chanvre\u00a0: sant\u00e9, nutrition, agrobiologie. <span style=\"color: #e3723a;\"><strong>L\u2019Chanvre<\/strong><\/span><\/p>\n<p>14h\u00a0: Cuisine crue et sans gluten. <span style=\"color: #e3723a;\"><strong>Meli-Jo<\/strong><\/span><\/p>\n<p>15h: Discussion autour du snacking sain.<span style=\"color: #e3723a;\"> <strong>Fiby &amp; ses fruits<\/strong><\/span><\/p>\n<p>16h : Cuisson basse temp\u00e9rature\u00a0: de l\u2019entr\u00e9e au dessert en une seule cuisson. <span style=\"color: #e3723a;\"><strong>L\u2019omnicuiseur vitalit\u00e9<\/strong><\/span><\/p>\n<p>&nbsp;<\/p>\n<h3><strong>Dimanche 3 f\u00e9vrier 2019<\/strong><\/h3>\n<p>11h : Irr\u00e9sistibles tapas sans produits laitiers. <span style=\"color: #e3723a;\"><strong>Elena Cubel Montes<\/strong><\/span><\/p>\n<p>12h : Cuisson basse temp\u00e9rature\u00a0: de l\u2019entr\u00e9e au dessert en une seule cuisson. <span style=\"color: #e3723a;\"><strong>L\u2019omnicuiseur vitalit\u00e9<\/strong><\/span><\/p>\n<p>13h : \u00c9laborer votre bento macrobiotique. <span style=\"color: #e3723a;\"><strong>L\u2019\u00e9quipe Cimo<\/strong><\/span><\/p>\n<p>14h : L&rsquo;abeille biologique, la biodiversit\u00e9 et la disparition de l&rsquo;abeille. <span style=\"color: #e3723a;\"><strong>Les ruchers de Maubec<\/strong><\/span><\/p>\n<p>15h : Discussion autour du snacking sain. <span style=\"color: #e3723a;\"><strong>Fiby &amp; ses fruits<\/strong><\/span><\/p>\n<p>16h : Cuisson basse temp\u00e9rature\u00a0: de l\u2019entr\u00e9e au dessert en une seule cuisson. <span style=\"color: #e3723a;\"><strong>L\u2019omnicuiseur vitalit\u00e9<\/strong><\/span><\/p>\n<p>&nbsp;<\/p>\n<h3><strong>Lundi 4 f\u00e9vrier 2019<\/strong><\/h3>\n<p>12h : Cuisson basse temp\u00e9rature\u00a0: de l\u2019entr\u00e9e au dessert en une seule cuisson. <span style=\"color: #e3723a;\"><strong>L\u2019omnicuiseur vitalit\u00e9 <\/strong><\/span><\/p>\n<p>16h\u00a0: Cuisson basse temp\u00e9rature\u00a0: de l\u2019entr\u00e9e au dessert en une seule cuisson. <span style=\"color: #e3723a;\"><strong>L\u2019omnicuiseur vitalit\u00e9<\/strong><\/span><\/p>\n<p>&nbsp;<\/p>\n<p><strong>C&rsquo;est aussi un espace d\u00e9di\u00e9 aux start-ups du Healthy Food.<br \/>\n<\/strong><a href=\"https:\/\/www.salon-medecinedouce.com\/paris\/programme\/les-start-ups-du-healthy-food\/\" target=\"_blank\" rel=\"noopener noreferrer\">&gt;&gt; D\u00e9couvrez la liste des participants<\/a>\u00a0<\/p>\n<div class=\"salon-pubs-hp-bas-de-page salon-entity-placement\" id=\"salon-3675274156\"><div id=\"salon-1656933095\"><a data-no-instant=\"1\" href=\"https:\/\/www.adntv.fr\/home?request_origin=tv_app\" rel=\"noopener\" class=\"a2t-link\" target=\"_blank\"><p><a href=\"https:\/\/www.salondesseniors.com\/\"><img decoding=\"async\" class=\"wp-image-22417 aligncenter\" src=\"https:\/\/www.salon-medecinedouce.com\/paris\/wp-content\/uploads\/sites\/14\/2026\/02\/Banniere-728x90-1-300x37.png\" alt=\"\" width=\"754\" height=\"93\" srcset=\"https:\/\/www.salon-medecinedouce.com\/paris\/wp-content\/uploads\/sites\/14\/2026\/02\/Banniere-728x90-1-300x37.png 300w, https:\/\/www.salon-medecinedouce.com\/paris\/wp-content\/uploads\/sites\/14\/2026\/02\/Banniere-728x90-1-1024x127.png 1024w, https:\/\/www.salon-medecinedouce.com\/paris\/wp-content\/uploads\/sites\/14\/2026\/02\/Banniere-728x90-1-768x95.png 768w, https:\/\/www.salon-medecinedouce.com\/paris\/wp-content\/uploads\/sites\/14\/2026\/02\/Banniere-728x90-1-1536x190.png 1536w, https:\/\/www.salon-medecinedouce.com\/paris\/wp-content\/uploads\/sites\/14\/2026\/02\/Banniere-728x90-1-2048x253.png 2048w, https:\/\/www.salon-medecinedouce.com\/paris\/wp-content\/uploads\/sites\/14\/2026\/02\/Banniere-728x90-1-150x19.png 150w, https:\/\/www.salon-medecinedouce.com\/paris\/wp-content\/uploads\/sites\/14\/2026\/02\/Banniere-728x90-1-500x62.png 500w\" sizes=\"(max-width: 754px) 100vw, 754px\" \/><\/a><\/p>\n<\/a><\/div><\/div>","protected":false},"excerpt":{"rendered":"<p>Espace de d\u00e9monstration, de conseils, d&rsquo;ateliers autour de l&rsquo;alimentation saine et des allergies alimentaires. PROGRAMME DU HEALTHY FOOD CORNER Jeudi 31 janvier 2019 12h : Cuisson basse temp\u00e9rature\u00a0: de l\u2019entr\u00e9e au dessert en une seule cuisson. L\u2019omnicuiseur vitalit\u00e9 14h : D\u00e9gustation d\u2019un caf\u00e9 minceur et Zen. Fitalety 15h : Le chanvre\u00a0: sant\u00e9, nutrition, agrobiologie. L\u2019Chanvre&hellip; <\/p>\n","protected":false},"author":1,"featured_media":0,"parent":0,"menu_order":0,"comment_status":"closed","ping_status":"closed","template":"","meta":{"_angie_page":false,"_monsterinsights_skip_tracking":false,"_monsterinsights_sitenote_active":false,"_monsterinsights_sitenote_note":"","_monsterinsights_sitenote_category":0,"footnotes":""},"class_list":["post-6633","page","type-page","status-publish","hentry"],"yoast_head":"<!-- This site is optimized with the Yoast SEO plugin v27.3 - https:\/\/yoast.com\/product\/yoast-seo-wordpress\/ -->\n<title>Healthy Food Corner - Bien-\u00eatre Paris<\/title>\n<meta name=\"robots\" content=\"index, follow, max-snippet:-1, max-image-preview:large, max-video-preview:-1\" \/>\n<link rel=\"canonical\" href=\"https:\/\/www.salon-medecinedouce.com\/paris\/healthy-food-corner\/\" \/>\n<meta property=\"og:locale\" content=\"fr_FR\" \/>\n<meta property=\"og:type\" content=\"article\" \/>\n<meta property=\"og:title\" content=\"Healthy Food Corner - Bien-\u00eatre Paris\" \/>\n<meta property=\"og:description\" content=\"Espace de d\u00e9monstration, de conseils, d&rsquo;ateliers autour de l&rsquo;alimentation saine et des allergies alimentaires. PROGRAMME DU HEALTHY FOOD CORNER Jeudi 31 janvier 2019 12h : Cuisson basse temp\u00e9rature\u00a0: de l\u2019entr\u00e9e au dessert en une seule cuisson. L\u2019omnicuiseur vitalit\u00e9 14h : D\u00e9gustation d\u2019un caf\u00e9 minceur et Zen. Fitalety 15h : Le chanvre\u00a0: sant\u00e9, nutrition, agrobiologie. L\u2019Chanvre&hellip;\" \/>\n<meta property=\"og:url\" content=\"https:\/\/www.salon-medecinedouce.com\/paris\/healthy-food-corner\/\" \/>\n<meta property=\"og:site_name\" content=\"Bien-\u00eatre Paris\" \/>\n<meta property=\"article:modified_time\" content=\"2020-01-13T11:41:15+00:00\" \/>\n<meta property=\"og:image\" content=\"https:\/\/www.salon-medecinedouce.com\/paris\/wp-content\/uploads\/sites\/14\/2018\/06\/Fotolia_191240175_Subscription_Monthly_M.jpg\" \/>\n<meta name=\"twitter:card\" content=\"summary_large_image\" \/>\n<meta name=\"twitter:label1\" content=\"Dur\u00e9e de lecture estim\u00e9e\" \/>\n\t<meta name=\"twitter:data1\" content=\"2 minutes\" \/>\n<script type=\"application\/ld+json\" class=\"yoast-schema-graph\">{\"@context\":\"https:\\\/\\\/schema.org\",\"@graph\":[{\"@type\":\"WebPage\",\"@id\":\"https:\\\/\\\/www.salon-medecinedouce.com\\\/paris\\\/healthy-food-corner\\\/\",\"url\":\"https:\\\/\\\/www.salon-medecinedouce.com\\\/paris\\\/healthy-food-corner\\\/\",\"name\":\"Healthy Food Corner - Bien-\u00eatre Paris\",\"isPartOf\":{\"@id\":\"https:\\\/\\\/www.salon-medecinedouce.com\\\/paris\\\/#website\"},\"primaryImageOfPage\":{\"@id\":\"https:\\\/\\\/www.salon-medecinedouce.com\\\/paris\\\/healthy-food-corner\\\/#primaryimage\"},\"image\":{\"@id\":\"https:\\\/\\\/www.salon-medecinedouce.com\\\/paris\\\/healthy-food-corner\\\/#primaryimage\"},\"thumbnailUrl\":\"https:\\\/\\\/www.salon-medecinedouce.com\\\/paris\\\/wp-content\\\/uploads\\\/sites\\\/14\\\/2018\\\/06\\\/Fotolia_191240175_Subscription_Monthly_M.jpg\",\"datePublished\":\"2018-12-20T10:39:16+00:00\",\"dateModified\":\"2020-01-13T11:41:15+00:00\",\"breadcrumb\":{\"@id\":\"https:\\\/\\\/www.salon-medecinedouce.com\\\/paris\\\/healthy-food-corner\\\/#breadcrumb\"},\"inLanguage\":\"fr-FR\",\"potentialAction\":[{\"@type\":\"ReadAction\",\"target\":[\"https:\\\/\\\/www.salon-medecinedouce.com\\\/paris\\\/healthy-food-corner\\\/\"]}]},{\"@type\":\"ImageObject\",\"inLanguage\":\"fr-FR\",\"@id\":\"https:\\\/\\\/www.salon-medecinedouce.com\\\/paris\\\/healthy-food-corner\\\/#primaryimage\",\"url\":\"https:\\\/\\\/www.salon-medecinedouce.com\\\/paris\\\/wp-content\\\/uploads\\\/sites\\\/14\\\/2018\\\/06\\\/Fotolia_191240175_Subscription_Monthly_M.jpg\",\"contentUrl\":\"https:\\\/\\\/www.salon-medecinedouce.com\\\/paris\\\/wp-content\\\/uploads\\\/sites\\\/14\\\/2018\\\/06\\\/Fotolia_191240175_Subscription_Monthly_M.jpg\",\"width\":661,\"height\":230},{\"@type\":\"BreadcrumbList\",\"@id\":\"https:\\\/\\\/www.salon-medecinedouce.com\\\/paris\\\/healthy-food-corner\\\/#breadcrumb\",\"itemListElement\":[{\"@type\":\"ListItem\",\"position\":1,\"name\":\"Accueil\",\"item\":\"https:\\\/\\\/www.salon-medecinedouce.com\\\/paris\\\/\"},{\"@type\":\"ListItem\",\"position\":2,\"name\":\"Healthy Food Corner\"}]},{\"@type\":\"WebSite\",\"@id\":\"https:\\\/\\\/www.salon-medecinedouce.com\\\/paris\\\/#website\",\"url\":\"https:\\\/\\\/www.salon-medecinedouce.com\\\/paris\\\/\",\"name\":\"Bien-\u00eatre Paris\",\"description\":\"La sant\u00e9 au naturel : M\u00e9decines douces - Compl\u00e9ments alimentaires - Alimentation saine - Cosm\u00e9tiques naturelles - Art de vivre - Tourisme de sant\u00e9\",\"publisher\":{\"@id\":\"https:\\\/\\\/www.salon-medecinedouce.com\\\/paris\\\/#organization\"},\"potentialAction\":[{\"@type\":\"SearchAction\",\"target\":{\"@type\":\"EntryPoint\",\"urlTemplate\":\"https:\\\/\\\/www.salon-medecinedouce.com\\\/paris\\\/?s={search_term_string}\"},\"query-input\":{\"@type\":\"PropertyValueSpecification\",\"valueRequired\":true,\"valueName\":\"search_term_string\"}}],\"inLanguage\":\"fr-FR\"},{\"@type\":\"Organization\",\"@id\":\"https:\\\/\\\/www.salon-medecinedouce.com\\\/paris\\\/#organization\",\"name\":\"Bien-\u00eatre Paris\",\"url\":\"https:\\\/\\\/www.salon-medecinedouce.com\\\/paris\\\/\",\"logo\":{\"@type\":\"ImageObject\",\"inLanguage\":\"fr-FR\",\"@id\":\"https:\\\/\\\/www.salon-medecinedouce.com\\\/paris\\\/#\\\/schema\\\/logo\\\/image\\\/\",\"url\":\"https:\\\/\\\/www.salon-medecinedouce.com\\\/paris\\\/wp-content\\\/uploads\\\/sites\\\/14\\\/2024\\\/05\\\/cropped-logo-orange-bemd.png\",\"contentUrl\":\"https:\\\/\\\/www.salon-medecinedouce.com\\\/paris\\\/wp-content\\\/uploads\\\/sites\\\/14\\\/2024\\\/05\\\/cropped-logo-orange-bemd.png\",\"width\":591,\"height\":591,\"caption\":\"Bien-\u00eatre Paris\"},\"image\":{\"@id\":\"https:\\\/\\\/www.salon-medecinedouce.com\\\/paris\\\/#\\\/schema\\\/logo\\\/image\\\/\"}}]}<\/script>\n<!-- \/ Yoast SEO plugin. -->","yoast_head_json":{"title":"Healthy Food Corner - Bien-\u00eatre Paris","robots":{"index":"index","follow":"follow","max-snippet":"max-snippet:-1","max-image-preview":"max-image-preview:large","max-video-preview":"max-video-preview:-1"},"canonical":"https:\/\/www.salon-medecinedouce.com\/paris\/healthy-food-corner\/","og_locale":"fr_FR","og_type":"article","og_title":"Healthy Food Corner - Bien-\u00eatre Paris","og_description":"Espace de d\u00e9monstration, de conseils, d&rsquo;ateliers autour de l&rsquo;alimentation saine et des allergies alimentaires. PROGRAMME DU HEALTHY FOOD CORNER Jeudi 31 janvier 2019 12h : Cuisson basse temp\u00e9rature\u00a0: de l\u2019entr\u00e9e au dessert en une seule cuisson. L\u2019omnicuiseur vitalit\u00e9 14h : D\u00e9gustation d\u2019un caf\u00e9 minceur et Zen. Fitalety 15h : Le chanvre\u00a0: sant\u00e9, nutrition, agrobiologie. L\u2019Chanvre&hellip;","og_url":"https:\/\/www.salon-medecinedouce.com\/paris\/healthy-food-corner\/","og_site_name":"Bien-\u00eatre Paris","article_modified_time":"2020-01-13T11:41:15+00:00","og_image":[{"url":"https:\/\/www.salon-medecinedouce.com\/paris\/wp-content\/uploads\/sites\/14\/2018\/06\/Fotolia_191240175_Subscription_Monthly_M.jpg","type":"","width":"","height":""}],"twitter_card":"summary_large_image","twitter_misc":{"Dur\u00e9e de lecture estim\u00e9e":"2 minutes"},"schema":{"@context":"https:\/\/schema.org","@graph":[{"@type":"WebPage","@id":"https:\/\/www.salon-medecinedouce.com\/paris\/healthy-food-corner\/","url":"https:\/\/www.salon-medecinedouce.com\/paris\/healthy-food-corner\/","name":"Healthy Food Corner - Bien-\u00eatre Paris","isPartOf":{"@id":"https:\/\/www.salon-medecinedouce.com\/paris\/#website"},"primaryImageOfPage":{"@id":"https:\/\/www.salon-medecinedouce.com\/paris\/healthy-food-corner\/#primaryimage"},"image":{"@id":"https:\/\/www.salon-medecinedouce.com\/paris\/healthy-food-corner\/#primaryimage"},"thumbnailUrl":"https:\/\/www.salon-medecinedouce.com\/paris\/wp-content\/uploads\/sites\/14\/2018\/06\/Fotolia_191240175_Subscription_Monthly_M.jpg","datePublished":"2018-12-20T10:39:16+00:00","dateModified":"2020-01-13T11:41:15+00:00","breadcrumb":{"@id":"https:\/\/www.salon-medecinedouce.com\/paris\/healthy-food-corner\/#breadcrumb"},"inLanguage":"fr-FR","potentialAction":[{"@type":"ReadAction","target":["https:\/\/www.salon-medecinedouce.com\/paris\/healthy-food-corner\/"]}]},{"@type":"ImageObject","inLanguage":"fr-FR","@id":"https:\/\/www.salon-medecinedouce.com\/paris\/healthy-food-corner\/#primaryimage","url":"https:\/\/www.salon-medecinedouce.com\/paris\/wp-content\/uploads\/sites\/14\/2018\/06\/Fotolia_191240175_Subscription_Monthly_M.jpg","contentUrl":"https:\/\/www.salon-medecinedouce.com\/paris\/wp-content\/uploads\/sites\/14\/2018\/06\/Fotolia_191240175_Subscription_Monthly_M.jpg","width":661,"height":230},{"@type":"BreadcrumbList","@id":"https:\/\/www.salon-medecinedouce.com\/paris\/healthy-food-corner\/#breadcrumb","itemListElement":[{"@type":"ListItem","position":1,"name":"Accueil","item":"https:\/\/www.salon-medecinedouce.com\/paris\/"},{"@type":"ListItem","position":2,"name":"Healthy Food Corner"}]},{"@type":"WebSite","@id":"https:\/\/www.salon-medecinedouce.com\/paris\/#website","url":"https:\/\/www.salon-medecinedouce.com\/paris\/","name":"Bien-\u00eatre Paris","description":"La sant\u00e9 au naturel : M\u00e9decines douces - Compl\u00e9ments alimentaires - Alimentation saine - Cosm\u00e9tiques naturelles - Art de vivre - Tourisme de sant\u00e9","publisher":{"@id":"https:\/\/www.salon-medecinedouce.com\/paris\/#organization"},"potentialAction":[{"@type":"SearchAction","target":{"@type":"EntryPoint","urlTemplate":"https:\/\/www.salon-medecinedouce.com\/paris\/?s={search_term_string}"},"query-input":{"@type":"PropertyValueSpecification","valueRequired":true,"valueName":"search_term_string"}}],"inLanguage":"fr-FR"},{"@type":"Organization","@id":"https:\/\/www.salon-medecinedouce.com\/paris\/#organization","name":"Bien-\u00eatre Paris","url":"https:\/\/www.salon-medecinedouce.com\/paris\/","logo":{"@type":"ImageObject","inLanguage":"fr-FR","@id":"https:\/\/www.salon-medecinedouce.com\/paris\/#\/schema\/logo\/image\/","url":"https:\/\/www.salon-medecinedouce.com\/paris\/wp-content\/uploads\/sites\/14\/2024\/05\/cropped-logo-orange-bemd.png","contentUrl":"https:\/\/www.salon-medecinedouce.com\/paris\/wp-content\/uploads\/sites\/14\/2024\/05\/cropped-logo-orange-bemd.png","width":591,"height":591,"caption":"Bien-\u00eatre Paris"},"image":{"@id":"https:\/\/www.salon-medecinedouce.com\/paris\/#\/schema\/logo\/image\/"}}]}},"rttpg_featured_image_url":null,"rttpg_author":{"display_name":"admin","author_link":"https:\/\/www.salon-medecinedouce.com\/paris\/blog\/author\/admin\/"},"rttpg_comment":0,"rttpg_category":false,"rttpg_excerpt":"Espace de d\u00e9monstration, de conseils, d&rsquo;ateliers autour de l&rsquo;alimentation saine et des allergies alimentaires. PROGRAMME DU HEALTHY FOOD CORNER Jeudi 31 janvier 2019 12h : Cuisson basse temp\u00e9rature\u00a0: de l\u2019entr\u00e9e au dessert en une seule cuisson. L\u2019omnicuiseur vitalit\u00e9 14h : D\u00e9gustation d\u2019un caf\u00e9 minceur et Zen. Fitalety 15h : Le chanvre\u00a0: sant\u00e9, nutrition, agrobiologie. L\u2019Chanvre&hellip;","_links":{"self":[{"href":"https:\/\/www.salon-medecinedouce.com\/paris\/wp-json\/wp\/v2\/pages\/6633","targetHints":{"allow":["GET"]}}],"collection":[{"href":"https:\/\/www.salon-medecinedouce.com\/paris\/wp-json\/wp\/v2\/pages"}],"about":[{"href":"https:\/\/www.salon-medecinedouce.com\/paris\/wp-json\/wp\/v2\/types\/page"}],"author":[{"embeddable":true,"href":"https:\/\/www.salon-medecinedouce.com\/paris\/wp-json\/wp\/v2\/users\/1"}],"replies":[{"embeddable":true,"href":"https:\/\/www.salon-medecinedouce.com\/paris\/wp-json\/wp\/v2\/comments?post=6633"}],"version-history":[{"count":15,"href":"https:\/\/www.salon-medecinedouce.com\/paris\/wp-json\/wp\/v2\/pages\/6633\/revisions"}],"predecessor-version":[{"id":8903,"href":"https:\/\/www.salon-medecinedouce.com\/paris\/wp-json\/wp\/v2\/pages\/6633\/revisions\/8903"}],"wp:attachment":[{"href":"https:\/\/www.salon-medecinedouce.com\/paris\/wp-json\/wp\/v2\/media?parent=6633"}],"curies":[{"name":"wp","href":"https:\/\/api.w.org\/{rel}","templated":true}]}}