{"id":2462,"date":"2024-06-26T09:00:35","date_gmt":"2024-06-26T07:00:35","guid":{"rendered":"http:\/\/localhost:8888\/zen\/?page_id=2462"},"modified":"2026-03-06T17:48:51","modified_gmt":"2026-03-06T16:48:51","slug":"infos","status":"publish","type":"page","link":"https:\/\/www.salon-medecinedouce.com\/paris\/infos\/infos\/","title":{"rendered":"Informations et services visiteurs"},"content":{"rendered":"<h2><span style=\"color: #165e6c;\"><strong>La prochaine \u00e9dition du salon aura lieu 28 janvier au 1er f\u00e9vrier 2027, Hall 5.1 de la Porte de Versailles<\/strong><\/span><\/h2>\n<h3><strong><span style=\"color: #165e6c;\">Horaires<\/span>\u00a0<\/strong><\/h3>\n<p>Du jeudi au dimanche : 10h30 &#8211; 19h00<br \/>\nLe lundi : 10h30 &#8211; 18h00<br \/>\n<em>Aucune entr\u00e9e 1\/2 heure avant la fermeture<\/em><\/p>\n<p>&nbsp;<\/p>\n<p>Le plan du salon 2027 sera prochainement en ligne.<\/p>\n<h3><span style=\"color: #165e6c;\"><strong>Tarifs<\/strong><\/span><\/h3>\n<ul>\n<li>8 \u20ac (donnant acc\u00e8s aux stands, conf\u00e9rences, et ateliers conf\u00e9rences) &#8211; <span style=\"color: #d65d00;\"><a style=\"color: #d65d00;\" href=\"https:\/\/www.salon-medecinedouce.com\/paris\/visiteur_invitation\/\" target=\"_blank\" rel=\"noopener noreferrer\">T\u00e9l\u00e9charger ici une entr\u00e9e gratuite<\/a><\/span><\/li>\n<li>Gratuit pour les moins de 25 ans, les ch\u00f4meurs, \u00e9tudiants et invalides<\/li>\n<\/ul>\n<h3>\u00a0<\/h3>\n<h3><span style=\"color: #165e6c;\"><strong>Vos achats<\/strong><\/span><\/h3>\n<ul>\n<li>Munissez vous d&rsquo;esp\u00e8ces, tous les exposants n&rsquo;acceptent pas le paiement par ch\u00e8que et\/ou ne sont pas \u00e9quip\u00e9s d&rsquo;un terminal de carte bancaire<\/li>\n<li>Pensez \u00e0 prendre vos paniers et sacs<\/li>\n<li>Nous vous rappelons que lors des salons, les exposants n&rsquo;ont pas l&rsquo;obligation de proposer un droit de r\u00e9tractation pour les achats effectu\u00e9s<\/li>\n<\/ul>\n<h3>\u00a0<\/h3>\n<h3><span style=\"color: #165e6c;\"><strong>Vestiaire\u00a0<\/strong><\/span><\/h3>\n<p>Pour plus de confort, vous avez la possibilit\u00e9 de laisser au vestiaire vos affaires, bagages&#8230;\u00a0<br \/>\nTarif : 2\u20ac par article<\/p>\n<h3>\u00a0<\/h3>\n<h3><span style=\"color: #165e6c;\"><strong>Restauration sur place<\/strong><\/span><\/h3>\n<p>Au cours de votre visite n&rsquo;h\u00e9sitez pas \u00e0 vous arr\u00eater et d\u00e9jeuner chez l&rsquo;un de nos <a href=\"https:\/\/www.salon-medecinedouce.com\/paris\/restaurants\/\" target=\"_blank\" rel=\"noopener\">restaurants<\/a> exposants, plusieurs vari\u00e9t\u00e9s culinaires repr\u00e9sent\u00e9es.<\/p>\n<p>&nbsp;<\/p>\n<div class=\"salon-pubs-hp-bas-de-page salon-entity-placement\" id=\"salon-4262147220\"><div id=\"salon-2177313443\"><a data-no-instant=\"1\" href=\"https:\/\/www.adntv.fr\/home?request_origin=tv_app\" rel=\"noopener\" class=\"a2t-link\" target=\"_blank\"><p><a href=\"https:\/\/www.salondesseniors.com\/\"><img fetchpriority=\"high\" decoding=\"async\" class=\"wp-image-22417 aligncenter\" src=\"https:\/\/www.salon-medecinedouce.com\/paris\/wp-content\/uploads\/sites\/14\/2026\/02\/Banniere-728x90-1-300x37.png\" alt=\"\" width=\"754\" height=\"93\" srcset=\"https:\/\/www.salon-medecinedouce.com\/paris\/wp-content\/uploads\/sites\/14\/2026\/02\/Banniere-728x90-1-300x37.png 300w, https:\/\/www.salon-medecinedouce.com\/paris\/wp-content\/uploads\/sites\/14\/2026\/02\/Banniere-728x90-1-1024x127.png 1024w, https:\/\/www.salon-medecinedouce.com\/paris\/wp-content\/uploads\/sites\/14\/2026\/02\/Banniere-728x90-1-768x95.png 768w, https:\/\/www.salon-medecinedouce.com\/paris\/wp-content\/uploads\/sites\/14\/2026\/02\/Banniere-728x90-1-1536x190.png 1536w, https:\/\/www.salon-medecinedouce.com\/paris\/wp-content\/uploads\/sites\/14\/2026\/02\/Banniere-728x90-1-2048x253.png 2048w, https:\/\/www.salon-medecinedouce.com\/paris\/wp-content\/uploads\/sites\/14\/2026\/02\/Banniere-728x90-1-150x19.png 150w, https:\/\/www.salon-medecinedouce.com\/paris\/wp-content\/uploads\/sites\/14\/2026\/02\/Banniere-728x90-1-500x62.png 500w\" sizes=\"(max-width: 754px) 100vw, 754px\" \/><\/a><\/p>\n<\/a><\/div><\/div>","protected":false},"excerpt":{"rendered":"<p>La prochaine \u00e9dition du salon aura lieu 28 janvier au 1er f\u00e9vrier 2027, Hall 5.1 de la Porte de Versailles Horaires\u00a0 Du jeudi au dimanche : 10h30 &#8211; 19h00 Le lundi : 10h30 &#8211; 18h00 Aucune entr\u00e9e 1\/2 heure avant la fermeture &nbsp; Le plan du salon 2027 sera prochainement en ligne. Tarifs 8 \u20ac&hellip; <\/p>\n","protected":false},"author":1,"featured_media":0,"parent":2094,"menu_order":0,"comment_status":"closed","ping_status":"closed","template":"","meta":{"_monsterinsights_skip_tracking":false,"_monsterinsights_sitenote_active":false,"_monsterinsights_sitenote_note":"","_monsterinsights_sitenote_category":0,"footnotes":""},"class_list":["post-2462","page","type-page","status-publish","hentry"],"yoast_head":"<!-- This site is optimized with the Yoast SEO plugin v27.3 - https:\/\/yoast.com\/product\/yoast-seo-wordpress\/ -->\n<title>Informations et services visiteurs - Bien-\u00eatre Paris<\/title>\n<meta name=\"description\" content=\"D\u00e9couvrez toutes les infos pratiques avant votre arriv\u00e9e au salon Bien-\u00eatre M\u00e9decine douce Paris\" \/>\n<meta name=\"robots\" content=\"index, follow, max-snippet:-1, max-image-preview:large, max-video-preview:-1\" \/>\n<link rel=\"canonical\" href=\"https:\/\/www.salon-medecinedouce.com\/paris\/infos\/infos\/\" \/>\n<meta property=\"og:locale\" content=\"fr_FR\" \/>\n<meta property=\"og:type\" content=\"article\" \/>\n<meta property=\"og:title\" content=\"Informations et services visiteurs - Bien-\u00eatre Paris\" \/>\n<meta property=\"og:description\" content=\"D\u00e9couvrez toutes les infos pratiques avant votre arriv\u00e9e au salon Bien-\u00eatre M\u00e9decine douce Paris\" \/>\n<meta property=\"og:url\" content=\"https:\/\/www.salon-medecinedouce.com\/paris\/infos\/infos\/\" \/>\n<meta property=\"og:site_name\" content=\"Bien-\u00eatre Paris\" \/>\n<meta property=\"article:modified_time\" content=\"2026-03-06T16:48:51+00:00\" \/>\n<meta name=\"twitter:card\" content=\"summary_large_image\" \/>\n<meta name=\"twitter:label1\" content=\"Dur\u00e9e de lecture estim\u00e9e\" \/>\n\t<meta name=\"twitter:data1\" content=\"1 minute\" \/>\n<script type=\"application\/ld+json\" class=\"yoast-schema-graph\">{\"@context\":\"https:\\\/\\\/schema.org\",\"@graph\":[{\"@type\":\"WebPage\",\"@id\":\"https:\\\/\\\/www.salon-medecinedouce.com\\\/paris\\\/infos\\\/infos\\\/\",\"url\":\"https:\\\/\\\/www.salon-medecinedouce.com\\\/paris\\\/infos\\\/infos\\\/\",\"name\":\"Informations et services visiteurs - Bien-\u00eatre Paris\",\"isPartOf\":{\"@id\":\"https:\\\/\\\/www.salon-medecinedouce.com\\\/paris\\\/#website\"},\"datePublished\":\"2024-06-26T07:00:35+00:00\",\"dateModified\":\"2026-03-06T16:48:51+00:00\",\"description\":\"D\u00e9couvrez toutes les infos pratiques avant votre arriv\u00e9e au salon Bien-\u00eatre M\u00e9decine douce Paris\",\"breadcrumb\":{\"@id\":\"https:\\\/\\\/www.salon-medecinedouce.com\\\/paris\\\/infos\\\/infos\\\/#breadcrumb\"},\"inLanguage\":\"fr-FR\",\"potentialAction\":[{\"@type\":\"ReadAction\",\"target\":[\"https:\\\/\\\/www.salon-medecinedouce.com\\\/paris\\\/infos\\\/infos\\\/\"]}]},{\"@type\":\"BreadcrumbList\",\"@id\":\"https:\\\/\\\/www.salon-medecinedouce.com\\\/paris\\\/infos\\\/infos\\\/#breadcrumb\",\"itemListElement\":[{\"@type\":\"ListItem\",\"position\":1,\"name\":\"Accueil\",\"item\":\"https:\\\/\\\/www.salon-medecinedouce.com\\\/paris\\\/\"},{\"@type\":\"ListItem\",\"position\":2,\"name\":\"Infos pratiques\",\"item\":\"https:\\\/\\\/www.salon-medecinedouce.com\\\/paris\\\/infos\\\/\"},{\"@type\":\"ListItem\",\"position\":3,\"name\":\"Informations et services visiteurs\"}]},{\"@type\":\"WebSite\",\"@id\":\"https:\\\/\\\/www.salon-medecinedouce.com\\\/paris\\\/#website\",\"url\":\"https:\\\/\\\/www.salon-medecinedouce.com\\\/paris\\\/\",\"name\":\"Bien-\u00eatre Paris\",\"description\":\"La sant\u00e9 au naturel : M\u00e9decines douces - Compl\u00e9ments alimentaires - Alimentation saine - Cosm\u00e9tiques naturelles - Art de vivre - Tourisme de sant\u00e9\",\"publisher\":{\"@id\":\"https:\\\/\\\/www.salon-medecinedouce.com\\\/paris\\\/#organization\"},\"potentialAction\":[{\"@type\":\"SearchAction\",\"target\":{\"@type\":\"EntryPoint\",\"urlTemplate\":\"https:\\\/\\\/www.salon-medecinedouce.com\\\/paris\\\/?s={search_term_string}\"},\"query-input\":{\"@type\":\"PropertyValueSpecification\",\"valueRequired\":true,\"valueName\":\"search_term_string\"}}],\"inLanguage\":\"fr-FR\"},{\"@type\":\"Organization\",\"@id\":\"https:\\\/\\\/www.salon-medecinedouce.com\\\/paris\\\/#organization\",\"name\":\"Bien-\u00eatre Paris\",\"url\":\"https:\\\/\\\/www.salon-medecinedouce.com\\\/paris\\\/\",\"logo\":{\"@type\":\"ImageObject\",\"inLanguage\":\"fr-FR\",\"@id\":\"https:\\\/\\\/www.salon-medecinedouce.com\\\/paris\\\/#\\\/schema\\\/logo\\\/image\\\/\",\"url\":\"https:\\\/\\\/www.salon-medecinedouce.com\\\/paris\\\/wp-content\\\/uploads\\\/sites\\\/14\\\/2024\\\/05\\\/cropped-logo-orange-bemd.png\",\"contentUrl\":\"https:\\\/\\\/www.salon-medecinedouce.com\\\/paris\\\/wp-content\\\/uploads\\\/sites\\\/14\\\/2024\\\/05\\\/cropped-logo-orange-bemd.png\",\"width\":591,\"height\":591,\"caption\":\"Bien-\u00eatre Paris\"},\"image\":{\"@id\":\"https:\\\/\\\/www.salon-medecinedouce.com\\\/paris\\\/#\\\/schema\\\/logo\\\/image\\\/\"}}]}<\/script>\n<!-- \/ Yoast SEO plugin. -->","yoast_head_json":{"title":"Informations et services visiteurs - Bien-\u00eatre Paris","description":"D\u00e9couvrez toutes les infos pratiques avant votre arriv\u00e9e au salon Bien-\u00eatre M\u00e9decine douce Paris","robots":{"index":"index","follow":"follow","max-snippet":"max-snippet:-1","max-image-preview":"max-image-preview:large","max-video-preview":"max-video-preview:-1"},"canonical":"https:\/\/www.salon-medecinedouce.com\/paris\/infos\/infos\/","og_locale":"fr_FR","og_type":"article","og_title":"Informations et services visiteurs - Bien-\u00eatre Paris","og_description":"D\u00e9couvrez toutes les infos pratiques avant votre arriv\u00e9e au salon Bien-\u00eatre M\u00e9decine douce Paris","og_url":"https:\/\/www.salon-medecinedouce.com\/paris\/infos\/infos\/","og_site_name":"Bien-\u00eatre Paris","article_modified_time":"2026-03-06T16:48:51+00:00","twitter_card":"summary_large_image","twitter_misc":{"Dur\u00e9e de lecture estim\u00e9e":"1 minute"},"schema":{"@context":"https:\/\/schema.org","@graph":[{"@type":"WebPage","@id":"https:\/\/www.salon-medecinedouce.com\/paris\/infos\/infos\/","url":"https:\/\/www.salon-medecinedouce.com\/paris\/infos\/infos\/","name":"Informations et services visiteurs - Bien-\u00eatre Paris","isPartOf":{"@id":"https:\/\/www.salon-medecinedouce.com\/paris\/#website"},"datePublished":"2024-06-26T07:00:35+00:00","dateModified":"2026-03-06T16:48:51+00:00","description":"D\u00e9couvrez toutes les infos pratiques avant votre arriv\u00e9e au salon Bien-\u00eatre M\u00e9decine douce Paris","breadcrumb":{"@id":"https:\/\/www.salon-medecinedouce.com\/paris\/infos\/infos\/#breadcrumb"},"inLanguage":"fr-FR","potentialAction":[{"@type":"ReadAction","target":["https:\/\/www.salon-medecinedouce.com\/paris\/infos\/infos\/"]}]},{"@type":"BreadcrumbList","@id":"https:\/\/www.salon-medecinedouce.com\/paris\/infos\/infos\/#breadcrumb","itemListElement":[{"@type":"ListItem","position":1,"name":"Accueil","item":"https:\/\/www.salon-medecinedouce.com\/paris\/"},{"@type":"ListItem","position":2,"name":"Infos pratiques","item":"https:\/\/www.salon-medecinedouce.com\/paris\/infos\/"},{"@type":"ListItem","position":3,"name":"Informations et services visiteurs"}]},{"@type":"WebSite","@id":"https:\/\/www.salon-medecinedouce.com\/paris\/#website","url":"https:\/\/www.salon-medecinedouce.com\/paris\/","name":"Bien-\u00eatre Paris","description":"La sant\u00e9 au naturel : M\u00e9decines douces - Compl\u00e9ments alimentaires - Alimentation saine - Cosm\u00e9tiques naturelles - Art de vivre - Tourisme de sant\u00e9","publisher":{"@id":"https:\/\/www.salon-medecinedouce.com\/paris\/#organization"},"potentialAction":[{"@type":"SearchAction","target":{"@type":"EntryPoint","urlTemplate":"https:\/\/www.salon-medecinedouce.com\/paris\/?s={search_term_string}"},"query-input":{"@type":"PropertyValueSpecification","valueRequired":true,"valueName":"search_term_string"}}],"inLanguage":"fr-FR"},{"@type":"Organization","@id":"https:\/\/www.salon-medecinedouce.com\/paris\/#organization","name":"Bien-\u00eatre Paris","url":"https:\/\/www.salon-medecinedouce.com\/paris\/","logo":{"@type":"ImageObject","inLanguage":"fr-FR","@id":"https:\/\/www.salon-medecinedouce.com\/paris\/#\/schema\/logo\/image\/","url":"https:\/\/www.salon-medecinedouce.com\/paris\/wp-content\/uploads\/sites\/14\/2024\/05\/cropped-logo-orange-bemd.png","contentUrl":"https:\/\/www.salon-medecinedouce.com\/paris\/wp-content\/uploads\/sites\/14\/2024\/05\/cropped-logo-orange-bemd.png","width":591,"height":591,"caption":"Bien-\u00eatre Paris"},"image":{"@id":"https:\/\/www.salon-medecinedouce.com\/paris\/#\/schema\/logo\/image\/"}}]}},"rttpg_featured_image_url":null,"rttpg_author":{"display_name":"admin","author_link":"https:\/\/www.salon-medecinedouce.com\/paris\/blog\/author\/admin\/"},"rttpg_comment":0,"rttpg_category":false,"rttpg_excerpt":"La prochaine \u00e9dition du salon aura lieu 28 janvier au 1er f\u00e9vrier 2027, Hall 5.1 de la Porte de Versailles Horaires\u00a0 Du jeudi au dimanche : 10h30 &#8211; 19h00 Le lundi : 10h30 &#8211; 18h00 Aucune entr\u00e9e 1\/2 heure avant la fermeture &nbsp; Le plan du salon 2027 sera prochainement en ligne. Tarifs 8 \u20ac&hellip;","_links":{"self":[{"href":"https:\/\/www.salon-medecinedouce.com\/paris\/wp-json\/wp\/v2\/pages\/2462","targetHints":{"allow":["GET"]}}],"collection":[{"href":"https:\/\/www.salon-medecinedouce.com\/paris\/wp-json\/wp\/v2\/pages"}],"about":[{"href":"https:\/\/www.salon-medecinedouce.com\/paris\/wp-json\/wp\/v2\/types\/page"}],"author":[{"embeddable":true,"href":"https:\/\/www.salon-medecinedouce.com\/paris\/wp-json\/wp\/v2\/users\/1"}],"replies":[{"embeddable":true,"href":"https:\/\/www.salon-medecinedouce.com\/paris\/wp-json\/wp\/v2\/comments?post=2462"}],"version-history":[{"count":43,"href":"https:\/\/www.salon-medecinedouce.com\/paris\/wp-json\/wp\/v2\/pages\/2462\/revisions"}],"predecessor-version":[{"id":22444,"href":"https:\/\/www.salon-medecinedouce.com\/paris\/wp-json\/wp\/v2\/pages\/2462\/revisions\/22444"}],"up":[{"embeddable":true,"href":"https:\/\/www.salon-medecinedouce.com\/paris\/wp-json\/wp\/v2\/pages\/2094"}],"wp:attachment":[{"href":"https:\/\/www.salon-medecinedouce.com\/paris\/wp-json\/wp\/v2\/media?parent=2462"}],"curies":[{"name":"wp","href":"https:\/\/api.w.org\/{rel}","templated":true}]}}