{"id":2087,"date":"2016-10-05T16:21:32","date_gmt":"2016-10-05T14:21:32","guid":{"rendered":"http:\/\/localhost:8888\/natexpo\/?page_id=2087"},"modified":"2025-11-28T12:35:53","modified_gmt":"2025-11-28T11:35:53","slug":"exposants","status":"publish","type":"page","link":"https:\/\/www.salon-medecinedouce.com\/paris\/exposants\/","title":{"rendered":"Exposer sur le salon"},"content":{"rendered":"<p><img fetchpriority=\"high\" decoding=\"async\" class=\"alignnone size-full wp-image-11333\" src=\"https:\/\/www.salon-medecinedouce.com\/paris\/wp-content\/uploads\/sites\/14\/2020\/10\/AdobeStock_209022761.jpg\" alt=\"\" width=\"840\" height=\"240\" srcset=\"https:\/\/www.salon-medecinedouce.com\/paris\/wp-content\/uploads\/sites\/14\/2020\/10\/AdobeStock_209022761.jpg 840w, https:\/\/www.salon-medecinedouce.com\/paris\/wp-content\/uploads\/sites\/14\/2020\/10\/AdobeStock_209022761-300x86.jpg 300w, https:\/\/www.salon-medecinedouce.com\/paris\/wp-content\/uploads\/sites\/14\/2020\/10\/AdobeStock_209022761-768x219.jpg 768w, https:\/\/www.salon-medecinedouce.com\/paris\/wp-content\/uploads\/sites\/14\/2020\/10\/AdobeStock_209022761-150x43.jpg 150w, https:\/\/www.salon-medecinedouce.com\/paris\/wp-content\/uploads\/sites\/14\/2020\/10\/AdobeStock_209022761-500x143.jpg 500w\" sizes=\"(max-width: 840px) 100vw, 840px\" \/><\/p>\n<ul class=\"list-pages-shortcode child-pages\">\n<li class=\"page_item page-item-2436\">\n<h4><a href=\"https:\/\/www.salon-medecinedouce.com\/paris\/exposants\/pourquoi-exposer\/\" target=\"_blank\" rel=\"noopener\">Pourquoi exposer ?<\/a><\/h4>\n<\/li>\n<li class=\"page_item page-item-2440 page_item_has_children\">\n<h4><a href=\"https:\/\/www.salon-medecinedouce.com\/lyon\/exposants\/demandez-votre-dossier-d-inscription\/\">Demandez votre dossier d\u2019inscription<\/a><\/h4>\n<\/li>\n<li class=\"page_item page-item-2438\">\n<h4><a href=\"https:\/\/www.salon-medecinedouce.com\/paris\/exposants\/exposant_atelier\/\" target=\"_blank\" rel=\"noopener\">R\u00e9server un atelier sur le salon<\/a><\/h4>\n<\/li>\n<li>\n<h4><a href=\"https:\/\/www.salon-medecinedouce.com\/paris\/exposants\/outils-de-communication\/\" target=\"_blank\" rel=\"noopener\">Outils de communication<\/a><\/h4>\n<\/li>\n<li class=\"page_item page-item-2442\">\n<h4><a href=\"https:\/\/www.salon-medecinedouce.com\/paris\/exposants\/exposant_pub\/\" target=\"_blank\" rel=\"noopener\">Communiquez sur le salon<\/a><\/h4>\n<\/li>\n<li class=\"page_item page-item-2448\">\n<h4><a href=\"https:\/\/www.salon-medecinedouce.com\/paris\/exposants\/contacts-exposants\/\" target=\"_blank\" rel=\"noopener\">Contacts exposants<\/a><\/h4>\n<\/li>\n<li class=\"page_item page-item-3637\">\n<h4><a href=\"https:\/\/www.salon-medecinedouce.com\/paris\/exposants\/guide-technique-exposants\/\" target=\"_blank\" rel=\"noopener\">Dossier technique exposant<\/a><\/h4>\n<\/li>\n<\/ul>\n<h3><span style=\"color: #165e6c;\"><strong>\u26a0\ufe0f Soyez vigilants !<\/strong><\/span><\/h3>\n<p><strong>Plusieurs entreprises d\u00e9marchent actuellement afin de vous vendre des suppos\u00e9es bases visiteurs et\/ou exposants.<br \/>\n<\/strong><strong>Ces emails et courriers frauduleux ne proviennent en aucun cas de nos services.<br \/>\n<\/strong><strong>Merci de ne pas donner suite \u00e0 ces communications et de bien vouloir nous en alerter.<\/strong><\/p>\n<p>&nbsp;<\/p>\n<p>&nbsp;<\/p>\n<div class=\"salon-pubs-hp-bas-de-page salon-entity-placement\" id=\"salon-3949520195\"><div id=\"salon-3051244642\"><a data-no-instant=\"1\" href=\"https:\/\/www.adntv.fr\/home?request_origin=tv_app\" rel=\"noopener\" class=\"a2t-link\" target=\"_blank\"><p><a href=\"https:\/\/www.salondesseniors.com\/\"><img decoding=\"async\" class=\"wp-image-22417 aligncenter\" src=\"https:\/\/www.salon-medecinedouce.com\/paris\/wp-content\/uploads\/sites\/14\/2026\/02\/Banniere-728x90-1-300x37.png\" alt=\"\" width=\"754\" height=\"93\" srcset=\"https:\/\/www.salon-medecinedouce.com\/paris\/wp-content\/uploads\/sites\/14\/2026\/02\/Banniere-728x90-1-300x37.png 300w, https:\/\/www.salon-medecinedouce.com\/paris\/wp-content\/uploads\/sites\/14\/2026\/02\/Banniere-728x90-1-1024x127.png 1024w, https:\/\/www.salon-medecinedouce.com\/paris\/wp-content\/uploads\/sites\/14\/2026\/02\/Banniere-728x90-1-768x95.png 768w, https:\/\/www.salon-medecinedouce.com\/paris\/wp-content\/uploads\/sites\/14\/2026\/02\/Banniere-728x90-1-1536x190.png 1536w, https:\/\/www.salon-medecinedouce.com\/paris\/wp-content\/uploads\/sites\/14\/2026\/02\/Banniere-728x90-1-2048x253.png 2048w, https:\/\/www.salon-medecinedouce.com\/paris\/wp-content\/uploads\/sites\/14\/2026\/02\/Banniere-728x90-1-150x19.png 150w, https:\/\/www.salon-medecinedouce.com\/paris\/wp-content\/uploads\/sites\/14\/2026\/02\/Banniere-728x90-1-500x62.png 500w\" sizes=\"(max-width: 754px) 100vw, 754px\" \/><\/a><\/p>\n<\/a><\/div><\/div>","protected":false},"excerpt":{"rendered":"<p>Pourquoi exposer ? Demandez votre dossier d\u2019inscription R\u00e9server un atelier sur le salon Outils de communication Communiquez sur le salon Contacts exposants Dossier technique exposant \u26a0\ufe0f Soyez vigilants ! Plusieurs entreprises d\u00e9marchent actuellement afin de vous vendre des suppos\u00e9es bases visiteurs et\/ou exposants. Ces emails et courriers frauduleux ne proviennent en aucun cas de nos&hellip; <\/p>\n","protected":false},"author":1,"featured_media":0,"parent":0,"menu_order":3,"comment_status":"closed","ping_status":"closed","template":"","meta":{"_monsterinsights_skip_tracking":false,"_monsterinsights_sitenote_active":false,"_monsterinsights_sitenote_note":"","_monsterinsights_sitenote_category":0,"footnotes":""},"class_list":["post-2087","page","type-page","status-publish","hentry"],"yoast_head":"<!-- This site is optimized with the Yoast SEO plugin v27.3 - https:\/\/yoast.com\/product\/yoast-seo-wordpress\/ -->\n<title>Exposer sur le salon - Bien-\u00eatre Paris<\/title>\n<meta name=\"description\" content=\"D\u00e9couvrez toutes les informations pour exposer sur le salon Bien-\u00eatre M\u00e9decine douce Paris\" \/>\n<meta name=\"robots\" content=\"index, follow, max-snippet:-1, max-image-preview:large, max-video-preview:-1\" \/>\n<link rel=\"canonical\" href=\"https:\/\/www.salon-medecinedouce.com\/paris\/exposants\/\" \/>\n<meta property=\"og:locale\" content=\"fr_FR\" \/>\n<meta property=\"og:type\" content=\"article\" \/>\n<meta property=\"og:title\" content=\"Exposer sur le salon - Bien-\u00eatre Paris\" \/>\n<meta property=\"og:description\" content=\"D\u00e9couvrez toutes les informations pour exposer sur le salon Bien-\u00eatre M\u00e9decine douce Paris\" \/>\n<meta property=\"og:url\" content=\"https:\/\/www.salon-medecinedouce.com\/paris\/exposants\/\" \/>\n<meta property=\"og:site_name\" content=\"Bien-\u00eatre Paris\" \/>\n<meta property=\"article:modified_time\" content=\"2025-11-28T11:35:53+00:00\" \/>\n<meta property=\"og:image\" content=\"https:\/\/www.salon-medecinedouce.com\/paris\/wp-content\/uploads\/sites\/14\/2020\/10\/AdobeStock_209022761.jpg\" \/>\n\t<meta property=\"og:image:width\" content=\"840\" \/>\n\t<meta property=\"og:image:height\" content=\"240\" \/>\n\t<meta property=\"og:image:type\" content=\"image\/jpeg\" \/>\n<meta name=\"twitter:card\" content=\"summary_large_image\" \/>\n<meta name=\"twitter:label1\" content=\"Dur\u00e9e de lecture estim\u00e9e\" \/>\n\t<meta name=\"twitter:data1\" content=\"1 minute\" \/>\n<script type=\"application\/ld+json\" class=\"yoast-schema-graph\">{\"@context\":\"https:\\\/\\\/schema.org\",\"@graph\":[{\"@type\":\"WebPage\",\"@id\":\"https:\\\/\\\/www.salon-medecinedouce.com\\\/paris\\\/exposants\\\/\",\"url\":\"https:\\\/\\\/www.salon-medecinedouce.com\\\/paris\\\/exposants\\\/\",\"name\":\"Exposer sur le salon - Bien-\u00eatre Paris\",\"isPartOf\":{\"@id\":\"https:\\\/\\\/www.salon-medecinedouce.com\\\/paris\\\/#website\"},\"primaryImageOfPage\":{\"@id\":\"https:\\\/\\\/www.salon-medecinedouce.com\\\/paris\\\/exposants\\\/#primaryimage\"},\"image\":{\"@id\":\"https:\\\/\\\/www.salon-medecinedouce.com\\\/paris\\\/exposants\\\/#primaryimage\"},\"thumbnailUrl\":\"https:\\\/\\\/www.salon-medecinedouce.com\\\/paris\\\/wp-content\\\/uploads\\\/sites\\\/14\\\/2020\\\/10\\\/AdobeStock_209022761.jpg\",\"datePublished\":\"2016-10-05T14:21:32+00:00\",\"dateModified\":\"2025-11-28T11:35:53+00:00\",\"description\":\"D\u00e9couvrez toutes les informations pour exposer sur le salon Bien-\u00eatre M\u00e9decine douce Paris\",\"breadcrumb\":{\"@id\":\"https:\\\/\\\/www.salon-medecinedouce.com\\\/paris\\\/exposants\\\/#breadcrumb\"},\"inLanguage\":\"fr-FR\",\"potentialAction\":[{\"@type\":\"ReadAction\",\"target\":[\"https:\\\/\\\/www.salon-medecinedouce.com\\\/paris\\\/exposants\\\/\"]}]},{\"@type\":\"ImageObject\",\"inLanguage\":\"fr-FR\",\"@id\":\"https:\\\/\\\/www.salon-medecinedouce.com\\\/paris\\\/exposants\\\/#primaryimage\",\"url\":\"https:\\\/\\\/www.salon-medecinedouce.com\\\/paris\\\/wp-content\\\/uploads\\\/sites\\\/14\\\/2020\\\/10\\\/AdobeStock_209022761.jpg\",\"contentUrl\":\"https:\\\/\\\/www.salon-medecinedouce.com\\\/paris\\\/wp-content\\\/uploads\\\/sites\\\/14\\\/2020\\\/10\\\/AdobeStock_209022761.jpg\",\"width\":840,\"height\":240},{\"@type\":\"BreadcrumbList\",\"@id\":\"https:\\\/\\\/www.salon-medecinedouce.com\\\/paris\\\/exposants\\\/#breadcrumb\",\"itemListElement\":[{\"@type\":\"ListItem\",\"position\":1,\"name\":\"Accueil\",\"item\":\"https:\\\/\\\/www.salon-medecinedouce.com\\\/paris\\\/\"},{\"@type\":\"ListItem\",\"position\":2,\"name\":\"Exposer sur le salon\"}]},{\"@type\":\"WebSite\",\"@id\":\"https:\\\/\\\/www.salon-medecinedouce.com\\\/paris\\\/#website\",\"url\":\"https:\\\/\\\/www.salon-medecinedouce.com\\\/paris\\\/\",\"name\":\"Bien-\u00eatre Paris\",\"description\":\"La sant\u00e9 au naturel : M\u00e9decines douces - Compl\u00e9ments alimentaires - Alimentation saine - Cosm\u00e9tiques naturelles - Art de vivre - Tourisme de sant\u00e9\",\"publisher\":{\"@id\":\"https:\\\/\\\/www.salon-medecinedouce.com\\\/paris\\\/#organization\"},\"potentialAction\":[{\"@type\":\"SearchAction\",\"target\":{\"@type\":\"EntryPoint\",\"urlTemplate\":\"https:\\\/\\\/www.salon-medecinedouce.com\\\/paris\\\/?s={search_term_string}\"},\"query-input\":{\"@type\":\"PropertyValueSpecification\",\"valueRequired\":true,\"valueName\":\"search_term_string\"}}],\"inLanguage\":\"fr-FR\"},{\"@type\":\"Organization\",\"@id\":\"https:\\\/\\\/www.salon-medecinedouce.com\\\/paris\\\/#organization\",\"name\":\"Bien-\u00eatre Paris\",\"url\":\"https:\\\/\\\/www.salon-medecinedouce.com\\\/paris\\\/\",\"logo\":{\"@type\":\"ImageObject\",\"inLanguage\":\"fr-FR\",\"@id\":\"https:\\\/\\\/www.salon-medecinedouce.com\\\/paris\\\/#\\\/schema\\\/logo\\\/image\\\/\",\"url\":\"https:\\\/\\\/www.salon-medecinedouce.com\\\/paris\\\/wp-content\\\/uploads\\\/sites\\\/14\\\/2024\\\/05\\\/cropped-logo-orange-bemd.png\",\"contentUrl\":\"https:\\\/\\\/www.salon-medecinedouce.com\\\/paris\\\/wp-content\\\/uploads\\\/sites\\\/14\\\/2024\\\/05\\\/cropped-logo-orange-bemd.png\",\"width\":591,\"height\":591,\"caption\":\"Bien-\u00eatre Paris\"},\"image\":{\"@id\":\"https:\\\/\\\/www.salon-medecinedouce.com\\\/paris\\\/#\\\/schema\\\/logo\\\/image\\\/\"}}]}<\/script>\n<!-- \/ Yoast SEO plugin. -->","yoast_head_json":{"title":"Exposer sur le salon - Bien-\u00eatre Paris","description":"D\u00e9couvrez toutes les informations pour exposer sur le salon Bien-\u00eatre M\u00e9decine douce Paris","robots":{"index":"index","follow":"follow","max-snippet":"max-snippet:-1","max-image-preview":"max-image-preview:large","max-video-preview":"max-video-preview:-1"},"canonical":"https:\/\/www.salon-medecinedouce.com\/paris\/exposants\/","og_locale":"fr_FR","og_type":"article","og_title":"Exposer sur le salon - Bien-\u00eatre Paris","og_description":"D\u00e9couvrez toutes les informations pour exposer sur le salon Bien-\u00eatre M\u00e9decine douce Paris","og_url":"https:\/\/www.salon-medecinedouce.com\/paris\/exposants\/","og_site_name":"Bien-\u00eatre Paris","article_modified_time":"2025-11-28T11:35:53+00:00","og_image":[{"width":840,"height":240,"url":"https:\/\/www.salon-medecinedouce.com\/paris\/wp-content\/uploads\/sites\/14\/2020\/10\/AdobeStock_209022761.jpg","type":"image\/jpeg"}],"twitter_card":"summary_large_image","twitter_misc":{"Dur\u00e9e de lecture estim\u00e9e":"1 minute"},"schema":{"@context":"https:\/\/schema.org","@graph":[{"@type":"WebPage","@id":"https:\/\/www.salon-medecinedouce.com\/paris\/exposants\/","url":"https:\/\/www.salon-medecinedouce.com\/paris\/exposants\/","name":"Exposer sur le salon - Bien-\u00eatre Paris","isPartOf":{"@id":"https:\/\/www.salon-medecinedouce.com\/paris\/#website"},"primaryImageOfPage":{"@id":"https:\/\/www.salon-medecinedouce.com\/paris\/exposants\/#primaryimage"},"image":{"@id":"https:\/\/www.salon-medecinedouce.com\/paris\/exposants\/#primaryimage"},"thumbnailUrl":"https:\/\/www.salon-medecinedouce.com\/paris\/wp-content\/uploads\/sites\/14\/2020\/10\/AdobeStock_209022761.jpg","datePublished":"2016-10-05T14:21:32+00:00","dateModified":"2025-11-28T11:35:53+00:00","description":"D\u00e9couvrez toutes les informations pour exposer sur le salon Bien-\u00eatre M\u00e9decine douce Paris","breadcrumb":{"@id":"https:\/\/www.salon-medecinedouce.com\/paris\/exposants\/#breadcrumb"},"inLanguage":"fr-FR","potentialAction":[{"@type":"ReadAction","target":["https:\/\/www.salon-medecinedouce.com\/paris\/exposants\/"]}]},{"@type":"ImageObject","inLanguage":"fr-FR","@id":"https:\/\/www.salon-medecinedouce.com\/paris\/exposants\/#primaryimage","url":"https:\/\/www.salon-medecinedouce.com\/paris\/wp-content\/uploads\/sites\/14\/2020\/10\/AdobeStock_209022761.jpg","contentUrl":"https:\/\/www.salon-medecinedouce.com\/paris\/wp-content\/uploads\/sites\/14\/2020\/10\/AdobeStock_209022761.jpg","width":840,"height":240},{"@type":"BreadcrumbList","@id":"https:\/\/www.salon-medecinedouce.com\/paris\/exposants\/#breadcrumb","itemListElement":[{"@type":"ListItem","position":1,"name":"Accueil","item":"https:\/\/www.salon-medecinedouce.com\/paris\/"},{"@type":"ListItem","position":2,"name":"Exposer sur le salon"}]},{"@type":"WebSite","@id":"https:\/\/www.salon-medecinedouce.com\/paris\/#website","url":"https:\/\/www.salon-medecinedouce.com\/paris\/","name":"Bien-\u00eatre Paris","description":"La sant\u00e9 au naturel : M\u00e9decines douces - Compl\u00e9ments alimentaires - Alimentation saine - Cosm\u00e9tiques naturelles - Art de vivre - Tourisme de sant\u00e9","publisher":{"@id":"https:\/\/www.salon-medecinedouce.com\/paris\/#organization"},"potentialAction":[{"@type":"SearchAction","target":{"@type":"EntryPoint","urlTemplate":"https:\/\/www.salon-medecinedouce.com\/paris\/?s={search_term_string}"},"query-input":{"@type":"PropertyValueSpecification","valueRequired":true,"valueName":"search_term_string"}}],"inLanguage":"fr-FR"},{"@type":"Organization","@id":"https:\/\/www.salon-medecinedouce.com\/paris\/#organization","name":"Bien-\u00eatre Paris","url":"https:\/\/www.salon-medecinedouce.com\/paris\/","logo":{"@type":"ImageObject","inLanguage":"fr-FR","@id":"https:\/\/www.salon-medecinedouce.com\/paris\/#\/schema\/logo\/image\/","url":"https:\/\/www.salon-medecinedouce.com\/paris\/wp-content\/uploads\/sites\/14\/2024\/05\/cropped-logo-orange-bemd.png","contentUrl":"https:\/\/www.salon-medecinedouce.com\/paris\/wp-content\/uploads\/sites\/14\/2024\/05\/cropped-logo-orange-bemd.png","width":591,"height":591,"caption":"Bien-\u00eatre Paris"},"image":{"@id":"https:\/\/www.salon-medecinedouce.com\/paris\/#\/schema\/logo\/image\/"}}]}},"rttpg_featured_image_url":null,"rttpg_author":{"display_name":"admin","author_link":"https:\/\/www.salon-medecinedouce.com\/paris\/blog\/author\/admin\/"},"rttpg_comment":0,"rttpg_category":false,"rttpg_excerpt":"Pourquoi exposer ? Demandez votre dossier d\u2019inscription R\u00e9server un atelier sur le salon Outils de communication Communiquez sur le salon Contacts exposants Dossier technique exposant \u26a0\ufe0f Soyez vigilants ! Plusieurs entreprises d\u00e9marchent actuellement afin de vous vendre des suppos\u00e9es bases visiteurs et\/ou exposants. Ces emails et courriers frauduleux ne proviennent en aucun cas de nos&hellip;","_links":{"self":[{"href":"https:\/\/www.salon-medecinedouce.com\/paris\/wp-json\/wp\/v2\/pages\/2087","targetHints":{"allow":["GET"]}}],"collection":[{"href":"https:\/\/www.salon-medecinedouce.com\/paris\/wp-json\/wp\/v2\/pages"}],"about":[{"href":"https:\/\/www.salon-medecinedouce.com\/paris\/wp-json\/wp\/v2\/types\/page"}],"author":[{"embeddable":true,"href":"https:\/\/www.salon-medecinedouce.com\/paris\/wp-json\/wp\/v2\/users\/1"}],"replies":[{"embeddable":true,"href":"https:\/\/www.salon-medecinedouce.com\/paris\/wp-json\/wp\/v2\/comments?post=2087"}],"version-history":[{"count":9,"href":"https:\/\/www.salon-medecinedouce.com\/paris\/wp-json\/wp\/v2\/pages\/2087\/revisions"}],"predecessor-version":[{"id":20132,"href":"https:\/\/www.salon-medecinedouce.com\/paris\/wp-json\/wp\/v2\/pages\/2087\/revisions\/20132"}],"wp:attachment":[{"href":"https:\/\/www.salon-medecinedouce.com\/paris\/wp-json\/wp\/v2\/media?parent=2087"}],"curies":[{"name":"wp","href":"https:\/\/api.w.org\/{rel}","templated":true}]}}