{"id":12368,"date":"2022-01-03T14:26:36","date_gmt":"2022-01-03T13:26:36","guid":{"rendered":"https:\/\/www.salon-medecinedouce.com\/paris\/?page_id=12368"},"modified":"2022-12-29T17:49:28","modified_gmt":"2022-12-29T16:49:28","slug":"meditation-guidee","status":"publish","type":"page","link":"https:\/\/www.salon-medecinedouce.com\/paris\/meditation-guidee\/","title":{"rendered":"Les m\u00e9ditations du matin"},"content":{"rendered":"<p><img fetchpriority=\"high\" decoding=\"async\" class=\"aligncenter size-full wp-image-12377\" src=\"https:\/\/www.salon-medecinedouce.com\/paris\/wp-content\/uploads\/sites\/14\/2022\/01\/Sans-titre-46-4.jpg\" alt=\"m\u00e9ditation guid\u00e9e animation salon BEMD Paris 2022\" width=\"840\" height=\"250\" srcset=\"https:\/\/www.salon-medecinedouce.com\/paris\/wp-content\/uploads\/sites\/14\/2022\/01\/Sans-titre-46-4.jpg 840w, https:\/\/www.salon-medecinedouce.com\/paris\/wp-content\/uploads\/sites\/14\/2022\/01\/Sans-titre-46-4-300x89.jpg 300w, https:\/\/www.salon-medecinedouce.com\/paris\/wp-content\/uploads\/sites\/14\/2022\/01\/Sans-titre-46-4-768x229.jpg 768w, https:\/\/www.salon-medecinedouce.com\/paris\/wp-content\/uploads\/sites\/14\/2022\/01\/Sans-titre-46-4-150x45.jpg 150w, https:\/\/www.salon-medecinedouce.com\/paris\/wp-content\/uploads\/sites\/14\/2022\/01\/Sans-titre-46-4-500x149.jpg 500w\" sizes=\"(max-width: 840px) 100vw, 840px\" \/><\/p>\n<p>Comment mieux commencer sa journ\u00e9e si ce n\u2019est avec une m\u00e9ditation guid\u00e9e\u00a0! Le salon vous propose tous les matins avant votre visite une s\u00e9ance d\u2019une heure accompagn\u00e9e par nos experts.<\/p>\n<p><strong>Les m\u00e9ditations ont lieu salle de conf\u00e9rences, au bout de l\u2019all\u00e9e A<\/strong><\/p>\n<p>Participation gratuite, pas d&rsquo;inscription requise.<\/p>\n<p>&nbsp;<\/p>\n<h3>Vendredi 3 f\u00e9vrier 2023<\/h3>\n<p><strong><span style=\"color: #754521;\">10h45 Plongez dans le beau pour vous ressourcer. <\/span><span style=\"color: #754521;\">Marjan Abadie<\/span><br \/>\n<\/strong>Un voyage en pleine conscience<\/p>\n<p>&nbsp;<\/p>\n<h3>Samedi 4 f\u00e9vrier 2023\u00a0<\/h3>\n<p><strong><span style=\"color: #754521;\">10h45 Cheminer vers plus de douceur. <\/span><span style=\"color: #754521;\">\u00c9ric Sala\u00fcn<\/span><br \/>\n<\/strong>Cultiver les pratiques m\u00e9ditatives pour prendre soin de moi au quotidien<\/p>\n<p>&nbsp;<\/p>\n<h3>Dimanche 5 f\u00e9vrier 2023<\/h3>\n<p><strong><span style=\"color: #754521;\">10h45 Cheminer vers plus de douceur. <\/span><span style=\"color: #754521;\">\u00c9ric Sala\u00fcn<\/span><br \/>\n<\/strong>Cultiver les pratiques m\u00e9ditatives pour prendre soin de moi au quotidien<\/p>\n<p>&nbsp;<\/p>\n<h3>Lundi 6 f\u00e9vrier 2023<\/h3>\n<p><strong><span style=\"color: #754521;\">10h45 Cheminer vers plus de douceur. <\/span><span style=\"color: #754521;\">\u00c9ric Sala\u00fcn<\/span><br \/>\n<\/strong>Cultiver les pratiques m\u00e9ditatives pour prendre soin de moi au quotidien<\/p>\n<p>&nbsp;<\/p>\n<p><span style=\"color: #1b4613;\"><strong style=\"font-size: 18pt; text-align: center;\"><a style=\"color: #1b4613;\" href=\"https:\/\/www.salon-medecinedouce.com\/paris\/visiteur_invitation\/\">&gt;&gt; T\u00e9l\u00e9chargez votre entr\u00e9e gratuite<\/a><br \/>\n<\/strong><span style=\"font-size: 18pt;\"><strong><a style=\"color: #1b4613;\" href=\"https:\/\/www.salon-medecinedouce.com\/paris\/visiteur_invitation\/\">pour le salon Bien-\u00catre M\u00e9decine Douce Paris\u00a0<\/a><\/strong><\/span><\/span><\/p>\n<p>&nbsp;<\/p>\n<p>&nbsp;<\/p>\n<div class=\"salon-pubs-hp-bas-de-page salon-entity-placement\" id=\"salon-1573663213\"><div id=\"salon-1087970848\"><a data-no-instant=\"1\" href=\"https:\/\/www.adntv.fr\/home?request_origin=tv_app\" rel=\"noopener\" class=\"a2t-link\" target=\"_blank\"><p><a href=\"https:\/\/www.salondesseniors.com\/\"><img decoding=\"async\" class=\"wp-image-22417 aligncenter\" src=\"https:\/\/www.salon-medecinedouce.com\/paris\/wp-content\/uploads\/sites\/14\/2026\/02\/Banniere-728x90-1-300x37.png\" alt=\"\" width=\"754\" height=\"93\" srcset=\"https:\/\/www.salon-medecinedouce.com\/paris\/wp-content\/uploads\/sites\/14\/2026\/02\/Banniere-728x90-1-300x37.png 300w, https:\/\/www.salon-medecinedouce.com\/paris\/wp-content\/uploads\/sites\/14\/2026\/02\/Banniere-728x90-1-1024x127.png 1024w, https:\/\/www.salon-medecinedouce.com\/paris\/wp-content\/uploads\/sites\/14\/2026\/02\/Banniere-728x90-1-768x95.png 768w, https:\/\/www.salon-medecinedouce.com\/paris\/wp-content\/uploads\/sites\/14\/2026\/02\/Banniere-728x90-1-1536x190.png 1536w, https:\/\/www.salon-medecinedouce.com\/paris\/wp-content\/uploads\/sites\/14\/2026\/02\/Banniere-728x90-1-2048x253.png 2048w, https:\/\/www.salon-medecinedouce.com\/paris\/wp-content\/uploads\/sites\/14\/2026\/02\/Banniere-728x90-1-150x19.png 150w, https:\/\/www.salon-medecinedouce.com\/paris\/wp-content\/uploads\/sites\/14\/2026\/02\/Banniere-728x90-1-500x62.png 500w\" sizes=\"(max-width: 754px) 100vw, 754px\" \/><\/a><\/p>\n<\/a><\/div><\/div>","protected":false},"excerpt":{"rendered":"<p>Comment mieux commencer sa journ\u00e9e si ce n\u2019est avec une m\u00e9ditation guid\u00e9e\u00a0! Le salon vous propose tous les matins avant votre visite une s\u00e9ance d\u2019une heure accompagn\u00e9e par nos experts. Les m\u00e9ditations ont lieu salle de conf\u00e9rences, au bout de l\u2019all\u00e9e A Participation gratuite, pas d&rsquo;inscription requise. &nbsp; Vendredi 3 f\u00e9vrier 2023 10h45 Plongez dans&hellip; <\/p>\n","protected":false},"author":5,"featured_media":13422,"parent":0,"menu_order":0,"comment_status":"closed","ping_status":"closed","template":"","meta":{"_monsterinsights_skip_tracking":false,"_monsterinsights_sitenote_active":false,"_monsterinsights_sitenote_note":"","_monsterinsights_sitenote_category":0,"footnotes":""},"class_list":["post-12368","page","type-page","status-publish","has-post-thumbnail","hentry"],"yoast_head":"<!-- This site is optimized with the Yoast SEO plugin v27.3 - https:\/\/yoast.com\/product\/yoast-seo-wordpress\/ -->\n<title>Les m\u00e9ditations du matin<\/title>\n<meta name=\"description\" content=\"Avec les m\u00e9ditations du matin commencez bien votre journ\u00e9e avec une s\u00e9ance men\u00e9e par nos experts pendant le salon Bien-\u00catre M\u00e9decine Douce !\" \/>\n<meta name=\"robots\" content=\"index, follow, max-snippet:-1, max-image-preview:large, max-video-preview:-1\" \/>\n<link rel=\"canonical\" href=\"https:\/\/www.salon-medecinedouce.com\/paris\/meditation-guidee\/\" \/>\n<meta property=\"og:locale\" content=\"fr_FR\" \/>\n<meta property=\"og:type\" content=\"article\" \/>\n<meta property=\"og:title\" content=\"Les m\u00e9ditations du matin\" \/>\n<meta property=\"og:description\" content=\"Avec les m\u00e9ditations du matin commencez bien votre journ\u00e9e avec une s\u00e9ance men\u00e9e par nos experts pendant le salon Bien-\u00catre M\u00e9decine Douce !\" \/>\n<meta property=\"og:url\" content=\"https:\/\/www.salon-medecinedouce.com\/paris\/meditation-guidee\/\" \/>\n<meta property=\"og:site_name\" content=\"Bien-\u00eatre Paris\" \/>\n<meta property=\"article:modified_time\" content=\"2022-12-29T16:49:28+00:00\" \/>\n<meta property=\"og:image\" content=\"https:\/\/www.salon-medecinedouce.com\/paris\/wp-content\/uploads\/sites\/14\/2022\/02\/ation.jpg\" \/>\n\t<meta property=\"og:image:width\" content=\"940\" \/>\n\t<meta property=\"og:image:height\" content=\"788\" \/>\n\t<meta property=\"og:image:type\" content=\"image\/jpeg\" \/>\n<meta name=\"twitter:card\" content=\"summary_large_image\" \/>\n<meta name=\"twitter:label1\" content=\"Dur\u00e9e de lecture estim\u00e9e\" \/>\n\t<meta name=\"twitter:data1\" content=\"1 minute\" \/>\n<script type=\"application\/ld+json\" class=\"yoast-schema-graph\">{\"@context\":\"https:\\\/\\\/schema.org\",\"@graph\":[{\"@type\":\"WebPage\",\"@id\":\"https:\\\/\\\/www.salon-medecinedouce.com\\\/paris\\\/meditation-guidee\\\/\",\"url\":\"https:\\\/\\\/www.salon-medecinedouce.com\\\/paris\\\/meditation-guidee\\\/\",\"name\":\"Les m\u00e9ditations du matin\",\"isPartOf\":{\"@id\":\"https:\\\/\\\/www.salon-medecinedouce.com\\\/paris\\\/#website\"},\"primaryImageOfPage\":{\"@id\":\"https:\\\/\\\/www.salon-medecinedouce.com\\\/paris\\\/meditation-guidee\\\/#primaryimage\"},\"image\":{\"@id\":\"https:\\\/\\\/www.salon-medecinedouce.com\\\/paris\\\/meditation-guidee\\\/#primaryimage\"},\"thumbnailUrl\":\"https:\\\/\\\/www.salon-medecinedouce.com\\\/paris\\\/wp-content\\\/uploads\\\/sites\\\/14\\\/2022\\\/02\\\/ation.jpg\",\"datePublished\":\"2022-01-03T13:26:36+00:00\",\"dateModified\":\"2022-12-29T16:49:28+00:00\",\"description\":\"Avec les m\u00e9ditations du matin commencez bien votre journ\u00e9e avec une s\u00e9ance men\u00e9e par nos experts pendant le salon Bien-\u00catre M\u00e9decine Douce !\",\"breadcrumb\":{\"@id\":\"https:\\\/\\\/www.salon-medecinedouce.com\\\/paris\\\/meditation-guidee\\\/#breadcrumb\"},\"inLanguage\":\"fr-FR\",\"potentialAction\":[{\"@type\":\"ReadAction\",\"target\":[\"https:\\\/\\\/www.salon-medecinedouce.com\\\/paris\\\/meditation-guidee\\\/\"]}]},{\"@type\":\"ImageObject\",\"inLanguage\":\"fr-FR\",\"@id\":\"https:\\\/\\\/www.salon-medecinedouce.com\\\/paris\\\/meditation-guidee\\\/#primaryimage\",\"url\":\"https:\\\/\\\/www.salon-medecinedouce.com\\\/paris\\\/wp-content\\\/uploads\\\/sites\\\/14\\\/2022\\\/02\\\/ation.jpg\",\"contentUrl\":\"https:\\\/\\\/www.salon-medecinedouce.com\\\/paris\\\/wp-content\\\/uploads\\\/sites\\\/14\\\/2022\\\/02\\\/ation.jpg\",\"width\":940,\"height\":788,\"caption\":\"m\u00e9ditation collective\"},{\"@type\":\"BreadcrumbList\",\"@id\":\"https:\\\/\\\/www.salon-medecinedouce.com\\\/paris\\\/meditation-guidee\\\/#breadcrumb\",\"itemListElement\":[{\"@type\":\"ListItem\",\"position\":1,\"name\":\"Accueil\",\"item\":\"https:\\\/\\\/www.salon-medecinedouce.com\\\/paris\\\/\"},{\"@type\":\"ListItem\",\"position\":2,\"name\":\"Les m\u00e9ditations du matin\"}]},{\"@type\":\"WebSite\",\"@id\":\"https:\\\/\\\/www.salon-medecinedouce.com\\\/paris\\\/#website\",\"url\":\"https:\\\/\\\/www.salon-medecinedouce.com\\\/paris\\\/\",\"name\":\"Bien-\u00eatre Paris\",\"description\":\"La sant\u00e9 au naturel : M\u00e9decines douces - Compl\u00e9ments alimentaires - Alimentation saine - Cosm\u00e9tiques naturelles - Art de vivre - Tourisme de sant\u00e9\",\"publisher\":{\"@id\":\"https:\\\/\\\/www.salon-medecinedouce.com\\\/paris\\\/#organization\"},\"potentialAction\":[{\"@type\":\"SearchAction\",\"target\":{\"@type\":\"EntryPoint\",\"urlTemplate\":\"https:\\\/\\\/www.salon-medecinedouce.com\\\/paris\\\/?s={search_term_string}\"},\"query-input\":{\"@type\":\"PropertyValueSpecification\",\"valueRequired\":true,\"valueName\":\"search_term_string\"}}],\"inLanguage\":\"fr-FR\"},{\"@type\":\"Organization\",\"@id\":\"https:\\\/\\\/www.salon-medecinedouce.com\\\/paris\\\/#organization\",\"name\":\"Bien-\u00eatre Paris\",\"url\":\"https:\\\/\\\/www.salon-medecinedouce.com\\\/paris\\\/\",\"logo\":{\"@type\":\"ImageObject\",\"inLanguage\":\"fr-FR\",\"@id\":\"https:\\\/\\\/www.salon-medecinedouce.com\\\/paris\\\/#\\\/schema\\\/logo\\\/image\\\/\",\"url\":\"https:\\\/\\\/www.salon-medecinedouce.com\\\/paris\\\/wp-content\\\/uploads\\\/sites\\\/14\\\/2024\\\/05\\\/cropped-logo-orange-bemd.png\",\"contentUrl\":\"https:\\\/\\\/www.salon-medecinedouce.com\\\/paris\\\/wp-content\\\/uploads\\\/sites\\\/14\\\/2024\\\/05\\\/cropped-logo-orange-bemd.png\",\"width\":591,\"height\":591,\"caption\":\"Bien-\u00eatre Paris\"},\"image\":{\"@id\":\"https:\\\/\\\/www.salon-medecinedouce.com\\\/paris\\\/#\\\/schema\\\/logo\\\/image\\\/\"}}]}<\/script>\n<!-- \/ Yoast SEO plugin. -->","yoast_head_json":{"title":"Les m\u00e9ditations du matin","description":"Avec les m\u00e9ditations du matin commencez bien votre journ\u00e9e avec une s\u00e9ance men\u00e9e par nos experts pendant le salon Bien-\u00catre M\u00e9decine Douce !","robots":{"index":"index","follow":"follow","max-snippet":"max-snippet:-1","max-image-preview":"max-image-preview:large","max-video-preview":"max-video-preview:-1"},"canonical":"https:\/\/www.salon-medecinedouce.com\/paris\/meditation-guidee\/","og_locale":"fr_FR","og_type":"article","og_title":"Les m\u00e9ditations du matin","og_description":"Avec les m\u00e9ditations du matin commencez bien votre journ\u00e9e avec une s\u00e9ance men\u00e9e par nos experts pendant le salon Bien-\u00catre M\u00e9decine Douce !","og_url":"https:\/\/www.salon-medecinedouce.com\/paris\/meditation-guidee\/","og_site_name":"Bien-\u00eatre Paris","article_modified_time":"2022-12-29T16:49:28+00:00","og_image":[{"width":940,"height":788,"url":"https:\/\/www.salon-medecinedouce.com\/paris\/wp-content\/uploads\/sites\/14\/2022\/02\/ation.jpg","type":"image\/jpeg"}],"twitter_card":"summary_large_image","twitter_misc":{"Dur\u00e9e de lecture estim\u00e9e":"1 minute"},"schema":{"@context":"https:\/\/schema.org","@graph":[{"@type":"WebPage","@id":"https:\/\/www.salon-medecinedouce.com\/paris\/meditation-guidee\/","url":"https:\/\/www.salon-medecinedouce.com\/paris\/meditation-guidee\/","name":"Les m\u00e9ditations du matin","isPartOf":{"@id":"https:\/\/www.salon-medecinedouce.com\/paris\/#website"},"primaryImageOfPage":{"@id":"https:\/\/www.salon-medecinedouce.com\/paris\/meditation-guidee\/#primaryimage"},"image":{"@id":"https:\/\/www.salon-medecinedouce.com\/paris\/meditation-guidee\/#primaryimage"},"thumbnailUrl":"https:\/\/www.salon-medecinedouce.com\/paris\/wp-content\/uploads\/sites\/14\/2022\/02\/ation.jpg","datePublished":"2022-01-03T13:26:36+00:00","dateModified":"2022-12-29T16:49:28+00:00","description":"Avec les m\u00e9ditations du matin commencez bien votre journ\u00e9e avec une s\u00e9ance men\u00e9e par nos experts pendant le salon Bien-\u00catre M\u00e9decine Douce !","breadcrumb":{"@id":"https:\/\/www.salon-medecinedouce.com\/paris\/meditation-guidee\/#breadcrumb"},"inLanguage":"fr-FR","potentialAction":[{"@type":"ReadAction","target":["https:\/\/www.salon-medecinedouce.com\/paris\/meditation-guidee\/"]}]},{"@type":"ImageObject","inLanguage":"fr-FR","@id":"https:\/\/www.salon-medecinedouce.com\/paris\/meditation-guidee\/#primaryimage","url":"https:\/\/www.salon-medecinedouce.com\/paris\/wp-content\/uploads\/sites\/14\/2022\/02\/ation.jpg","contentUrl":"https:\/\/www.salon-medecinedouce.com\/paris\/wp-content\/uploads\/sites\/14\/2022\/02\/ation.jpg","width":940,"height":788,"caption":"m\u00e9ditation collective"},{"@type":"BreadcrumbList","@id":"https:\/\/www.salon-medecinedouce.com\/paris\/meditation-guidee\/#breadcrumb","itemListElement":[{"@type":"ListItem","position":1,"name":"Accueil","item":"https:\/\/www.salon-medecinedouce.com\/paris\/"},{"@type":"ListItem","position":2,"name":"Les m\u00e9ditations du matin"}]},{"@type":"WebSite","@id":"https:\/\/www.salon-medecinedouce.com\/paris\/#website","url":"https:\/\/www.salon-medecinedouce.com\/paris\/","name":"Bien-\u00eatre Paris","description":"La sant\u00e9 au naturel : M\u00e9decines douces - Compl\u00e9ments alimentaires - Alimentation saine - Cosm\u00e9tiques naturelles - Art de vivre - Tourisme de sant\u00e9","publisher":{"@id":"https:\/\/www.salon-medecinedouce.com\/paris\/#organization"},"potentialAction":[{"@type":"SearchAction","target":{"@type":"EntryPoint","urlTemplate":"https:\/\/www.salon-medecinedouce.com\/paris\/?s={search_term_string}"},"query-input":{"@type":"PropertyValueSpecification","valueRequired":true,"valueName":"search_term_string"}}],"inLanguage":"fr-FR"},{"@type":"Organization","@id":"https:\/\/www.salon-medecinedouce.com\/paris\/#organization","name":"Bien-\u00eatre Paris","url":"https:\/\/www.salon-medecinedouce.com\/paris\/","logo":{"@type":"ImageObject","inLanguage":"fr-FR","@id":"https:\/\/www.salon-medecinedouce.com\/paris\/#\/schema\/logo\/image\/","url":"https:\/\/www.salon-medecinedouce.com\/paris\/wp-content\/uploads\/sites\/14\/2024\/05\/cropped-logo-orange-bemd.png","contentUrl":"https:\/\/www.salon-medecinedouce.com\/paris\/wp-content\/uploads\/sites\/14\/2024\/05\/cropped-logo-orange-bemd.png","width":591,"height":591,"caption":"Bien-\u00eatre Paris"},"image":{"@id":"https:\/\/www.salon-medecinedouce.com\/paris\/#\/schema\/logo\/image\/"}}]}},"rttpg_featured_image_url":{"full":["https:\/\/www.salon-medecinedouce.com\/paris\/wp-content\/uploads\/sites\/14\/2022\/02\/ation.jpg",940,788,false],"landscape":["https:\/\/www.salon-medecinedouce.com\/paris\/wp-content\/uploads\/sites\/14\/2022\/02\/ation.jpg",940,788,false],"portraits":["https:\/\/www.salon-medecinedouce.com\/paris\/wp-content\/uploads\/sites\/14\/2022\/02\/ation.jpg",940,788,false],"thumbnail":["https:\/\/www.salon-medecinedouce.com\/paris\/wp-content\/uploads\/sites\/14\/2022\/02\/ation-150x150.jpg",150,150,true],"medium":["https:\/\/www.salon-medecinedouce.com\/paris\/wp-content\/uploads\/sites\/14\/2022\/02\/ation-300x251.jpg",300,251,true],"large":["https:\/\/www.salon-medecinedouce.com\/paris\/wp-content\/uploads\/sites\/14\/2022\/02\/ation.jpg",790,662,false],"1536x1536":["https:\/\/www.salon-medecinedouce.com\/paris\/wp-content\/uploads\/sites\/14\/2022\/02\/ation.jpg",940,788,false],"2048x2048":["https:\/\/www.salon-medecinedouce.com\/paris\/wp-content\/uploads\/sites\/14\/2022\/02\/ation.jpg",940,788,false],"gg_gallery_thumbnail":["https:\/\/www.salon-medecinedouce.com\/paris\/wp-content\/uploads\/sites\/14\/2022\/02\/ation-450x250.jpg",450,250,true],"rpwe-thumbnail":["https:\/\/www.salon-medecinedouce.com\/paris\/wp-content\/uploads\/sites\/14\/2022\/02\/ation-45x45.jpg",45,45,true]},"rttpg_author":{"display_name":"nadia","author_link":"https:\/\/www.salon-medecinedouce.com\/paris\/blog\/author\/nadia\/"},"rttpg_comment":0,"rttpg_category":false,"rttpg_excerpt":"Comment mieux commencer sa journ\u00e9e si ce n\u2019est avec une m\u00e9ditation guid\u00e9e\u00a0! Le salon vous propose tous les matins avant votre visite une s\u00e9ance d\u2019une heure accompagn\u00e9e par nos experts. Les m\u00e9ditations ont lieu salle de conf\u00e9rences, au bout de l\u2019all\u00e9e A Participation gratuite, pas d&rsquo;inscription requise. &nbsp; Vendredi 3 f\u00e9vrier 2023 10h45 Plongez dans&hellip;","_links":{"self":[{"href":"https:\/\/www.salon-medecinedouce.com\/paris\/wp-json\/wp\/v2\/pages\/12368","targetHints":{"allow":["GET"]}}],"collection":[{"href":"https:\/\/www.salon-medecinedouce.com\/paris\/wp-json\/wp\/v2\/pages"}],"about":[{"href":"https:\/\/www.salon-medecinedouce.com\/paris\/wp-json\/wp\/v2\/types\/page"}],"author":[{"embeddable":true,"href":"https:\/\/www.salon-medecinedouce.com\/paris\/wp-json\/wp\/v2\/users\/5"}],"replies":[{"embeddable":true,"href":"https:\/\/www.salon-medecinedouce.com\/paris\/wp-json\/wp\/v2\/comments?post=12368"}],"version-history":[{"count":13,"href":"https:\/\/www.salon-medecinedouce.com\/paris\/wp-json\/wp\/v2\/pages\/12368\/revisions"}],"predecessor-version":[{"id":14174,"href":"https:\/\/www.salon-medecinedouce.com\/paris\/wp-json\/wp\/v2\/pages\/12368\/revisions\/14174"}],"wp:featuredmedia":[{"embeddable":true,"href":"https:\/\/www.salon-medecinedouce.com\/paris\/wp-json\/wp\/v2\/media\/13422"}],"wp:attachment":[{"href":"https:\/\/www.salon-medecinedouce.com\/paris\/wp-json\/wp\/v2\/media?parent=12368"}],"curies":[{"name":"wp","href":"https:\/\/api.w.org\/{rel}","templated":true}]}}