{"id":10964,"date":"2020-03-23T11:48:23","date_gmt":"2020-03-23T10:48:23","guid":{"rendered":"https:\/\/www.salon-medecinedouce.com\/paris\/?page_id=10964"},"modified":"2020-03-23T11:48:23","modified_gmt":"2020-03-23T10:48:23","slug":"rencontres-avec-les-therapeutes-2020","status":"publish","type":"page","link":"https:\/\/www.salon-medecinedouce.com\/paris\/visiter\/visiteur_programme\/rencontres-avec-les-therapeutes\/rencontres-avec-les-therapeutes-2020\/","title":{"rendered":"Rencontres avec les th\u00e9rapeutes 2020"},"content":{"rendered":"<h3>Venez rencontrer nos experts en m\u00e9decine douces pour des renseignements, des consultations, des s\u00e9ances d\u00e9couvertes et ainsi trouver les solutions adapt\u00e9es \u00e0 votre vie.<\/h3>\n<ul>\n<li><strong>AGNES HUMBERT &#8211; <\/strong>Stand H35<br \/>\n<a href=\"http:\/\/www.agnes-humbert.fr\">www.agnes-humbert.fr<\/a><br \/>\nSoin \u00e9nerg\u00e9tique quantique, access bar, la reconnexion d&rsquo;E. Pearl, Massage du ventre, hypnose, tabac, poids, alcool, deuil, rupture. Hypnose r\u00e9gression, vies ant\u00e9rieures et entre 2 vies.<\/li>\n<\/ul>\n<p>&nbsp;<\/p>\n<ul>\n<li><strong>APHN NATUROPATHES<\/strong> \u2013 Stand H31<br \/>\n<a href=\"http:\/\/www.aphn.fr\">www.aphn.f<\/a><br \/>\nAssociation de naturopathes pour promouvoir l&rsquo;hygi\u00e8ne de vie et la pr\u00e9vention de la sant\u00e9. Mini bilans iridologiques et morphologiques sur le stand.<\/li>\n<\/ul>\n<p>&nbsp;<\/p>\n<ul>\n<li><strong>ART-TH\u00c9RAPIE IDF<\/strong> \u2013 Stand H34<br \/>\n<a href=\"http:\/\/www.arttherapie-idf.com\">www.arttherapie-idf.com<\/a><br \/>\nL&rsquo;at th\u00e9rapie est une m\u00e9thode de soin qui accompagne les personnes en souffrance psychique (fatigue psychologique, angoisses, burn-out, d\u00e9pression, maladie et troubles plus s\u00e9v\u00e8res tels que l&rsquo;autisme, trouble du comportement). Elle est obligatoirement encadr\u00e9e par des art-th\u00e9rapeutes.<\/li>\n<\/ul>\n<p>&nbsp;<\/p>\n<ul>\n<li><strong>CULTIVEZ VOS TALENTS<\/strong> \u2013 Stand H41<br \/>\n<a href=\"http:\/\/www.cultivezvostalents.com\">www.cultivezvostalents.com<\/a><\/li>\n<\/ul>\n<p>&nbsp;<\/p>\n<ul>\n<li><strong>\u00c9COLE FRAN\u00c7AISE D&rsquo;HYPNOTISME<\/strong> \u2013 Stand H29\u00a0\u00a0\u00a0<br \/>\n<a href=\"http:\/\/www.hypnose-cannes.fr\">www.hypnose-cannes.fr<\/a><br \/>\nEcole fran\u00e7aise d&rsquo;hypnotisme \u00ae. Fondateur Didier Joire, hypno-logue \u00ae et centre de formation en hypnotisme.\u00a0\u00a0\u00a0\u00a0\u00a0\u00a0\u00a0\u00a0\u00a0\u00a0\u00a0<\/li>\n<\/ul>\n<p>&nbsp;<\/p>\n<ul style=\"list-style-type: disc;\">\n<li><strong>HYPNOTHERAPIE VANESSA LAGUERRE ET LUDOVIC JUPILLE<\/strong> \u2013 H42<br \/>\n<a href=\"http:\/\/www.vanessalaguerre.com\">www.vanessalaguerre.com<\/a><br \/>\nL&rsquo;hypnose est un \u00e9tat qui permet d&rsquo;ouvrir la porte de communication avec l&rsquo;inconscient afin de modifier des comportements et croyances, de mobiliser des ressources int\u00e9rieures et des potentialit\u00e9s n\u00e9cessaires aux changements.<\/li>\n<\/ul>\n<p>&nbsp;<\/p>\n<ul>\n<li><strong>LA MAGIE DES CHEVAUX <\/strong>\u2013 Stands H45<br \/>\n<a href=\"http:\/\/www.lamagiedeschevaux.com\">www.lamagiedeschevaux.com<\/a><br \/>\nRecr\u00e9er un lien respectueux entre l&rsquo;homme et l&rsquo;animal \u00e0 travers des ateliers. Facilit\u00e9s par les chevaux en Normandie, des ateliers avec des loups en Normandie et \u00e0 la rencontre de la nature sauvage dans les Abbruzes en Italie.<\/li>\n<\/ul>\n<p>&nbsp;<\/p>\n<ul>\n<li><strong>LATOUR DE FONTANAS NATURO<\/strong> \u2013 Stand H33<br \/>\n<a href=\"http:\/\/www.latourdefontanas.fr\">www.latourdefontanas.fr<\/a><br \/>\nNaturopathe, conf\u00e9renci\u00e8re, enseignante. Consultations naturopathiques, iridologie, conf\u00e9rences, s\u00e9minaires, salons, \u00e9missions de radio.<\/li>\n<\/ul>\n<p><strong>\u00a0<\/strong><\/p>\n<ul>\n<li><strong>MAGALI PAILHES IRIDOLOGUE \u2013 NATUROPATHE<\/strong> \u2013 Stand H40<br \/>\n<a href=\"http:\/\/www.bienvivrebienetre-naturopathe.com\">www.bienvivrebienetre-naturopathe.com<\/a><br \/>\nReflet de l&rsquo;\u00e2me mais aussi du corps, vos yeux r\u00e9v\u00e8lent votre \u00e9tat de sant\u00e9 int\u00e9rieure et \u00e9motionnelle. Magali Pailhes naturopathe sp\u00e9cialis\u00e9e en iridologie, sera vous lire au travers de vos iris et vous faire un bilan de vitalit\u00e9 de tout votre organisme.<\/li>\n<\/ul>\n<p>&nbsp;<\/p>\n<ul>\n<li><strong>R\u00c9GULATION POSTURALE <\/strong>\u2013 Stand H32<br \/>\n<a href=\"https:\/\/www.boudard-osteo-paris.com\">https:\/\/www.boudard-osteo-paris.com<\/a><br \/>\nOst\u00e9opathe D.O., posturologie, \u00e9nerg\u00e9tique, somato-\u00e9motionnelle.<\/li>\n<\/ul>\n<p>&nbsp;<\/p>\n<ul>\n<li><strong>RSP SENSORIEL <\/strong>\u2013 Stand H36<br \/>\n<a href=\"http:\/\/rsp-sensoriel.org\">http:\/\/rsp-sensoriel.org<\/a><br \/>\nLa RSP, une approche holistique pour identifier et d\u00e9programmer les sch\u00e9mas perturbateurs et installer un mode de comportement b\u00e9n\u00e9fique.<\/li>\n<\/ul>\n<p>&nbsp;<\/p>\n<ul>\n<li><strong>VIES DE COULEURS<\/strong> \u2013 H30<br \/>\n<a href=\"http:\/\/www.viesdecouleurs.fr\">www.viesdecouleurs.fr<\/a><br \/>\nTravail en cabinet, individuel et groupe, m\u00e9dium, karmath\u00e9rapeute, consultations avec un tarot. \u00ab\u00a0Se conna\u00eetre par les couleurs\u00a0\u00bb, soins \u00e9nergie et lib\u00e9ration m\u00e9moires cellulaires et karma. Auteure du livre \u00ab\u00a0soigner ses \u00e9motions par les couleurs\u00a0\u00bb. Modules coeur de vie, particuliers et entreprises.<\/li>\n<\/ul>\n<p>&nbsp;<\/p>\n<p>&nbsp;<\/p>\n<div class=\"salon-pubs-hp-bas-de-page salon-entity-placement\" id=\"salon-4025778142\"><div id=\"salon-3490964860\"><a data-no-instant=\"1\" href=\"https:\/\/www.adntv.fr\/home?request_origin=tv_app\" rel=\"noopener\" class=\"a2t-link\" target=\"_blank\"><p><a href=\"https:\/\/www.salondesseniors.com\/\"><img fetchpriority=\"high\" decoding=\"async\" class=\"wp-image-22417 aligncenter\" src=\"https:\/\/www.salon-medecinedouce.com\/paris\/wp-content\/uploads\/sites\/14\/2026\/02\/Banniere-728x90-1-300x37.png\" alt=\"\" width=\"754\" height=\"93\" srcset=\"https:\/\/www.salon-medecinedouce.com\/paris\/wp-content\/uploads\/sites\/14\/2026\/02\/Banniere-728x90-1-300x37.png 300w, https:\/\/www.salon-medecinedouce.com\/paris\/wp-content\/uploads\/sites\/14\/2026\/02\/Banniere-728x90-1-1024x127.png 1024w, https:\/\/www.salon-medecinedouce.com\/paris\/wp-content\/uploads\/sites\/14\/2026\/02\/Banniere-728x90-1-768x95.png 768w, https:\/\/www.salon-medecinedouce.com\/paris\/wp-content\/uploads\/sites\/14\/2026\/02\/Banniere-728x90-1-1536x190.png 1536w, https:\/\/www.salon-medecinedouce.com\/paris\/wp-content\/uploads\/sites\/14\/2026\/02\/Banniere-728x90-1-2048x253.png 2048w, https:\/\/www.salon-medecinedouce.com\/paris\/wp-content\/uploads\/sites\/14\/2026\/02\/Banniere-728x90-1-150x19.png 150w, https:\/\/www.salon-medecinedouce.com\/paris\/wp-content\/uploads\/sites\/14\/2026\/02\/Banniere-728x90-1-500x62.png 500w\" sizes=\"(max-width: 754px) 100vw, 754px\" \/><\/a><\/p>\n<\/a><\/div><\/div>","protected":false},"excerpt":{"rendered":"<p>Venez rencontrer nos experts en m\u00e9decine douces pour des renseignements, des consultations, des s\u00e9ances d\u00e9couvertes et ainsi trouver les solutions adapt\u00e9es \u00e0 votre vie. AGNES HUMBERT &#8211; Stand H35 www.agnes-humbert.fr Soin \u00e9nerg\u00e9tique quantique, access bar, la reconnexion d&rsquo;E. Pearl, Massage du ventre, hypnose, tabac, poids, alcool, deuil, rupture. Hypnose r\u00e9gression, vies ant\u00e9rieures et entre 2&hellip; <\/p>\n","protected":false},"author":1,"featured_media":0,"parent":4404,"menu_order":0,"comment_status":"closed","ping_status":"closed","template":"","meta":{"_monsterinsights_skip_tracking":false,"_monsterinsights_sitenote_active":false,"_monsterinsights_sitenote_note":"","_monsterinsights_sitenote_category":0,"footnotes":""},"class_list":["post-10964","page","type-page","status-publish","hentry"],"yoast_head":"<!-- This site is optimized with the Yoast SEO plugin v27.5 - https:\/\/yoast.com\/product\/yoast-seo-wordpress\/ -->\n<title>Rencontres avec les th\u00e9rapeutes 2020 - Bien-\u00eatre Paris<\/title>\n<meta name=\"robots\" content=\"index, follow, max-snippet:-1, max-image-preview:large, max-video-preview:-1\" \/>\n<link rel=\"canonical\" href=\"https:\/\/www.salon-medecinedouce.com\/paris\/visiter\/visiteur_programme\/rencontres-avec-les-therapeutes\/rencontres-avec-les-therapeutes-2020\/\" \/>\n<meta property=\"og:locale\" content=\"fr_FR\" \/>\n<meta property=\"og:type\" content=\"article\" \/>\n<meta property=\"og:title\" content=\"Rencontres avec les th\u00e9rapeutes 2020 - Bien-\u00eatre Paris\" \/>\n<meta property=\"og:description\" content=\"Venez rencontrer nos experts en m\u00e9decine douces pour des renseignements, des consultations, des s\u00e9ances d\u00e9couvertes et ainsi trouver les solutions adapt\u00e9es \u00e0 votre vie. AGNES HUMBERT &#8211; Stand H35 www.agnes-humbert.fr Soin \u00e9nerg\u00e9tique quantique, access bar, la reconnexion d&rsquo;E. Pearl, Massage du ventre, hypnose, tabac, poids, alcool, deuil, rupture. Hypnose r\u00e9gression, vies ant\u00e9rieures et entre 2&hellip;\" \/>\n<meta property=\"og:url\" content=\"https:\/\/www.salon-medecinedouce.com\/paris\/visiter\/visiteur_programme\/rencontres-avec-les-therapeutes\/rencontres-avec-les-therapeutes-2020\/\" \/>\n<meta property=\"og:site_name\" content=\"Bien-\u00eatre Paris\" \/>\n<meta name=\"twitter:card\" content=\"summary_large_image\" \/>\n<meta name=\"twitter:label1\" content=\"Dur\u00e9e de lecture estim\u00e9e\" \/>\n\t<meta name=\"twitter:data1\" content=\"2 minutes\" \/>\n<script type=\"application\/ld+json\" class=\"yoast-schema-graph\">{\"@context\":\"https:\\\/\\\/schema.org\",\"@graph\":[{\"@type\":\"WebPage\",\"@id\":\"https:\\\/\\\/www.salon-medecinedouce.com\\\/paris\\\/visiter\\\/visiteur_programme\\\/rencontres-avec-les-therapeutes\\\/rencontres-avec-les-therapeutes-2020\\\/\",\"url\":\"https:\\\/\\\/www.salon-medecinedouce.com\\\/paris\\\/visiter\\\/visiteur_programme\\\/rencontres-avec-les-therapeutes\\\/rencontres-avec-les-therapeutes-2020\\\/\",\"name\":\"Rencontres avec les th\u00e9rapeutes 2020 - Bien-\u00eatre Paris\",\"isPartOf\":{\"@id\":\"https:\\\/\\\/www.salon-medecinedouce.com\\\/paris\\\/#website\"},\"datePublished\":\"2020-03-23T10:48:23+00:00\",\"breadcrumb\":{\"@id\":\"https:\\\/\\\/www.salon-medecinedouce.com\\\/paris\\\/visiter\\\/visiteur_programme\\\/rencontres-avec-les-therapeutes\\\/rencontres-avec-les-therapeutes-2020\\\/#breadcrumb\"},\"inLanguage\":\"fr-FR\",\"potentialAction\":[{\"@type\":\"ReadAction\",\"target\":[\"https:\\\/\\\/www.salon-medecinedouce.com\\\/paris\\\/visiter\\\/visiteur_programme\\\/rencontres-avec-les-therapeutes\\\/rencontres-avec-les-therapeutes-2020\\\/\"]}]},{\"@type\":\"BreadcrumbList\",\"@id\":\"https:\\\/\\\/www.salon-medecinedouce.com\\\/paris\\\/visiter\\\/visiteur_programme\\\/rencontres-avec-les-therapeutes\\\/rencontres-avec-les-therapeutes-2020\\\/#breadcrumb\",\"itemListElement\":[{\"@type\":\"ListItem\",\"position\":1,\"name\":\"Accueil\",\"item\":\"https:\\\/\\\/www.salon-medecinedouce.com\\\/paris\\\/\"},{\"@type\":\"ListItem\",\"position\":2,\"name\":\"Visiter le salon\",\"item\":\"https:\\\/\\\/www.salon-medecinedouce.com\\\/paris\\\/visiter\\\/\"},{\"@type\":\"ListItem\",\"position\":3,\"name\":\"D\u00e9couvrez le salon\",\"item\":\"https:\\\/\\\/www.salon-medecinedouce.com\\\/paris\\\/visiter\\\/visiteur_programme\\\/\"},{\"@type\":\"ListItem\",\"position\":4,\"name\":\"Rencontres avec les th\u00e9rapeutes\",\"item\":\"https:\\\/\\\/www.salon-medecinedouce.com\\\/paris\\\/visiter\\\/visiteur_programme\\\/rencontres-avec-les-therapeutes\\\/\"},{\"@type\":\"ListItem\",\"position\":5,\"name\":\"Rencontres avec les th\u00e9rapeutes 2020\"}]},{\"@type\":\"WebSite\",\"@id\":\"https:\\\/\\\/www.salon-medecinedouce.com\\\/paris\\\/#website\",\"url\":\"https:\\\/\\\/www.salon-medecinedouce.com\\\/paris\\\/\",\"name\":\"Bien-\u00eatre Paris\",\"description\":\"La sant\u00e9 au naturel : M\u00e9decines douces - Compl\u00e9ments alimentaires - Alimentation saine - Cosm\u00e9tiques naturelles - Art de vivre - Tourisme de sant\u00e9\",\"publisher\":{\"@id\":\"https:\\\/\\\/www.salon-medecinedouce.com\\\/paris\\\/#organization\"},\"potentialAction\":[{\"@type\":\"SearchAction\",\"target\":{\"@type\":\"EntryPoint\",\"urlTemplate\":\"https:\\\/\\\/www.salon-medecinedouce.com\\\/paris\\\/?s={search_term_string}\"},\"query-input\":{\"@type\":\"PropertyValueSpecification\",\"valueRequired\":true,\"valueName\":\"search_term_string\"}}],\"inLanguage\":\"fr-FR\"},{\"@type\":\"Organization\",\"@id\":\"https:\\\/\\\/www.salon-medecinedouce.com\\\/paris\\\/#organization\",\"name\":\"Bien-\u00eatre Paris\",\"url\":\"https:\\\/\\\/www.salon-medecinedouce.com\\\/paris\\\/\",\"logo\":{\"@type\":\"ImageObject\",\"inLanguage\":\"fr-FR\",\"@id\":\"https:\\\/\\\/www.salon-medecinedouce.com\\\/paris\\\/#\\\/schema\\\/logo\\\/image\\\/\",\"url\":\"https:\\\/\\\/www.salon-medecinedouce.com\\\/paris\\\/wp-content\\\/uploads\\\/sites\\\/14\\\/2024\\\/05\\\/cropped-logo-orange-bemd.png\",\"contentUrl\":\"https:\\\/\\\/www.salon-medecinedouce.com\\\/paris\\\/wp-content\\\/uploads\\\/sites\\\/14\\\/2024\\\/05\\\/cropped-logo-orange-bemd.png\",\"width\":591,\"height\":591,\"caption\":\"Bien-\u00eatre Paris\"},\"image\":{\"@id\":\"https:\\\/\\\/www.salon-medecinedouce.com\\\/paris\\\/#\\\/schema\\\/logo\\\/image\\\/\"}}]}<\/script>\n<!-- \/ Yoast SEO plugin. -->","yoast_head_json":{"title":"Rencontres avec les th\u00e9rapeutes 2020 - Bien-\u00eatre Paris","robots":{"index":"index","follow":"follow","max-snippet":"max-snippet:-1","max-image-preview":"max-image-preview:large","max-video-preview":"max-video-preview:-1"},"canonical":"https:\/\/www.salon-medecinedouce.com\/paris\/visiter\/visiteur_programme\/rencontres-avec-les-therapeutes\/rencontres-avec-les-therapeutes-2020\/","og_locale":"fr_FR","og_type":"article","og_title":"Rencontres avec les th\u00e9rapeutes 2020 - Bien-\u00eatre Paris","og_description":"Venez rencontrer nos experts en m\u00e9decine douces pour des renseignements, des consultations, des s\u00e9ances d\u00e9couvertes et ainsi trouver les solutions adapt\u00e9es \u00e0 votre vie. AGNES HUMBERT &#8211; Stand H35 www.agnes-humbert.fr Soin \u00e9nerg\u00e9tique quantique, access bar, la reconnexion d&rsquo;E. Pearl, Massage du ventre, hypnose, tabac, poids, alcool, deuil, rupture. Hypnose r\u00e9gression, vies ant\u00e9rieures et entre 2&hellip;","og_url":"https:\/\/www.salon-medecinedouce.com\/paris\/visiter\/visiteur_programme\/rencontres-avec-les-therapeutes\/rencontres-avec-les-therapeutes-2020\/","og_site_name":"Bien-\u00eatre Paris","twitter_card":"summary_large_image","twitter_misc":{"Dur\u00e9e de lecture estim\u00e9e":"2 minutes"},"schema":{"@context":"https:\/\/schema.org","@graph":[{"@type":"WebPage","@id":"https:\/\/www.salon-medecinedouce.com\/paris\/visiter\/visiteur_programme\/rencontres-avec-les-therapeutes\/rencontres-avec-les-therapeutes-2020\/","url":"https:\/\/www.salon-medecinedouce.com\/paris\/visiter\/visiteur_programme\/rencontres-avec-les-therapeutes\/rencontres-avec-les-therapeutes-2020\/","name":"Rencontres avec les th\u00e9rapeutes 2020 - Bien-\u00eatre Paris","isPartOf":{"@id":"https:\/\/www.salon-medecinedouce.com\/paris\/#website"},"datePublished":"2020-03-23T10:48:23+00:00","breadcrumb":{"@id":"https:\/\/www.salon-medecinedouce.com\/paris\/visiter\/visiteur_programme\/rencontres-avec-les-therapeutes\/rencontres-avec-les-therapeutes-2020\/#breadcrumb"},"inLanguage":"fr-FR","potentialAction":[{"@type":"ReadAction","target":["https:\/\/www.salon-medecinedouce.com\/paris\/visiter\/visiteur_programme\/rencontres-avec-les-therapeutes\/rencontres-avec-les-therapeutes-2020\/"]}]},{"@type":"BreadcrumbList","@id":"https:\/\/www.salon-medecinedouce.com\/paris\/visiter\/visiteur_programme\/rencontres-avec-les-therapeutes\/rencontres-avec-les-therapeutes-2020\/#breadcrumb","itemListElement":[{"@type":"ListItem","position":1,"name":"Accueil","item":"https:\/\/www.salon-medecinedouce.com\/paris\/"},{"@type":"ListItem","position":2,"name":"Visiter le salon","item":"https:\/\/www.salon-medecinedouce.com\/paris\/visiter\/"},{"@type":"ListItem","position":3,"name":"D\u00e9couvrez le salon","item":"https:\/\/www.salon-medecinedouce.com\/paris\/visiter\/visiteur_programme\/"},{"@type":"ListItem","position":4,"name":"Rencontres avec les th\u00e9rapeutes","item":"https:\/\/www.salon-medecinedouce.com\/paris\/visiter\/visiteur_programme\/rencontres-avec-les-therapeutes\/"},{"@type":"ListItem","position":5,"name":"Rencontres avec les th\u00e9rapeutes 2020"}]},{"@type":"WebSite","@id":"https:\/\/www.salon-medecinedouce.com\/paris\/#website","url":"https:\/\/www.salon-medecinedouce.com\/paris\/","name":"Bien-\u00eatre Paris","description":"La sant\u00e9 au naturel : M\u00e9decines douces - Compl\u00e9ments alimentaires - Alimentation saine - Cosm\u00e9tiques naturelles - Art de vivre - Tourisme de sant\u00e9","publisher":{"@id":"https:\/\/www.salon-medecinedouce.com\/paris\/#organization"},"potentialAction":[{"@type":"SearchAction","target":{"@type":"EntryPoint","urlTemplate":"https:\/\/www.salon-medecinedouce.com\/paris\/?s={search_term_string}"},"query-input":{"@type":"PropertyValueSpecification","valueRequired":true,"valueName":"search_term_string"}}],"inLanguage":"fr-FR"},{"@type":"Organization","@id":"https:\/\/www.salon-medecinedouce.com\/paris\/#organization","name":"Bien-\u00eatre Paris","url":"https:\/\/www.salon-medecinedouce.com\/paris\/","logo":{"@type":"ImageObject","inLanguage":"fr-FR","@id":"https:\/\/www.salon-medecinedouce.com\/paris\/#\/schema\/logo\/image\/","url":"https:\/\/www.salon-medecinedouce.com\/paris\/wp-content\/uploads\/sites\/14\/2024\/05\/cropped-logo-orange-bemd.png","contentUrl":"https:\/\/www.salon-medecinedouce.com\/paris\/wp-content\/uploads\/sites\/14\/2024\/05\/cropped-logo-orange-bemd.png","width":591,"height":591,"caption":"Bien-\u00eatre Paris"},"image":{"@id":"https:\/\/www.salon-medecinedouce.com\/paris\/#\/schema\/logo\/image\/"}}]}},"rttpg_featured_image_url":null,"rttpg_author":{"display_name":"admin","author_link":"https:\/\/www.salon-medecinedouce.com\/paris\/blog\/author\/admin\/"},"rttpg_comment":0,"rttpg_category":false,"rttpg_excerpt":"Venez rencontrer nos experts en m\u00e9decine douces pour des renseignements, des consultations, des s\u00e9ances d\u00e9couvertes et ainsi trouver les solutions adapt\u00e9es \u00e0 votre vie. AGNES HUMBERT &#8211; Stand H35 www.agnes-humbert.fr Soin \u00e9nerg\u00e9tique quantique, access bar, la reconnexion d&rsquo;E. Pearl, Massage du ventre, hypnose, tabac, poids, alcool, deuil, rupture. Hypnose r\u00e9gression, vies ant\u00e9rieures et entre 2&hellip;","_links":{"self":[{"href":"https:\/\/www.salon-medecinedouce.com\/paris\/wp-json\/wp\/v2\/pages\/10964","targetHints":{"allow":["GET"]}}],"collection":[{"href":"https:\/\/www.salon-medecinedouce.com\/paris\/wp-json\/wp\/v2\/pages"}],"about":[{"href":"https:\/\/www.salon-medecinedouce.com\/paris\/wp-json\/wp\/v2\/types\/page"}],"author":[{"embeddable":true,"href":"https:\/\/www.salon-medecinedouce.com\/paris\/wp-json\/wp\/v2\/users\/1"}],"replies":[{"embeddable":true,"href":"https:\/\/www.salon-medecinedouce.com\/paris\/wp-json\/wp\/v2\/comments?post=10964"}],"version-history":[{"count":1,"href":"https:\/\/www.salon-medecinedouce.com\/paris\/wp-json\/wp\/v2\/pages\/10964\/revisions"}],"predecessor-version":[{"id":10965,"href":"https:\/\/www.salon-medecinedouce.com\/paris\/wp-json\/wp\/v2\/pages\/10964\/revisions\/10965"}],"up":[{"embeddable":true,"href":"https:\/\/www.salon-medecinedouce.com\/paris\/wp-json\/wp\/v2\/pages\/4404"}],"wp:attachment":[{"href":"https:\/\/www.salon-medecinedouce.com\/paris\/wp-json\/wp\/v2\/media?parent=10964"}],"curies":[{"name":"wp","href":"https:\/\/api.w.org\/{rel}","templated":true}]}}