{"id":3610,"date":"2017-05-04T12:20:38","date_gmt":"2017-05-04T10:20:38","guid":{"rendered":"http:\/\/localhost:8888\/bemd\/?page_id=3610"},"modified":"2023-10-16T16:41:37","modified_gmt":"2023-10-16T14:41:37","slug":"a-ne-manquer","status":"publish","type":"page","link":"https:\/\/www.salon-medecinedouce.com\/marseille\/programme\/a-ne-manquer\/","title":{"rendered":"A ne pas manquer"},"content":{"rendered":"<div id=\"bodycopy\">\n<h2><img fetchpriority=\"high\" decoding=\"async\" class=\"alignnone size-full wp-image-8648\" src=\"https:\/\/www.salon-medecinedouce.com\/marseille\/wp-content\/uploads\/sites\/16\/2019\/07\/AdobeStock_218234665.jpg\" alt=\"\" width=\"840\" height=\"250\" srcset=\"https:\/\/www.salon-medecinedouce.com\/marseille\/wp-content\/uploads\/sites\/16\/2019\/07\/AdobeStock_218234665.jpg 840w, https:\/\/www.salon-medecinedouce.com\/marseille\/wp-content\/uploads\/sites\/16\/2019\/07\/AdobeStock_218234665-300x89.jpg 300w, https:\/\/www.salon-medecinedouce.com\/marseille\/wp-content\/uploads\/sites\/16\/2019\/07\/AdobeStock_218234665-768x229.jpg 768w, https:\/\/www.salon-medecinedouce.com\/marseille\/wp-content\/uploads\/sites\/16\/2019\/07\/AdobeStock_218234665-150x45.jpg 150w, https:\/\/www.salon-medecinedouce.com\/marseille\/wp-content\/uploads\/sites\/16\/2019\/07\/AdobeStock_218234665-500x149.jpg 500w\" sizes=\"(max-width: 840px) 100vw, 840px\" \/><\/h2>\n<h2><strong>En attendant de d\u00e9couvrir le programme du salon Bien-\u00catre M\u00e9decine Douce Marseille\u00a0 2024, retrouvez le programme 2023 :\u00a0<\/strong><\/h2>\n<h3>Exp\u00e9rimentez les m\u00e9thodes de sant\u00e9 &amp; bien-\u00eatre au naturel :<\/h3>\n<ul>\n<li><strong>Les Conf\u00e9rences<\/strong> : des conf\u00e9rences pl\u00e9ni\u00e8res anim\u00e9es par des m\u00e9decins et th\u00e9rapeutes sur des probl\u00e9matiques ancr\u00e9es dans l\u2019actualit\u00e9 : <strong><a href=\"https:\/\/www.salon-medecinedouce.com\/marseille\/programme\/conferences\/\" target=\"_blank\" rel=\"noopener noreferrer\"><em>en savoir plus<\/em><\/a>\n<p><\/strong><\/li>\n<li><strong>Les Ateliers-conf\u00e9rences <\/strong>: une multitude d&rsquo;ateliers-conf\u00e9rences pour d\u00e9couvrir l&rsquo;expertise des exposants : <a href=\"https:\/\/www.salon-medecinedouce.com\/marseille\/programme\/ateliers-conferences\/\" target=\"_blank\" rel=\"noopener noreferrer\"><strong><em>en savoir plus\u00a0<\/em><\/strong><\/a><\/li>\n<\/ul>\n<\/div>\n<ul>\n<li><strong>Le Forum sant\u00e9 au naturel by M\u00e9doucine <\/strong>: Participez \u00e0 des ateliers et assistez \u00e0 des conf\u00e9rences sur les sujets de sant\u00e9 du quotidien qui vous int\u00e9ressent. <a href=\"https:\/\/www.salon-medecinedouce.com\/marseille\/le-forum-sante-au-naturel\/\" target=\"_blank\" rel=\"noopener\"><strong><em>En savoir plus<\/em><\/strong><\/a><\/li>\n<\/ul>\n<p>&nbsp;<\/p>\n<p>&nbsp;<\/p>\n<div class=\"salon-accueil salon-entity-placement\" id=\"salon-2406475324\"><div id=\"salon-1640691932\"><a data-no-instant=\"1\" href=\"https:\/\/www.amac-formation.fr\/\" rel=\"noopener\" class=\"a2t-link\" target=\"_blank\"><p><img decoding=\"async\" class=\"aligncenter size-full wp-image-10787\" src=\"https:\/\/www.salon-medecinedouce.com\/marseille\/wp-content\/uploads\/sites\/16\/2023\/02\/Baniere-salon-du-bien-etre.png\" alt=\"amac-formation\" width=\"728\" height=\"90\" srcset=\"https:\/\/www.salon-medecinedouce.com\/marseille\/wp-content\/uploads\/sites\/16\/2023\/02\/Baniere-salon-du-bien-etre.png 728w, https:\/\/www.salon-medecinedouce.com\/marseille\/wp-content\/uploads\/sites\/16\/2023\/02\/Baniere-salon-du-bien-etre-300x37.png 300w, https:\/\/www.salon-medecinedouce.com\/marseille\/wp-content\/uploads\/sites\/16\/2023\/02\/Baniere-salon-du-bien-etre-150x19.png 150w, https:\/\/www.salon-medecinedouce.com\/marseille\/wp-content\/uploads\/sites\/16\/2023\/02\/Baniere-salon-du-bien-etre-500x62.png 500w\" sizes=\"(max-width: 728px) 100vw, 728px\" \/><\/p>\n<\/a><\/div><\/div>","protected":false},"excerpt":{"rendered":"<p>En attendant de d\u00e9couvrir le programme du salon Bien-\u00catre M\u00e9decine Douce Marseille\u00a0 2024, retrouvez le programme 2023 :\u00a0 Exp\u00e9rimentez les m\u00e9thodes de sant\u00e9 &amp; bien-\u00eatre au naturel : Les Conf\u00e9rences : des conf\u00e9rences pl\u00e9ni\u00e8res anim\u00e9es par des m\u00e9decins et th\u00e9rapeutes sur des probl\u00e9matiques ancr\u00e9es dans l\u2019actualit\u00e9 : en savoir plus Les Ateliers-conf\u00e9rences : une multitude&hellip; <\/p>\n","protected":false},"author":1,"featured_media":0,"parent":2085,"menu_order":1,"comment_status":"closed","ping_status":"closed","template":"","meta":{"_monsterinsights_skip_tracking":false,"_monsterinsights_sitenote_active":false,"_monsterinsights_sitenote_note":"","_monsterinsights_sitenote_category":0,"footnotes":""},"class_list":["post-3610","page","type-page","status-publish","hentry"],"yoast_head":"<!-- This site is optimized with the Yoast SEO plugin v27.3 - https:\/\/yoast.com\/product\/yoast-seo-wordpress\/ -->\n<title>A ne pas manquer - Bien-\u00eatre Marseille<\/title>\n<meta name=\"robots\" content=\"index, follow, max-snippet:-1, max-image-preview:large, max-video-preview:-1\" \/>\n<link rel=\"canonical\" href=\"https:\/\/www.salon-medecinedouce.com\/marseille\/programme\/a-ne-manquer\/\" \/>\n<meta property=\"og:locale\" content=\"fr_FR\" \/>\n<meta property=\"og:type\" content=\"article\" \/>\n<meta property=\"og:title\" content=\"A ne pas manquer - Bien-\u00eatre Marseille\" \/>\n<meta property=\"og:description\" content=\"En attendant de d\u00e9couvrir le programme du salon Bien-\u00catre M\u00e9decine Douce Marseille\u00a0 2024, retrouvez le programme 2023 :\u00a0 Exp\u00e9rimentez les m\u00e9thodes de sant\u00e9 &amp; bien-\u00eatre au naturel : Les Conf\u00e9rences : des conf\u00e9rences pl\u00e9ni\u00e8res anim\u00e9es par des m\u00e9decins et th\u00e9rapeutes sur des probl\u00e9matiques ancr\u00e9es dans l\u2019actualit\u00e9 : en savoir plus Les Ateliers-conf\u00e9rences : une multitude&hellip;\" \/>\n<meta property=\"og:url\" content=\"https:\/\/www.salon-medecinedouce.com\/marseille\/programme\/a-ne-manquer\/\" \/>\n<meta property=\"og:site_name\" content=\"Bien-\u00eatre Marseille\" \/>\n<meta property=\"article:modified_time\" content=\"2023-10-16T14:41:37+00:00\" \/>\n<meta property=\"og:image\" content=\"https:\/\/www.salon-medecinedouce.com\/marseille\/wp-content\/uploads\/sites\/16\/2019\/07\/AdobeStock_218234665.jpg\" \/>\n<meta name=\"twitter:card\" content=\"summary_large_image\" \/>\n<meta name=\"twitter:label1\" content=\"Dur\u00e9e de lecture estim\u00e9e\" \/>\n\t<meta name=\"twitter:data1\" content=\"1 minute\" \/>\n<script type=\"application\/ld+json\" class=\"yoast-schema-graph\">{\"@context\":\"https:\\\/\\\/schema.org\",\"@graph\":[{\"@type\":\"WebPage\",\"@id\":\"https:\\\/\\\/www.salon-medecinedouce.com\\\/marseille\\\/programme\\\/a-ne-manquer\\\/\",\"url\":\"https:\\\/\\\/www.salon-medecinedouce.com\\\/marseille\\\/programme\\\/a-ne-manquer\\\/\",\"name\":\"A ne pas manquer - Bien-\u00eatre Marseille\",\"isPartOf\":{\"@id\":\"https:\\\/\\\/www.salon-medecinedouce.com\\\/marseille\\\/#website\"},\"primaryImageOfPage\":{\"@id\":\"https:\\\/\\\/www.salon-medecinedouce.com\\\/marseille\\\/programme\\\/a-ne-manquer\\\/#primaryimage\"},\"image\":{\"@id\":\"https:\\\/\\\/www.salon-medecinedouce.com\\\/marseille\\\/programme\\\/a-ne-manquer\\\/#primaryimage\"},\"thumbnailUrl\":\"https:\\\/\\\/www.salon-medecinedouce.com\\\/marseille\\\/wp-content\\\/uploads\\\/sites\\\/16\\\/2019\\\/07\\\/AdobeStock_218234665.jpg\",\"datePublished\":\"2017-05-04T10:20:38+00:00\",\"dateModified\":\"2023-10-16T14:41:37+00:00\",\"breadcrumb\":{\"@id\":\"https:\\\/\\\/www.salon-medecinedouce.com\\\/marseille\\\/programme\\\/a-ne-manquer\\\/#breadcrumb\"},\"inLanguage\":\"fr-FR\",\"potentialAction\":[{\"@type\":\"ReadAction\",\"target\":[\"https:\\\/\\\/www.salon-medecinedouce.com\\\/marseille\\\/programme\\\/a-ne-manquer\\\/\"]}]},{\"@type\":\"ImageObject\",\"inLanguage\":\"fr-FR\",\"@id\":\"https:\\\/\\\/www.salon-medecinedouce.com\\\/marseille\\\/programme\\\/a-ne-manquer\\\/#primaryimage\",\"url\":\"https:\\\/\\\/www.salon-medecinedouce.com\\\/marseille\\\/wp-content\\\/uploads\\\/sites\\\/16\\\/2019\\\/07\\\/AdobeStock_218234665.jpg\",\"contentUrl\":\"https:\\\/\\\/www.salon-medecinedouce.com\\\/marseille\\\/wp-content\\\/uploads\\\/sites\\\/16\\\/2019\\\/07\\\/AdobeStock_218234665.jpg\",\"width\":840,\"height\":250},{\"@type\":\"BreadcrumbList\",\"@id\":\"https:\\\/\\\/www.salon-medecinedouce.com\\\/marseille\\\/programme\\\/a-ne-manquer\\\/#breadcrumb\",\"itemListElement\":[{\"@type\":\"ListItem\",\"position\":1,\"name\":\"Accueil\",\"item\":\"https:\\\/\\\/www.salon-medecinedouce.com\\\/marseille\\\/\"},{\"@type\":\"ListItem\",\"position\":2,\"name\":\"Programme du salon\",\"item\":\"https:\\\/\\\/www.salon-medecinedouce.com\\\/marseille\\\/programme\\\/\"},{\"@type\":\"ListItem\",\"position\":3,\"name\":\"A ne pas manquer\"}]},{\"@type\":\"WebSite\",\"@id\":\"https:\\\/\\\/www.salon-medecinedouce.com\\\/marseille\\\/#website\",\"url\":\"https:\\\/\\\/www.salon-medecinedouce.com\\\/marseille\\\/\",\"name\":\"Bien-\u00eatre Marseille\",\"description\":\"La sant\u00e9 au naturel : M\u00e9decines douces - Compl\u00e9ments alimentaires - Alimentation saine - Cosm\u00e9tiques naturelles - Art de vivre - Tourisme de sant\u00e9\",\"publisher\":{\"@id\":\"https:\\\/\\\/www.salon-medecinedouce.com\\\/marseille\\\/#organization\"},\"potentialAction\":[{\"@type\":\"SearchAction\",\"target\":{\"@type\":\"EntryPoint\",\"urlTemplate\":\"https:\\\/\\\/www.salon-medecinedouce.com\\\/marseille\\\/?s={search_term_string}\"},\"query-input\":{\"@type\":\"PropertyValueSpecification\",\"valueRequired\":true,\"valueName\":\"search_term_string\"}}],\"inLanguage\":\"fr-FR\"},{\"@type\":\"Organization\",\"@id\":\"https:\\\/\\\/www.salon-medecinedouce.com\\\/marseille\\\/#organization\",\"name\":\"Bien-\u00eatre Marseille\",\"url\":\"https:\\\/\\\/www.salon-medecinedouce.com\\\/marseille\\\/\",\"logo\":{\"@type\":\"ImageObject\",\"inLanguage\":\"fr-FR\",\"@id\":\"https:\\\/\\\/www.salon-medecinedouce.com\\\/marseille\\\/#\\\/schema\\\/logo\\\/image\\\/\",\"url\":\"https:\\\/\\\/www.salon-medecinedouce.com\\\/marseille\\\/wp-content\\\/uploads\\\/sites\\\/16\\\/2023\\\/10\\\/logo-BEMD.png\",\"contentUrl\":\"https:\\\/\\\/www.salon-medecinedouce.com\\\/marseille\\\/wp-content\\\/uploads\\\/sites\\\/16\\\/2023\\\/10\\\/logo-BEMD.png\",\"width\":199,\"height\":184,\"caption\":\"Bien-\u00eatre Marseille\"},\"image\":{\"@id\":\"https:\\\/\\\/www.salon-medecinedouce.com\\\/marseille\\\/#\\\/schema\\\/logo\\\/image\\\/\"}}]}<\/script>\n<!-- \/ Yoast SEO plugin. -->","yoast_head_json":{"title":"A ne pas manquer - Bien-\u00eatre Marseille","robots":{"index":"index","follow":"follow","max-snippet":"max-snippet:-1","max-image-preview":"max-image-preview:large","max-video-preview":"max-video-preview:-1"},"canonical":"https:\/\/www.salon-medecinedouce.com\/marseille\/programme\/a-ne-manquer\/","og_locale":"fr_FR","og_type":"article","og_title":"A ne pas manquer - Bien-\u00eatre Marseille","og_description":"En attendant de d\u00e9couvrir le programme du salon Bien-\u00catre M\u00e9decine Douce Marseille\u00a0 2024, retrouvez le programme 2023 :\u00a0 Exp\u00e9rimentez les m\u00e9thodes de sant\u00e9 &amp; bien-\u00eatre au naturel : Les Conf\u00e9rences : des conf\u00e9rences pl\u00e9ni\u00e8res anim\u00e9es par des m\u00e9decins et th\u00e9rapeutes sur des probl\u00e9matiques ancr\u00e9es dans l\u2019actualit\u00e9 : en savoir plus Les Ateliers-conf\u00e9rences : une multitude&hellip;","og_url":"https:\/\/www.salon-medecinedouce.com\/marseille\/programme\/a-ne-manquer\/","og_site_name":"Bien-\u00eatre Marseille","article_modified_time":"2023-10-16T14:41:37+00:00","og_image":[{"url":"https:\/\/www.salon-medecinedouce.com\/marseille\/wp-content\/uploads\/sites\/16\/2019\/07\/AdobeStock_218234665.jpg","type":"","width":"","height":""}],"twitter_card":"summary_large_image","twitter_misc":{"Dur\u00e9e de lecture estim\u00e9e":"1 minute"},"schema":{"@context":"https:\/\/schema.org","@graph":[{"@type":"WebPage","@id":"https:\/\/www.salon-medecinedouce.com\/marseille\/programme\/a-ne-manquer\/","url":"https:\/\/www.salon-medecinedouce.com\/marseille\/programme\/a-ne-manquer\/","name":"A ne pas manquer - Bien-\u00eatre Marseille","isPartOf":{"@id":"https:\/\/www.salon-medecinedouce.com\/marseille\/#website"},"primaryImageOfPage":{"@id":"https:\/\/www.salon-medecinedouce.com\/marseille\/programme\/a-ne-manquer\/#primaryimage"},"image":{"@id":"https:\/\/www.salon-medecinedouce.com\/marseille\/programme\/a-ne-manquer\/#primaryimage"},"thumbnailUrl":"https:\/\/www.salon-medecinedouce.com\/marseille\/wp-content\/uploads\/sites\/16\/2019\/07\/AdobeStock_218234665.jpg","datePublished":"2017-05-04T10:20:38+00:00","dateModified":"2023-10-16T14:41:37+00:00","breadcrumb":{"@id":"https:\/\/www.salon-medecinedouce.com\/marseille\/programme\/a-ne-manquer\/#breadcrumb"},"inLanguage":"fr-FR","potentialAction":[{"@type":"ReadAction","target":["https:\/\/www.salon-medecinedouce.com\/marseille\/programme\/a-ne-manquer\/"]}]},{"@type":"ImageObject","inLanguage":"fr-FR","@id":"https:\/\/www.salon-medecinedouce.com\/marseille\/programme\/a-ne-manquer\/#primaryimage","url":"https:\/\/www.salon-medecinedouce.com\/marseille\/wp-content\/uploads\/sites\/16\/2019\/07\/AdobeStock_218234665.jpg","contentUrl":"https:\/\/www.salon-medecinedouce.com\/marseille\/wp-content\/uploads\/sites\/16\/2019\/07\/AdobeStock_218234665.jpg","width":840,"height":250},{"@type":"BreadcrumbList","@id":"https:\/\/www.salon-medecinedouce.com\/marseille\/programme\/a-ne-manquer\/#breadcrumb","itemListElement":[{"@type":"ListItem","position":1,"name":"Accueil","item":"https:\/\/www.salon-medecinedouce.com\/marseille\/"},{"@type":"ListItem","position":2,"name":"Programme du salon","item":"https:\/\/www.salon-medecinedouce.com\/marseille\/programme\/"},{"@type":"ListItem","position":3,"name":"A ne pas manquer"}]},{"@type":"WebSite","@id":"https:\/\/www.salon-medecinedouce.com\/marseille\/#website","url":"https:\/\/www.salon-medecinedouce.com\/marseille\/","name":"Bien-\u00eatre Marseille","description":"La sant\u00e9 au naturel : M\u00e9decines douces - Compl\u00e9ments alimentaires - Alimentation saine - Cosm\u00e9tiques naturelles - Art de vivre - Tourisme de sant\u00e9","publisher":{"@id":"https:\/\/www.salon-medecinedouce.com\/marseille\/#organization"},"potentialAction":[{"@type":"SearchAction","target":{"@type":"EntryPoint","urlTemplate":"https:\/\/www.salon-medecinedouce.com\/marseille\/?s={search_term_string}"},"query-input":{"@type":"PropertyValueSpecification","valueRequired":true,"valueName":"search_term_string"}}],"inLanguage":"fr-FR"},{"@type":"Organization","@id":"https:\/\/www.salon-medecinedouce.com\/marseille\/#organization","name":"Bien-\u00eatre Marseille","url":"https:\/\/www.salon-medecinedouce.com\/marseille\/","logo":{"@type":"ImageObject","inLanguage":"fr-FR","@id":"https:\/\/www.salon-medecinedouce.com\/marseille\/#\/schema\/logo\/image\/","url":"https:\/\/www.salon-medecinedouce.com\/marseille\/wp-content\/uploads\/sites\/16\/2023\/10\/logo-BEMD.png","contentUrl":"https:\/\/www.salon-medecinedouce.com\/marseille\/wp-content\/uploads\/sites\/16\/2023\/10\/logo-BEMD.png","width":199,"height":184,"caption":"Bien-\u00eatre Marseille"},"image":{"@id":"https:\/\/www.salon-medecinedouce.com\/marseille\/#\/schema\/logo\/image\/"}}]}},"rttpg_featured_image_url":null,"rttpg_author":{"display_name":"admin","author_link":"https:\/\/www.salon-medecinedouce.com\/marseille\/blog\/author\/admin\/"},"rttpg_comment":0,"rttpg_category":null,"rttpg_excerpt":"En attendant de d\u00e9couvrir le programme du salon Bien-\u00catre M\u00e9decine Douce Marseille\u00a0 2024, retrouvez le programme 2023 :\u00a0 Exp\u00e9rimentez les m\u00e9thodes de sant\u00e9 &amp; bien-\u00eatre au naturel : Les Conf\u00e9rences : des conf\u00e9rences pl\u00e9ni\u00e8res anim\u00e9es par des m\u00e9decins et th\u00e9rapeutes sur des probl\u00e9matiques ancr\u00e9es dans l\u2019actualit\u00e9 : en savoir plus Les Ateliers-conf\u00e9rences : une multitude&hellip;","_links":{"self":[{"href":"https:\/\/www.salon-medecinedouce.com\/marseille\/wp-json\/wp\/v2\/pages\/3610","targetHints":{"allow":["GET"]}}],"collection":[{"href":"https:\/\/www.salon-medecinedouce.com\/marseille\/wp-json\/wp\/v2\/pages"}],"about":[{"href":"https:\/\/www.salon-medecinedouce.com\/marseille\/wp-json\/wp\/v2\/types\/page"}],"author":[{"embeddable":true,"href":"https:\/\/www.salon-medecinedouce.com\/marseille\/wp-json\/wp\/v2\/users\/1"}],"replies":[{"embeddable":true,"href":"https:\/\/www.salon-medecinedouce.com\/marseille\/wp-json\/wp\/v2\/comments?post=3610"}],"version-history":[{"count":39,"href":"https:\/\/www.salon-medecinedouce.com\/marseille\/wp-json\/wp\/v2\/pages\/3610\/revisions"}],"predecessor-version":[{"id":10911,"href":"https:\/\/www.salon-medecinedouce.com\/marseille\/wp-json\/wp\/v2\/pages\/3610\/revisions\/10911"}],"up":[{"embeddable":true,"href":"https:\/\/www.salon-medecinedouce.com\/marseille\/wp-json\/wp\/v2\/pages\/2085"}],"wp:attachment":[{"href":"https:\/\/www.salon-medecinedouce.com\/marseille\/wp-json\/wp\/v2\/media?parent=3610"}],"curies":[{"name":"wp","href":"https:\/\/api.w.org\/{rel}","templated":true}]}}