{"id":2436,"date":"2017-01-24T14:15:36","date_gmt":"2017-01-24T13:15:36","guid":{"rendered":"http:\/\/localhost:8888\/zen\/?page_id=2436"},"modified":"2024-02-09T16:32:31","modified_gmt":"2024-02-09T15:32:31","slug":"pourquoi-exposer","status":"publish","type":"page","link":"https:\/\/www.salon-medecinedouce.com\/marseille\/exposants\/pourquoi-exposer\/","title":{"rendered":"Pourquoi exposer ?"},"content":{"rendered":"<p><\/p>\r\n<div class=\"page-header\">\r\n<div class=\"breadcrumb home\" style=\"text-align: left;\"><span style=\"font-size: 35px; font-weight: bold;\">La pr\u00e9vention sant\u00e9 au naturel \u00e0 l\u2019honneur<\/span><\/div>\r\n<\/div>\r\n<div id=\"primary\"><main id=\"main\">\r\n<section id=\"post-2436\" class=\"post-2436 page type-page status-publish hentry\">\r\n<article>\r\n<div class=\"entry-content clearfix\">\r\n<p style=\"text-align: left;\">En 2024, le salon Bien-\u00catre M\u00e9decine Douce se recentre sur sa sp\u00e9cificit\u00e9 : un \u00e9v\u00e9nement r\u00e9unissant tous les acteurs et experts des m\u00e9decines compl\u00e9mentaires : laboratoires sp\u00e9cialis\u00e9s, \u00e9coles et formations en m\u00e9decines douces et un village des th\u00e9rapeutes.<\/p>\r\n<p><img fetchpriority=\"high\" decoding=\"async\" class=\"alignnone size-full wp-image-11994\" src=\"https:\/\/www.salon-medecinedouce.com\/lyon\/wp-content\/uploads\/sites\/12\/2023\/12\/Pouruqoi-exposer-.jpg\" alt=\"\" width=\"1031\" height=\"688\" \/><\/p>\r\n<p class=\"p1\">Le salon Bien-\u00eatre M\u00e9decine douce propose \u00e0 des professionnels de la sant\u00e9 et du bien-\u00eatre d\u2019exposer sur un \u00e9v\u00e9nement sp\u00e9cialis\u00e9 riche en \u00e9changes, rencontres, prises de contacts\u00a0et ventes directes avec un public en recherche de m\u00e9thodes douces et naturelles.Vous vous sentez concern\u00e9 ? Alors votre place se trouve sur notre \u00e9v\u00e9nement !<\/p>\r\n<h2>Le rendez-vous Bien-\u00eatre M\u00e9decine douce de Marseille<\/h2>\r\n<ul>\r\n\t<li>150 exposants<\/li>\r\n\t<li>8 500 visiteurs<\/li>\r\n\t<li>80 conf\u00e9rences, ateliers et animations\u00a0\u00a0<\/li>\r\n<\/ul>\r\n<h2>Une charte et un Comit\u00e9 de s\u00e9lection<\/h2>\r\n<p class=\"p1\">Les salons Bien-\u00eatre M\u00e9decine douce restent vigilants face aux d\u00e9rives sectaires\u00a0et aux all\u00e9gations th\u00e9rapeutiques en s\u00e9lectionnant rigoureusement ses exposants. Les produits pr\u00e9sents sur le salon sont \u00e9galement soumis \u00e0 notre cahier des charges.<\/p>\r\n<h1>La pr\u00e9vention sant\u00e9 \u00e0 l\u2019honneur<\/h1>\r\n<h2>Le salon se d\u00e9ploie sur 3 secteurs d\u2019expositions<\/h2>\r\n<h3>M\u00e9decines douces<\/h3>\r\n<table>\r\n<tbody>\r\n<tr>\r\n<td>\r\n<ul>\r\n\t<li>\u00c9coles et formations<\/li>\r\n\t<li>Th\u00e9rapeutes<\/li>\r\n\t<li>Mat\u00e9riel de sant\u00e9<\/li>\r\n\t<li>Soins et massages<\/li>\r\n<\/ul>\r\n<\/td>\r\n<td>\r\n<ul>\r\n\t<li>Huiles essentielles<\/li>\r\n\t<li>Compl\u00e9ments alimentaires<\/li>\r\n\t<li>Tourisme de sant\u00e9<\/li>\r\n<\/ul>\r\n<\/td>\r\n<\/tr>\r\n<\/tbody>\r\n<\/table>\r\n<h3>Bien-\u00eatre<\/h3>\r\n<table>\r\n<tbody>\r\n<tr>\r\n<td>\r\n<ul>\r\n\t<li>Cosm\u00e9tiques naturels<\/li>\r\n\t<li>Produits de beaut\u00e9<\/li>\r\n\t<li>S\u00e9jours bien-\u00eatre<\/li>\r\n<\/ul>\r\n<\/td>\r\n<td>\r\n<ul>\r\n\t<li>Produits de confort et de remise en forme<\/li>\r\n\t<li>\u00c9ditions sp\u00e9cialis\u00e9es<\/li>\r\n\t<li>Alimentation saine et plaisir<\/li>\r\n<\/ul>\r\n<\/td>\r\n<\/tr>\r\n<\/tbody>\r\n<\/table>\r\n<h3>Rendez-vous de la Conscience<\/h3>\r\n<table>\r\n<tbody>\r\n<tr>\r\n<td>\r\n<ul>\r\n\t<li>Spiritualit\u00e9\u00a0<\/li>\r\n\t<li>D\u00e9veloppement personnel<\/li>\r\n\t<li>Pens\u00e9e positive<\/li>\r\n<\/ul>\r\n<\/td>\r\n<td>\r\n<ul>\r\n\t<li>Soins \u00e9nerg\u00e9tiques<\/li>\r\n\t<li>Pierres et min\u00e9raux<\/li>\r\n\t<li>Chamanisme<\/li>\r\n<\/ul>\r\n<\/td>\r\n<\/tr>\r\n<\/tbody>\r\n<\/table>\r\n<h2>Les nouveaut\u00e9s Marseille<\/h2>\r\n<h2>Nouveaut\u00e9s du secteur M\u00e9decines douces<\/h2>\r\n<ul>\r\n\t<li><strong>L\u2019Espace Coh\u00e9rence cardiaque by Zenspire<br \/>\r\n<\/strong>Un espace consacr\u00e9 \u00e0 la d\u00e9tente et \u00e0 la relaxation, encadr\u00e9 par des coachs nomades qui vous feront d\u00e9couvrir la coh\u00e9rence cardiaque et vous aideront \u00e0 travailler sur votre respiration.\u00a0<\/li>\r\n<\/ul>\r\n<h2>Une campagne de communication multim\u00e9dia adapt\u00e9e \u00e0 chaque ville<\/h2>\r\n<p>&gt; Des invitations diffus\u00e9es aupr\u00e8s du grand public, de professionnels de sant\u00e9, boutiques, centres de bien-\u00eatre\u2026<\/p>\r\n<p>&gt; Des insertions publicitaires et r\u00e9dactionnelles sur de grands titres de presse<\/p>\r\n<p>&gt; Une campagne d\u2019affichage et dans de nombreuses boutiques, et lors des salons de la SPAS<\/p>\r\n<p>&gt; Une campagne d\u2019emailings et de newsletters g\u00e9ographiquement cibl\u00e9e<\/p>\r\n<p>&gt; Un site web d\u00e9di\u00e9 \u00e0 chaque salon pour retrouver les actualit\u00e9s et le programme des exposants tout au long de l\u2019ann\u00e9e<\/p>\r\n<p>&gt; Un service de presse attach\u00e9 au salon travaille activement \u00e0 une mise en avant des exposants de Bien-\u00eatre M\u00e9decine Douce sur tous types de supports : presse, TV, radio et web.<\/p>\r\n<p>&gt; Des journalistes et influenceurs attendus sur les salons pour un relais m\u00e9diatique partout en France<\/p>\r\n<p><img decoding=\"async\" class=\"alignnone  wp-image-11997\" src=\"https:\/\/www.salon-medecinedouce.com\/lyon\/wp-content\/uploads\/sites\/12\/2023\/12\/Ajouter-un-sous-titre-1.jpg\" alt=\"\" width=\"865\" height=\"346\" \/><\/p>\r\n<p><a href=\"https:\/\/sevellia.com\/\" target=\"_blank\" rel=\"noopener noreferrer\">\u00a0<\/a><a href=\"https:\/\/sevellia.com\/\" target=\"_blank\" rel=\"noopener noreferrer\"><br \/>\r\n<br \/>\r\n<\/a><a href=\"https:\/\/www.salon-medecinedouce.com\/marseille\/exposants\/demandez-votre-dossier-d-inscription\/\" rel=\"noopener noreferrer\"><img decoding=\"async\" class=\"alignnone\" title=\"BoutonDEMANDEBe\" src=\"https:\/\/www.salon-medecinedouce.com\/lyon\/wp-content\/uploads\/sites\/12\/2019\/06\/BoutonDEMANDEBe.jpg\" alt=\"BoutonDEMANDEBe\" width=\"321\" height=\"154\" \/><\/a>\u00a0<a href=\"https:\/\/www.salon-medecinedouce.com\/marseille\/exposants\/contacts-exposants\/\" rel=\"noopener noreferrer\"><img loading=\"lazy\" decoding=\"async\" class=\"alignnone\" title=\"BoutonCONTACTBe\" src=\"https:\/\/www.salon-medecinedouce.com\/lyon\/wp-content\/uploads\/sites\/12\/2019\/06\/BoutonCONTACTBe.jpg\" alt=\"BoutonCONTACTBe\" width=\"319\" height=\"153\" \/><\/a><\/p>\r\n<h2>Tous vos rendez-vous :<\/h2>\r\n<table style=\"width: 105.223%; height: 240px;\">\r\n<tbody>\r\n<tr>\r\n<td style=\"width: 47.1533%;\">\r\n<h3>\u00a0<\/h3>\r\n<h3><a href=\"https:\/\/www.salon-medecinedouce.com\/lyon\/\">&gt;&gt; Bien-\u00catre M\u00e9decine Douce Lyon<\/a><\/h3>\r\n<p>19-21 janvier 2024 \u2013 Cit\u00e9 Internationale de Lyon<\/p>\r\n<\/td>\r\n<td style=\"width: 52.7007%;\">\r\n<h3>\u00a0<\/h3>\r\n<h3 style=\"text-align: left;\"><a href=\"https:\/\/www.salon-medecinedouce.com\/paris\">&gt;&gt; Bien-\u00catre M\u00e9decine Douce Paris<\/a><\/h3>\r\n<p>1er-5 f\u00e9vrier 2024 \u2013 Porte de Versailles<\/p>\r\n<\/td>\r\n<\/tr>\r\n<\/tbody>\r\n<\/table>\r\n<\/div>\r\n<\/article>\r\n<\/section>\r\n<\/main><\/div>\r\n<div class=\"salon-accueil salon-entity-placement\" id=\"salon-95841650\"><div id=\"salon-609088184\"><a data-no-instant=\"1\" href=\"https:\/\/www.amac-formation.fr\/\" rel=\"noopener\" class=\"a2t-link\" target=\"_blank\"><p><img loading=\"lazy\" decoding=\"async\" class=\"aligncenter size-full wp-image-10787\" src=\"https:\/\/www.salon-medecinedouce.com\/marseille\/wp-content\/uploads\/sites\/16\/2023\/02\/Baniere-salon-du-bien-etre.png\" alt=\"amac-formation\" width=\"728\" height=\"90\" srcset=\"https:\/\/www.salon-medecinedouce.com\/marseille\/wp-content\/uploads\/sites\/16\/2023\/02\/Baniere-salon-du-bien-etre.png 728w, https:\/\/www.salon-medecinedouce.com\/marseille\/wp-content\/uploads\/sites\/16\/2023\/02\/Baniere-salon-du-bien-etre-300x37.png 300w, https:\/\/www.salon-medecinedouce.com\/marseille\/wp-content\/uploads\/sites\/16\/2023\/02\/Baniere-salon-du-bien-etre-150x19.png 150w, https:\/\/www.salon-medecinedouce.com\/marseille\/wp-content\/uploads\/sites\/16\/2023\/02\/Baniere-salon-du-bien-etre-500x62.png 500w\" sizes=\"(max-width: 728px) 100vw, 728px\" \/><\/p>\n<\/a><\/div><\/div>","protected":false},"excerpt":{"rendered":"","protected":false},"author":1,"featured_media":0,"parent":2087,"menu_order":1,"comment_status":"closed","ping_status":"closed","template":"","meta":{"_monsterinsights_skip_tracking":false,"_monsterinsights_sitenote_active":false,"_monsterinsights_sitenote_note":"","_monsterinsights_sitenote_category":0,"footnotes":""},"class_list":["post-2436","page","type-page","status-publish","hentry"],"yoast_head":"<!-- This site is optimized with the Yoast SEO plugin v27.3 - https:\/\/yoast.com\/product\/yoast-seo-wordpress\/ -->\n<title>Pourquoi exposer ? - Bien-\u00eatre Marseille<\/title>\n<meta name=\"robots\" content=\"index, follow, max-snippet:-1, max-image-preview:large, max-video-preview:-1\" \/>\n<link rel=\"canonical\" href=\"https:\/\/www.salon-medecinedouce.com\/marseille\/exposants\/pourquoi-exposer\/\" \/>\n<meta property=\"og:locale\" content=\"fr_FR\" \/>\n<meta property=\"og:type\" content=\"article\" \/>\n<meta property=\"og:title\" content=\"Pourquoi exposer ? - Bien-\u00eatre Marseille\" \/>\n<meta property=\"og:url\" content=\"https:\/\/www.salon-medecinedouce.com\/marseille\/exposants\/pourquoi-exposer\/\" \/>\n<meta property=\"og:site_name\" content=\"Bien-\u00eatre Marseille\" \/>\n<meta property=\"article:modified_time\" content=\"2024-02-09T15:32:31+00:00\" \/>\n<meta property=\"og:image\" content=\"https:\/\/www.salon-medecinedouce.com\/lyon\/wp-content\/uploads\/sites\/12\/2023\/12\/Pouruqoi-exposer-.jpg\" \/>\n<meta name=\"twitter:card\" content=\"summary_large_image\" \/>\n<meta name=\"twitter:label1\" content=\"Dur\u00e9e de lecture estim\u00e9e\" \/>\n\t<meta name=\"twitter:data1\" content=\"3 minutes\" \/>\n<script type=\"application\/ld+json\" class=\"yoast-schema-graph\">{\"@context\":\"https:\\\/\\\/schema.org\",\"@graph\":[{\"@type\":\"WebPage\",\"@id\":\"https:\\\/\\\/www.salon-medecinedouce.com\\\/marseille\\\/exposants\\\/pourquoi-exposer\\\/\",\"url\":\"https:\\\/\\\/www.salon-medecinedouce.com\\\/marseille\\\/exposants\\\/pourquoi-exposer\\\/\",\"name\":\"Pourquoi exposer ? - Bien-\u00eatre Marseille\",\"isPartOf\":{\"@id\":\"https:\\\/\\\/www.salon-medecinedouce.com\\\/marseille\\\/#website\"},\"primaryImageOfPage\":{\"@id\":\"https:\\\/\\\/www.salon-medecinedouce.com\\\/marseille\\\/exposants\\\/pourquoi-exposer\\\/#primaryimage\"},\"image\":{\"@id\":\"https:\\\/\\\/www.salon-medecinedouce.com\\\/marseille\\\/exposants\\\/pourquoi-exposer\\\/#primaryimage\"},\"thumbnailUrl\":\"https:\\\/\\\/www.salon-medecinedouce.com\\\/lyon\\\/wp-content\\\/uploads\\\/sites\\\/12\\\/2023\\\/12\\\/Pouruqoi-exposer-.jpg\",\"datePublished\":\"2017-01-24T13:15:36+00:00\",\"dateModified\":\"2024-02-09T15:32:31+00:00\",\"breadcrumb\":{\"@id\":\"https:\\\/\\\/www.salon-medecinedouce.com\\\/marseille\\\/exposants\\\/pourquoi-exposer\\\/#breadcrumb\"},\"inLanguage\":\"fr-FR\",\"potentialAction\":[{\"@type\":\"ReadAction\",\"target\":[\"https:\\\/\\\/www.salon-medecinedouce.com\\\/marseille\\\/exposants\\\/pourquoi-exposer\\\/\"]}]},{\"@type\":\"ImageObject\",\"inLanguage\":\"fr-FR\",\"@id\":\"https:\\\/\\\/www.salon-medecinedouce.com\\\/marseille\\\/exposants\\\/pourquoi-exposer\\\/#primaryimage\",\"url\":\"https:\\\/\\\/www.salon-medecinedouce.com\\\/lyon\\\/wp-content\\\/uploads\\\/sites\\\/12\\\/2023\\\/12\\\/Pouruqoi-exposer-.jpg\",\"contentUrl\":\"https:\\\/\\\/www.salon-medecinedouce.com\\\/lyon\\\/wp-content\\\/uploads\\\/sites\\\/12\\\/2023\\\/12\\\/Pouruqoi-exposer-.jpg\"},{\"@type\":\"BreadcrumbList\",\"@id\":\"https:\\\/\\\/www.salon-medecinedouce.com\\\/marseille\\\/exposants\\\/pourquoi-exposer\\\/#breadcrumb\",\"itemListElement\":[{\"@type\":\"ListItem\",\"position\":1,\"name\":\"Accueil\",\"item\":\"https:\\\/\\\/www.salon-medecinedouce.com\\\/marseille\\\/\"},{\"@type\":\"ListItem\",\"position\":2,\"name\":\"Exposer sur le salon\",\"item\":\"https:\\\/\\\/www.salon-medecinedouce.com\\\/marseille\\\/exposants\\\/\"},{\"@type\":\"ListItem\",\"position\":3,\"name\":\"Pourquoi exposer ?\"}]},{\"@type\":\"WebSite\",\"@id\":\"https:\\\/\\\/www.salon-medecinedouce.com\\\/marseille\\\/#website\",\"url\":\"https:\\\/\\\/www.salon-medecinedouce.com\\\/marseille\\\/\",\"name\":\"Bien-\u00eatre Marseille\",\"description\":\"La sant\u00e9 au naturel : M\u00e9decines douces - Compl\u00e9ments alimentaires - Alimentation saine - Cosm\u00e9tiques naturelles - Art de vivre - Tourisme de sant\u00e9\",\"publisher\":{\"@id\":\"https:\\\/\\\/www.salon-medecinedouce.com\\\/marseille\\\/#organization\"},\"potentialAction\":[{\"@type\":\"SearchAction\",\"target\":{\"@type\":\"EntryPoint\",\"urlTemplate\":\"https:\\\/\\\/www.salon-medecinedouce.com\\\/marseille\\\/?s={search_term_string}\"},\"query-input\":{\"@type\":\"PropertyValueSpecification\",\"valueRequired\":true,\"valueName\":\"search_term_string\"}}],\"inLanguage\":\"fr-FR\"},{\"@type\":\"Organization\",\"@id\":\"https:\\\/\\\/www.salon-medecinedouce.com\\\/marseille\\\/#organization\",\"name\":\"Bien-\u00eatre Marseille\",\"url\":\"https:\\\/\\\/www.salon-medecinedouce.com\\\/marseille\\\/\",\"logo\":{\"@type\":\"ImageObject\",\"inLanguage\":\"fr-FR\",\"@id\":\"https:\\\/\\\/www.salon-medecinedouce.com\\\/marseille\\\/#\\\/schema\\\/logo\\\/image\\\/\",\"url\":\"https:\\\/\\\/www.salon-medecinedouce.com\\\/marseille\\\/wp-content\\\/uploads\\\/sites\\\/16\\\/2023\\\/10\\\/logo-BEMD.png\",\"contentUrl\":\"https:\\\/\\\/www.salon-medecinedouce.com\\\/marseille\\\/wp-content\\\/uploads\\\/sites\\\/16\\\/2023\\\/10\\\/logo-BEMD.png\",\"width\":199,\"height\":184,\"caption\":\"Bien-\u00eatre Marseille\"},\"image\":{\"@id\":\"https:\\\/\\\/www.salon-medecinedouce.com\\\/marseille\\\/#\\\/schema\\\/logo\\\/image\\\/\"}}]}<\/script>\n<!-- \/ Yoast SEO plugin. -->","yoast_head_json":{"title":"Pourquoi exposer ? - Bien-\u00eatre Marseille","robots":{"index":"index","follow":"follow","max-snippet":"max-snippet:-1","max-image-preview":"max-image-preview:large","max-video-preview":"max-video-preview:-1"},"canonical":"https:\/\/www.salon-medecinedouce.com\/marseille\/exposants\/pourquoi-exposer\/","og_locale":"fr_FR","og_type":"article","og_title":"Pourquoi exposer ? - Bien-\u00eatre Marseille","og_url":"https:\/\/www.salon-medecinedouce.com\/marseille\/exposants\/pourquoi-exposer\/","og_site_name":"Bien-\u00eatre Marseille","article_modified_time":"2024-02-09T15:32:31+00:00","og_image":[{"url":"https:\/\/www.salon-medecinedouce.com\/lyon\/wp-content\/uploads\/sites\/12\/2023\/12\/Pouruqoi-exposer-.jpg","type":"","width":"","height":""}],"twitter_card":"summary_large_image","twitter_misc":{"Dur\u00e9e de lecture estim\u00e9e":"3 minutes"},"schema":{"@context":"https:\/\/schema.org","@graph":[{"@type":"WebPage","@id":"https:\/\/www.salon-medecinedouce.com\/marseille\/exposants\/pourquoi-exposer\/","url":"https:\/\/www.salon-medecinedouce.com\/marseille\/exposants\/pourquoi-exposer\/","name":"Pourquoi exposer ? - Bien-\u00eatre Marseille","isPartOf":{"@id":"https:\/\/www.salon-medecinedouce.com\/marseille\/#website"},"primaryImageOfPage":{"@id":"https:\/\/www.salon-medecinedouce.com\/marseille\/exposants\/pourquoi-exposer\/#primaryimage"},"image":{"@id":"https:\/\/www.salon-medecinedouce.com\/marseille\/exposants\/pourquoi-exposer\/#primaryimage"},"thumbnailUrl":"https:\/\/www.salon-medecinedouce.com\/lyon\/wp-content\/uploads\/sites\/12\/2023\/12\/Pouruqoi-exposer-.jpg","datePublished":"2017-01-24T13:15:36+00:00","dateModified":"2024-02-09T15:32:31+00:00","breadcrumb":{"@id":"https:\/\/www.salon-medecinedouce.com\/marseille\/exposants\/pourquoi-exposer\/#breadcrumb"},"inLanguage":"fr-FR","potentialAction":[{"@type":"ReadAction","target":["https:\/\/www.salon-medecinedouce.com\/marseille\/exposants\/pourquoi-exposer\/"]}]},{"@type":"ImageObject","inLanguage":"fr-FR","@id":"https:\/\/www.salon-medecinedouce.com\/marseille\/exposants\/pourquoi-exposer\/#primaryimage","url":"https:\/\/www.salon-medecinedouce.com\/lyon\/wp-content\/uploads\/sites\/12\/2023\/12\/Pouruqoi-exposer-.jpg","contentUrl":"https:\/\/www.salon-medecinedouce.com\/lyon\/wp-content\/uploads\/sites\/12\/2023\/12\/Pouruqoi-exposer-.jpg"},{"@type":"BreadcrumbList","@id":"https:\/\/www.salon-medecinedouce.com\/marseille\/exposants\/pourquoi-exposer\/#breadcrumb","itemListElement":[{"@type":"ListItem","position":1,"name":"Accueil","item":"https:\/\/www.salon-medecinedouce.com\/marseille\/"},{"@type":"ListItem","position":2,"name":"Exposer sur le salon","item":"https:\/\/www.salon-medecinedouce.com\/marseille\/exposants\/"},{"@type":"ListItem","position":3,"name":"Pourquoi exposer ?"}]},{"@type":"WebSite","@id":"https:\/\/www.salon-medecinedouce.com\/marseille\/#website","url":"https:\/\/www.salon-medecinedouce.com\/marseille\/","name":"Bien-\u00eatre Marseille","description":"La sant\u00e9 au naturel : M\u00e9decines douces - Compl\u00e9ments alimentaires - Alimentation saine - Cosm\u00e9tiques naturelles - Art de vivre - Tourisme de sant\u00e9","publisher":{"@id":"https:\/\/www.salon-medecinedouce.com\/marseille\/#organization"},"potentialAction":[{"@type":"SearchAction","target":{"@type":"EntryPoint","urlTemplate":"https:\/\/www.salon-medecinedouce.com\/marseille\/?s={search_term_string}"},"query-input":{"@type":"PropertyValueSpecification","valueRequired":true,"valueName":"search_term_string"}}],"inLanguage":"fr-FR"},{"@type":"Organization","@id":"https:\/\/www.salon-medecinedouce.com\/marseille\/#organization","name":"Bien-\u00eatre Marseille","url":"https:\/\/www.salon-medecinedouce.com\/marseille\/","logo":{"@type":"ImageObject","inLanguage":"fr-FR","@id":"https:\/\/www.salon-medecinedouce.com\/marseille\/#\/schema\/logo\/image\/","url":"https:\/\/www.salon-medecinedouce.com\/marseille\/wp-content\/uploads\/sites\/16\/2023\/10\/logo-BEMD.png","contentUrl":"https:\/\/www.salon-medecinedouce.com\/marseille\/wp-content\/uploads\/sites\/16\/2023\/10\/logo-BEMD.png","width":199,"height":184,"caption":"Bien-\u00eatre Marseille"},"image":{"@id":"https:\/\/www.salon-medecinedouce.com\/marseille\/#\/schema\/logo\/image\/"}}]}},"rttpg_featured_image_url":null,"rttpg_author":{"display_name":"admin","author_link":"https:\/\/www.salon-medecinedouce.com\/marseille\/blog\/author\/admin\/"},"rttpg_comment":0,"rttpg_category":null,"rttpg_excerpt":null,"_links":{"self":[{"href":"https:\/\/www.salon-medecinedouce.com\/marseille\/wp-json\/wp\/v2\/pages\/2436","targetHints":{"allow":["GET"]}}],"collection":[{"href":"https:\/\/www.salon-medecinedouce.com\/marseille\/wp-json\/wp\/v2\/pages"}],"about":[{"href":"https:\/\/www.salon-medecinedouce.com\/marseille\/wp-json\/wp\/v2\/types\/page"}],"author":[{"embeddable":true,"href":"https:\/\/www.salon-medecinedouce.com\/marseille\/wp-json\/wp\/v2\/users\/1"}],"replies":[{"embeddable":true,"href":"https:\/\/www.salon-medecinedouce.com\/marseille\/wp-json\/wp\/v2\/comments?post=2436"}],"version-history":[{"count":41,"href":"https:\/\/www.salon-medecinedouce.com\/marseille\/wp-json\/wp\/v2\/pages\/2436\/revisions"}],"predecessor-version":[{"id":11051,"href":"https:\/\/www.salon-medecinedouce.com\/marseille\/wp-json\/wp\/v2\/pages\/2436\/revisions\/11051"}],"up":[{"embeddable":true,"href":"https:\/\/www.salon-medecinedouce.com\/marseille\/wp-json\/wp\/v2\/pages\/2087"}],"wp:attachment":[{"href":"https:\/\/www.salon-medecinedouce.com\/marseille\/wp-json\/wp\/v2\/media?parent=2436"}],"curies":[{"name":"wp","href":"https:\/\/api.w.org\/{rel}","templated":true}]}}