{"id":2388,"date":"2017-01-24T12:43:44","date_gmt":"2017-01-24T11:43:44","guid":{"rendered":"http:\/\/localhost:8888\/zen\/?page_id=2388"},"modified":"2024-02-09T10:48:28","modified_gmt":"2024-02-09T09:48:28","slug":"les-secteurs-du-salon","status":"publish","type":"page","link":"https:\/\/www.salon-medecinedouce.com\/marseille\/visiteurs\/les-secteurs-du-salon\/","title":{"rendered":"Les secteurs du salon"},"content":{"rendered":"<h2><img fetchpriority=\"high\" decoding=\"async\" class=\"alignnone size-full wp-image-8643\" src=\"https:\/\/www.salon-medecinedouce.com\/marseille\/wp-content\/uploads\/sites\/16\/2019\/07\/AdobeStock_49579328.jpg\" alt=\"\" width=\"840\" height=\"250\" srcset=\"https:\/\/www.salon-medecinedouce.com\/marseille\/wp-content\/uploads\/sites\/16\/2019\/07\/AdobeStock_49579328.jpg 840w, https:\/\/www.salon-medecinedouce.com\/marseille\/wp-content\/uploads\/sites\/16\/2019\/07\/AdobeStock_49579328-300x89.jpg 300w, https:\/\/www.salon-medecinedouce.com\/marseille\/wp-content\/uploads\/sites\/16\/2019\/07\/AdobeStock_49579328-768x229.jpg 768w, https:\/\/www.salon-medecinedouce.com\/marseille\/wp-content\/uploads\/sites\/16\/2019\/07\/AdobeStock_49579328-150x45.jpg 150w, https:\/\/www.salon-medecinedouce.com\/marseille\/wp-content\/uploads\/sites\/16\/2019\/07\/AdobeStock_49579328-500x149.jpg 500w\" sizes=\"(max-width: 840px) 100vw, 840px\" \/><\/h2>\n<h2>3 secteurs d\u2019exposition pour d\u00e9couvrir un panorama complet des solutions de bien-\u00eatre au naturel<\/h2>\n<h2>Le salon se d\u00e9ploie sur 3 secteurs d\u2019exposition d\u00e9taill\u00e9s ci-dessous\u00a0 :<\/h2>\n<h3><strong>Les M\u00e9decines douces : une zone large et centrale<\/strong><\/h3>\n<ul>\n<li style=\"font-weight: 400;\">Laboratoires sp\u00e9cialis\u00e9s en compl\u00e9ments alimentaires<br \/>\nVitamines, min\u00e9raux, oligo-\u00e9l\u00e9ments, phytoth\u00e9rapie, di\u00e9t\u00e9tique, micronutrition<\/li>\n<li style=\"font-weight: 400;\">Th\u00e9rapeutes \/ \u00e9coles et formations\u00a0<br \/>\nM\u00e9decine traditionnelle chinoise, m\u00e9decine int\u00e9grative, m\u00e9decine quantique, d\u00e9veloppement personnel, sophrologie, hypnose, aromath\u00e9rapie, phytoth\u00e9rapie, m\u00e9decine ayurv\u00e9dique, m\u00e9decine connect\u00e9e, m\u00e9decine int\u00e9grative, naturopathie, EMDR, facia-th\u00e9rapie, soins et massages (chinois, shiatsu, californien\u2026), r\u00e9flexologie, \u00e9coles et formations, f\u00e9d\u00e9rations, assurances et mutuelles, mat\u00e9riel de sant\u00e9.<\/li>\n<li style=\"font-weight: 400;\">Tourisme de sant\u00e9<br \/>\nS\u00e9jours d\u00e9tox, randonn\u00e9es et vacances nature<\/li>\n<li style=\"font-weight: 400;\">Soins et massages\u00a0<\/li>\n<li style=\"font-weight: 400;\">Mat\u00e9riel de sant\u00e9<\/li>\n<\/ul>\n<h3><strong>Le Bien-\u00eatre : lieu des rendez-vous des produits d\u00e9tente et plaisir<\/strong><\/h3>\n<ul>\n<li style=\"font-weight: 400;\">Alimentation saine<br \/>\nAlimentation sant\u00e9, produits di\u00e9t\u00e9tiques, eaux v\u00e9g\u00e9tales, superaliments, raw food, sans oublier l\u2019alimentation plaisir.\u00a0\u00a0<\/li>\n<li style=\"font-weight: 400;\">Cosm\u00e9tiques naturels<br \/>\nCr\u00e8mes de soin bio et naturelles, maquillage bio, soins du cheveu, produits de beaut\u00e9.<\/li>\n<li style=\"font-weight: 400;\">Bien-\u00catre chez soi<br \/>\nEditions sp\u00e9cialis\u00e9es, produits d\u2019entretien \u00e9cologiques, Feng Shui, produits de confort et de remise en forme, bijoux et min\u00e9raux, d\u00e9veloppement personnel.<\/li>\n<\/ul>\n<h3><strong>Le Rendez-vous de la Conscience : un espace au service de l\u2019\u00e9panouissement individuel et collectif<\/strong><\/h3>\n<ul>\n<li style=\"font-weight: 400;\">Spiritualit\u00e9\u00a0<\/li>\n<li style=\"font-weight: 400;\">D\u00e9veloppement personnel<\/li>\n<li style=\"font-weight: 400;\">Ecopsychologie<\/li>\n<li style=\"font-weight: 400;\">Pens\u00e9e positive<\/li>\n<li style=\"font-weight: 400;\">Th\u00e9rapies information<\/li>\n<\/ul>\n<div class=\"salon-accueil salon-entity-placement\" id=\"salon-103886509\"><div id=\"salon-958345559\"><a data-no-instant=\"1\" href=\"https:\/\/www.amac-formation.fr\/\" rel=\"noopener\" class=\"a2t-link\" target=\"_blank\"><p><img decoding=\"async\" class=\"aligncenter size-full wp-image-10787\" src=\"https:\/\/www.salon-medecinedouce.com\/marseille\/wp-content\/uploads\/sites\/16\/2023\/02\/Baniere-salon-du-bien-etre.png\" alt=\"amac-formation\" width=\"728\" height=\"90\" srcset=\"https:\/\/www.salon-medecinedouce.com\/marseille\/wp-content\/uploads\/sites\/16\/2023\/02\/Baniere-salon-du-bien-etre.png 728w, https:\/\/www.salon-medecinedouce.com\/marseille\/wp-content\/uploads\/sites\/16\/2023\/02\/Baniere-salon-du-bien-etre-300x37.png 300w, https:\/\/www.salon-medecinedouce.com\/marseille\/wp-content\/uploads\/sites\/16\/2023\/02\/Baniere-salon-du-bien-etre-150x19.png 150w, https:\/\/www.salon-medecinedouce.com\/marseille\/wp-content\/uploads\/sites\/16\/2023\/02\/Baniere-salon-du-bien-etre-500x62.png 500w\" sizes=\"(max-width: 728px) 100vw, 728px\" \/><\/p>\n<\/a><\/div><\/div>","protected":false},"excerpt":{"rendered":"<p>3 secteurs d\u2019exposition pour d\u00e9couvrir un panorama complet des solutions de bien-\u00eatre au naturel Le salon se d\u00e9ploie sur 3 secteurs d\u2019exposition d\u00e9taill\u00e9s ci-dessous\u00a0 : Les M\u00e9decines douces : une zone large et centrale Laboratoires sp\u00e9cialis\u00e9s en compl\u00e9ments alimentaires Vitamines, min\u00e9raux, oligo-\u00e9l\u00e9ments, phytoth\u00e9rapie, di\u00e9t\u00e9tique, micronutrition Th\u00e9rapeutes \/ \u00e9coles et formations\u00a0 M\u00e9decine traditionnelle chinoise, m\u00e9decine int\u00e9grative,&hellip; <\/p>\n","protected":false},"author":1,"featured_media":4100,"parent":2081,"menu_order":2,"comment_status":"closed","ping_status":"closed","template":"","meta":{"_monsterinsights_skip_tracking":false,"_monsterinsights_sitenote_active":false,"_monsterinsights_sitenote_note":"","_monsterinsights_sitenote_category":0,"footnotes":""},"class_list":["post-2388","page","type-page","status-publish","has-post-thumbnail","hentry"],"yoast_head":"<!-- This site is optimized with the Yoast SEO plugin v27.3 - https:\/\/yoast.com\/product\/yoast-seo-wordpress\/ -->\n<title>Les secteurs du salon - Bien-\u00eatre Marseille<\/title>\n<meta name=\"robots\" content=\"index, follow, max-snippet:-1, max-image-preview:large, max-video-preview:-1\" \/>\n<link rel=\"canonical\" href=\"https:\/\/www.salon-medecinedouce.com\/marseille\/visiteurs\/les-secteurs-du-salon\/\" \/>\n<meta property=\"og:locale\" content=\"fr_FR\" \/>\n<meta property=\"og:type\" content=\"article\" \/>\n<meta property=\"og:title\" content=\"Les secteurs du salon - Bien-\u00eatre Marseille\" \/>\n<meta property=\"og:description\" content=\"3 secteurs d\u2019exposition pour d\u00e9couvrir un panorama complet des solutions de bien-\u00eatre au naturel Le salon se d\u00e9ploie sur 3 secteurs d\u2019exposition d\u00e9taill\u00e9s ci-dessous\u00a0 : Les M\u00e9decines douces : une zone large et centrale Laboratoires sp\u00e9cialis\u00e9s en compl\u00e9ments alimentaires Vitamines, min\u00e9raux, oligo-\u00e9l\u00e9ments, phytoth\u00e9rapie, di\u00e9t\u00e9tique, micronutrition Th\u00e9rapeutes \/ \u00e9coles et formations\u00a0 M\u00e9decine traditionnelle chinoise, m\u00e9decine int\u00e9grative,&hellip;\" \/>\n<meta property=\"og:url\" content=\"https:\/\/www.salon-medecinedouce.com\/marseille\/visiteurs\/les-secteurs-du-salon\/\" \/>\n<meta property=\"og:site_name\" content=\"Bien-\u00eatre Marseille\" \/>\n<meta property=\"article:modified_time\" content=\"2024-02-09T09:48:28+00:00\" \/>\n<meta property=\"og:image\" content=\"https:\/\/www.salon-medecinedouce.com\/marseille\/wp-content\/uploads\/sites\/16\/2017\/06\/shutterstock_521637919.jpg\" \/>\n\t<meta property=\"og:image:width\" content=\"1000\" \/>\n\t<meta property=\"og:image:height\" content=\"667\" \/>\n\t<meta property=\"og:image:type\" content=\"image\/jpeg\" \/>\n<meta name=\"twitter:card\" content=\"summary_large_image\" \/>\n<meta name=\"twitter:label1\" content=\"Dur\u00e9e de lecture estim\u00e9e\" \/>\n\t<meta name=\"twitter:data1\" content=\"2 minutes\" \/>\n<script type=\"application\/ld+json\" class=\"yoast-schema-graph\">{\"@context\":\"https:\\\/\\\/schema.org\",\"@graph\":[{\"@type\":\"WebPage\",\"@id\":\"https:\\\/\\\/www.salon-medecinedouce.com\\\/marseille\\\/visiteurs\\\/les-secteurs-du-salon\\\/\",\"url\":\"https:\\\/\\\/www.salon-medecinedouce.com\\\/marseille\\\/visiteurs\\\/les-secteurs-du-salon\\\/\",\"name\":\"Les secteurs du salon - Bien-\u00eatre Marseille\",\"isPartOf\":{\"@id\":\"https:\\\/\\\/www.salon-medecinedouce.com\\\/marseille\\\/#website\"},\"primaryImageOfPage\":{\"@id\":\"https:\\\/\\\/www.salon-medecinedouce.com\\\/marseille\\\/visiteurs\\\/les-secteurs-du-salon\\\/#primaryimage\"},\"image\":{\"@id\":\"https:\\\/\\\/www.salon-medecinedouce.com\\\/marseille\\\/visiteurs\\\/les-secteurs-du-salon\\\/#primaryimage\"},\"thumbnailUrl\":\"https:\\\/\\\/www.salon-medecinedouce.com\\\/marseille\\\/wp-content\\\/uploads\\\/sites\\\/16\\\/2017\\\/06\\\/shutterstock_521637919.jpg\",\"datePublished\":\"2017-01-24T11:43:44+00:00\",\"dateModified\":\"2024-02-09T09:48:28+00:00\",\"breadcrumb\":{\"@id\":\"https:\\\/\\\/www.salon-medecinedouce.com\\\/marseille\\\/visiteurs\\\/les-secteurs-du-salon\\\/#breadcrumb\"},\"inLanguage\":\"fr-FR\",\"potentialAction\":[{\"@type\":\"ReadAction\",\"target\":[\"https:\\\/\\\/www.salon-medecinedouce.com\\\/marseille\\\/visiteurs\\\/les-secteurs-du-salon\\\/\"]}]},{\"@type\":\"ImageObject\",\"inLanguage\":\"fr-FR\",\"@id\":\"https:\\\/\\\/www.salon-medecinedouce.com\\\/marseille\\\/visiteurs\\\/les-secteurs-du-salon\\\/#primaryimage\",\"url\":\"https:\\\/\\\/www.salon-medecinedouce.com\\\/marseille\\\/wp-content\\\/uploads\\\/sites\\\/16\\\/2017\\\/06\\\/shutterstock_521637919.jpg\",\"contentUrl\":\"https:\\\/\\\/www.salon-medecinedouce.com\\\/marseille\\\/wp-content\\\/uploads\\\/sites\\\/16\\\/2017\\\/06\\\/shutterstock_521637919.jpg\",\"width\":1000,\"height\":667},{\"@type\":\"BreadcrumbList\",\"@id\":\"https:\\\/\\\/www.salon-medecinedouce.com\\\/marseille\\\/visiteurs\\\/les-secteurs-du-salon\\\/#breadcrumb\",\"itemListElement\":[{\"@type\":\"ListItem\",\"position\":1,\"name\":\"Accueil\",\"item\":\"https:\\\/\\\/www.salon-medecinedouce.com\\\/marseille\\\/\"},{\"@type\":\"ListItem\",\"position\":2,\"name\":\"Visiter le salon\",\"item\":\"https:\\\/\\\/www.salon-medecinedouce.com\\\/marseille\\\/visiteurs\\\/\"},{\"@type\":\"ListItem\",\"position\":3,\"name\":\"Les secteurs du salon\"}]},{\"@type\":\"WebSite\",\"@id\":\"https:\\\/\\\/www.salon-medecinedouce.com\\\/marseille\\\/#website\",\"url\":\"https:\\\/\\\/www.salon-medecinedouce.com\\\/marseille\\\/\",\"name\":\"Bien-\u00eatre Marseille\",\"description\":\"La sant\u00e9 au naturel : M\u00e9decines douces - Compl\u00e9ments alimentaires - Alimentation saine - Cosm\u00e9tiques naturelles - Art de vivre - Tourisme de sant\u00e9\",\"publisher\":{\"@id\":\"https:\\\/\\\/www.salon-medecinedouce.com\\\/marseille\\\/#organization\"},\"potentialAction\":[{\"@type\":\"SearchAction\",\"target\":{\"@type\":\"EntryPoint\",\"urlTemplate\":\"https:\\\/\\\/www.salon-medecinedouce.com\\\/marseille\\\/?s={search_term_string}\"},\"query-input\":{\"@type\":\"PropertyValueSpecification\",\"valueRequired\":true,\"valueName\":\"search_term_string\"}}],\"inLanguage\":\"fr-FR\"},{\"@type\":\"Organization\",\"@id\":\"https:\\\/\\\/www.salon-medecinedouce.com\\\/marseille\\\/#organization\",\"name\":\"Bien-\u00eatre Marseille\",\"url\":\"https:\\\/\\\/www.salon-medecinedouce.com\\\/marseille\\\/\",\"logo\":{\"@type\":\"ImageObject\",\"inLanguage\":\"fr-FR\",\"@id\":\"https:\\\/\\\/www.salon-medecinedouce.com\\\/marseille\\\/#\\\/schema\\\/logo\\\/image\\\/\",\"url\":\"https:\\\/\\\/www.salon-medecinedouce.com\\\/marseille\\\/wp-content\\\/uploads\\\/sites\\\/16\\\/2023\\\/10\\\/logo-BEMD.png\",\"contentUrl\":\"https:\\\/\\\/www.salon-medecinedouce.com\\\/marseille\\\/wp-content\\\/uploads\\\/sites\\\/16\\\/2023\\\/10\\\/logo-BEMD.png\",\"width\":199,\"height\":184,\"caption\":\"Bien-\u00eatre Marseille\"},\"image\":{\"@id\":\"https:\\\/\\\/www.salon-medecinedouce.com\\\/marseille\\\/#\\\/schema\\\/logo\\\/image\\\/\"}}]}<\/script>\n<!-- \/ Yoast SEO plugin. -->","yoast_head_json":{"title":"Les secteurs du salon - Bien-\u00eatre Marseille","robots":{"index":"index","follow":"follow","max-snippet":"max-snippet:-1","max-image-preview":"max-image-preview:large","max-video-preview":"max-video-preview:-1"},"canonical":"https:\/\/www.salon-medecinedouce.com\/marseille\/visiteurs\/les-secteurs-du-salon\/","og_locale":"fr_FR","og_type":"article","og_title":"Les secteurs du salon - Bien-\u00eatre Marseille","og_description":"3 secteurs d\u2019exposition pour d\u00e9couvrir un panorama complet des solutions de bien-\u00eatre au naturel Le salon se d\u00e9ploie sur 3 secteurs d\u2019exposition d\u00e9taill\u00e9s ci-dessous\u00a0 : Les M\u00e9decines douces : une zone large et centrale Laboratoires sp\u00e9cialis\u00e9s en compl\u00e9ments alimentaires Vitamines, min\u00e9raux, oligo-\u00e9l\u00e9ments, phytoth\u00e9rapie, di\u00e9t\u00e9tique, micronutrition Th\u00e9rapeutes \/ \u00e9coles et formations\u00a0 M\u00e9decine traditionnelle chinoise, m\u00e9decine int\u00e9grative,&hellip;","og_url":"https:\/\/www.salon-medecinedouce.com\/marseille\/visiteurs\/les-secteurs-du-salon\/","og_site_name":"Bien-\u00eatre Marseille","article_modified_time":"2024-02-09T09:48:28+00:00","og_image":[{"width":1000,"height":667,"url":"https:\/\/www.salon-medecinedouce.com\/marseille\/wp-content\/uploads\/sites\/16\/2017\/06\/shutterstock_521637919.jpg","type":"image\/jpeg"}],"twitter_card":"summary_large_image","twitter_misc":{"Dur\u00e9e de lecture estim\u00e9e":"2 minutes"},"schema":{"@context":"https:\/\/schema.org","@graph":[{"@type":"WebPage","@id":"https:\/\/www.salon-medecinedouce.com\/marseille\/visiteurs\/les-secteurs-du-salon\/","url":"https:\/\/www.salon-medecinedouce.com\/marseille\/visiteurs\/les-secteurs-du-salon\/","name":"Les secteurs du salon - Bien-\u00eatre Marseille","isPartOf":{"@id":"https:\/\/www.salon-medecinedouce.com\/marseille\/#website"},"primaryImageOfPage":{"@id":"https:\/\/www.salon-medecinedouce.com\/marseille\/visiteurs\/les-secteurs-du-salon\/#primaryimage"},"image":{"@id":"https:\/\/www.salon-medecinedouce.com\/marseille\/visiteurs\/les-secteurs-du-salon\/#primaryimage"},"thumbnailUrl":"https:\/\/www.salon-medecinedouce.com\/marseille\/wp-content\/uploads\/sites\/16\/2017\/06\/shutterstock_521637919.jpg","datePublished":"2017-01-24T11:43:44+00:00","dateModified":"2024-02-09T09:48:28+00:00","breadcrumb":{"@id":"https:\/\/www.salon-medecinedouce.com\/marseille\/visiteurs\/les-secteurs-du-salon\/#breadcrumb"},"inLanguage":"fr-FR","potentialAction":[{"@type":"ReadAction","target":["https:\/\/www.salon-medecinedouce.com\/marseille\/visiteurs\/les-secteurs-du-salon\/"]}]},{"@type":"ImageObject","inLanguage":"fr-FR","@id":"https:\/\/www.salon-medecinedouce.com\/marseille\/visiteurs\/les-secteurs-du-salon\/#primaryimage","url":"https:\/\/www.salon-medecinedouce.com\/marseille\/wp-content\/uploads\/sites\/16\/2017\/06\/shutterstock_521637919.jpg","contentUrl":"https:\/\/www.salon-medecinedouce.com\/marseille\/wp-content\/uploads\/sites\/16\/2017\/06\/shutterstock_521637919.jpg","width":1000,"height":667},{"@type":"BreadcrumbList","@id":"https:\/\/www.salon-medecinedouce.com\/marseille\/visiteurs\/les-secteurs-du-salon\/#breadcrumb","itemListElement":[{"@type":"ListItem","position":1,"name":"Accueil","item":"https:\/\/www.salon-medecinedouce.com\/marseille\/"},{"@type":"ListItem","position":2,"name":"Visiter le salon","item":"https:\/\/www.salon-medecinedouce.com\/marseille\/visiteurs\/"},{"@type":"ListItem","position":3,"name":"Les secteurs du salon"}]},{"@type":"WebSite","@id":"https:\/\/www.salon-medecinedouce.com\/marseille\/#website","url":"https:\/\/www.salon-medecinedouce.com\/marseille\/","name":"Bien-\u00eatre Marseille","description":"La sant\u00e9 au naturel : M\u00e9decines douces - Compl\u00e9ments alimentaires - Alimentation saine - Cosm\u00e9tiques naturelles - Art de vivre - Tourisme de sant\u00e9","publisher":{"@id":"https:\/\/www.salon-medecinedouce.com\/marseille\/#organization"},"potentialAction":[{"@type":"SearchAction","target":{"@type":"EntryPoint","urlTemplate":"https:\/\/www.salon-medecinedouce.com\/marseille\/?s={search_term_string}"},"query-input":{"@type":"PropertyValueSpecification","valueRequired":true,"valueName":"search_term_string"}}],"inLanguage":"fr-FR"},{"@type":"Organization","@id":"https:\/\/www.salon-medecinedouce.com\/marseille\/#organization","name":"Bien-\u00eatre Marseille","url":"https:\/\/www.salon-medecinedouce.com\/marseille\/","logo":{"@type":"ImageObject","inLanguage":"fr-FR","@id":"https:\/\/www.salon-medecinedouce.com\/marseille\/#\/schema\/logo\/image\/","url":"https:\/\/www.salon-medecinedouce.com\/marseille\/wp-content\/uploads\/sites\/16\/2023\/10\/logo-BEMD.png","contentUrl":"https:\/\/www.salon-medecinedouce.com\/marseille\/wp-content\/uploads\/sites\/16\/2023\/10\/logo-BEMD.png","width":199,"height":184,"caption":"Bien-\u00eatre Marseille"},"image":{"@id":"https:\/\/www.salon-medecinedouce.com\/marseille\/#\/schema\/logo\/image\/"}}]}},"rttpg_featured_image_url":{"full":["https:\/\/www.salon-medecinedouce.com\/marseille\/wp-content\/uploads\/sites\/16\/2017\/06\/shutterstock_521637919.jpg",1000,667,false],"landscape":["https:\/\/www.salon-medecinedouce.com\/marseille\/wp-content\/uploads\/sites\/16\/2017\/06\/shutterstock_521637919.jpg",1000,667,false],"portraits":["https:\/\/www.salon-medecinedouce.com\/marseille\/wp-content\/uploads\/sites\/16\/2017\/06\/shutterstock_521637919.jpg",1000,667,false],"thumbnail":["https:\/\/www.salon-medecinedouce.com\/marseille\/wp-content\/uploads\/sites\/16\/2017\/06\/shutterstock_521637919-150x150.jpg",150,150,true],"medium":["https:\/\/www.salon-medecinedouce.com\/marseille\/wp-content\/uploads\/sites\/16\/2017\/06\/shutterstock_521637919-300x200.jpg",300,200,true],"large":["https:\/\/www.salon-medecinedouce.com\/marseille\/wp-content\/uploads\/sites\/16\/2017\/06\/shutterstock_521637919.jpg",790,527,false],"1536x1536":["https:\/\/www.salon-medecinedouce.com\/marseille\/wp-content\/uploads\/sites\/16\/2017\/06\/shutterstock_521637919.jpg",1000,667,false],"2048x2048":["https:\/\/www.salon-medecinedouce.com\/marseille\/wp-content\/uploads\/sites\/16\/2017\/06\/shutterstock_521637919.jpg",1000,667,false],"gg_gallery_thumbnail":["https:\/\/www.salon-medecinedouce.com\/marseille\/wp-content\/uploads\/sites\/16\/2017\/06\/shutterstock_521637919-450x250.jpg",450,250,true],"rpwe-thumbnail":["https:\/\/www.salon-medecinedouce.com\/marseille\/wp-content\/uploads\/sites\/16\/2017\/06\/shutterstock_521637919-45x45.jpg",45,45,true]},"rttpg_author":{"display_name":"admin","author_link":"https:\/\/www.salon-medecinedouce.com\/marseille\/blog\/author\/admin\/"},"rttpg_comment":0,"rttpg_category":null,"rttpg_excerpt":"3 secteurs d\u2019exposition pour d\u00e9couvrir un panorama complet des solutions de bien-\u00eatre au naturel Le salon se d\u00e9ploie sur 3 secteurs d\u2019exposition d\u00e9taill\u00e9s ci-dessous\u00a0 : Les M\u00e9decines douces : une zone large et centrale Laboratoires sp\u00e9cialis\u00e9s en compl\u00e9ments alimentaires Vitamines, min\u00e9raux, oligo-\u00e9l\u00e9ments, phytoth\u00e9rapie, di\u00e9t\u00e9tique, micronutrition Th\u00e9rapeutes \/ \u00e9coles et formations\u00a0 M\u00e9decine traditionnelle chinoise, m\u00e9decine int\u00e9grative,&hellip;","_links":{"self":[{"href":"https:\/\/www.salon-medecinedouce.com\/marseille\/wp-json\/wp\/v2\/pages\/2388","targetHints":{"allow":["GET"]}}],"collection":[{"href":"https:\/\/www.salon-medecinedouce.com\/marseille\/wp-json\/wp\/v2\/pages"}],"about":[{"href":"https:\/\/www.salon-medecinedouce.com\/marseille\/wp-json\/wp\/v2\/types\/page"}],"author":[{"embeddable":true,"href":"https:\/\/www.salon-medecinedouce.com\/marseille\/wp-json\/wp\/v2\/users\/1"}],"replies":[{"embeddable":true,"href":"https:\/\/www.salon-medecinedouce.com\/marseille\/wp-json\/wp\/v2\/comments?post=2388"}],"version-history":[{"count":26,"href":"https:\/\/www.salon-medecinedouce.com\/marseille\/wp-json\/wp\/v2\/pages\/2388\/revisions"}],"predecessor-version":[{"id":10988,"href":"https:\/\/www.salon-medecinedouce.com\/marseille\/wp-json\/wp\/v2\/pages\/2388\/revisions\/10988"}],"up":[{"embeddable":true,"href":"https:\/\/www.salon-medecinedouce.com\/marseille\/wp-json\/wp\/v2\/pages\/2081"}],"wp:featuredmedia":[{"embeddable":true,"href":"https:\/\/www.salon-medecinedouce.com\/marseille\/wp-json\/wp\/v2\/media\/4100"}],"wp:attachment":[{"href":"https:\/\/www.salon-medecinedouce.com\/marseille\/wp-json\/wp\/v2\/media?parent=2388"}],"curies":[{"name":"wp","href":"https:\/\/api.w.org\/{rel}","templated":true}]}}