{"id":10413,"date":"2023-02-07T11:21:30","date_gmt":"2023-02-07T10:21:30","guid":{"rendered":"https:\/\/www.salon-medecinedouce.com\/marseille\/?page_id=10413"},"modified":"2024-04-02T11:14:07","modified_gmt":"2024-04-02T09:14:07","slug":"le-forum-sante-au-naturel","status":"publish","type":"page","link":"https:\/\/www.salon-medecinedouce.com\/marseille\/le-forum-sante-au-naturel\/","title":{"rendered":"Le Forum Sant\u00e9 au Naturel"},"content":{"rendered":"<h3><img fetchpriority=\"high\" decoding=\"async\" class=\"alignnone size-full wp-image-11334\" src=\"https:\/\/www.salon-medecinedouce.com\/paris\/wp-content\/uploads\/sites\/14\/2020\/10\/AdobeStock_218234665.jpg\" alt=\"\" width=\"840\" height=\"250\" \/><\/h3>\n<h2>Le Forum Sant\u00e9 au Naturel, un espace phare de l&rsquo;\u00e9dition 2024<\/h2>\n<p><strong>Venez \u00e0 la rencontre des praticiens experts du r\u00e9seau M\u00e9doucine. Ils seront pr\u00e9sents tout\u00a0au long du salon sur l&rsquo;espace \u00ab\u00a0Forum Sant\u00e9 au Naturel\u00a0\u00bb\u00a0<\/strong><\/p>\n<p>Participez \u00e0 des ateliers et assistez \u00e0 des conf\u00e9rences sur les sujets de sant\u00e9 du quotidien qui vous int\u00e9ressent. Apprenez des techniques simples et concr\u00e8tes pour am\u00e9liorer votre bien-\u00eatre.<\/p>\n<p><strong>PROGRAMME FORUM SANT\u00c9 AU NATUREL<\/strong><\/p>\n<p><strong><u>Vendredi 5 avril 2024<\/u><\/strong><strong>\u00a0<\/strong><\/p>\n<p><strong>11h <\/strong>Se lib\u00e9rer de l&rsquo;alimentation doudou gr\u00e2ce \u00e0 l&rsquo;hypnose. <strong>Servane Orinel<\/p>\n<p>13h<\/strong> Coaching en d\u00e9veloppement Personnel. <strong>Myriam Saadi<\/strong><\/p>\n<p><strong>15h <\/strong>Initiation \u00e0 la reconnexion \u00e0 soi. <strong>Myriam Saadi<\/strong><strong>\u00a0<\/strong><\/p>\n<p>&nbsp;<\/p>\n<p><strong><u>Samedi 6 avril 2024<\/u><\/strong><\/p>\n<p><strong>11h <\/strong>G\u00e9rer ses \u00e9motions par l&rsquo;hypnose. <strong>Celina Favriou<\/strong><\/p>\n<p><strong>13h <\/strong>Initiation \u00e0 la Sophrologie. <strong>Sylvie Bassoni<\/strong><\/p>\n<p><strong>15h <\/strong>Bien dormir au naturel.<strong> Caroline Marini<\/strong><\/p>\n<p>&nbsp;<\/p>\n<p><strong><u>Dimanche 7 avril 2024<\/u><\/strong><\/p>\n<p><strong>11h <\/strong>Comment g\u00e9rer le stress. <strong>Anne B\u00e8cle Liaumond<\/strong><\/p>\n<p><strong>13h <\/strong>Mincir avec l&rsquo;hypnose. <strong>Servane Orinel<\/strong><\/p>\n<p><strong>15h<\/strong> Soulager les douleurs de l&rsquo;endom\u00e9triose. <strong>Alice Tamaccio<\/strong><\/p>\n<p>&nbsp;<\/p>\n<p><a href=\"https:\/\/www.salon-medecinedouce.com\/marseille\/programme\/ateliers-conferences\/\"><strong>Programme des ateliers 2024<\/strong><\/a><\/p>\n<p><strong><a href=\"https:\/\/www.salon-medecinedouce.com\/marseille\/programme\/conferences\/\">Programme des conf\u00e9rences 2024<\/a><\/strong><\/p>\n<p><strong>Le Sponsor\u00a0:<\/strong><\/p>\n<p><a href=\"https:\/\/www.medoucine.com\/\"><img decoding=\"async\" class=\"size-medium wp-image-14116 alignleft\" src=\"https:\/\/www.salon-medecinedouce.com\/paris\/wp-content\/uploads\/sites\/14\/2022\/12\/Logo-2022-Full-New-baseline@2x-300x67.png\" alt=\"LOGO MEDOUCINE PARTENAIRE BEMD 2023\" width=\"300\" height=\"67\" \/><\/a><\/p>\n<p>M\u00e9doucine permet \u00e0 chacun de devenir acteur de sa sant\u00e9 et de son bien-\u00eatre. Sur <a href=\"https:\/\/www.medoucine.com\/\" target=\"_blank\" rel=\"noopener\">M\u00e9doucine.com<\/a>, vous pouvez prendre rendez-vous avec un praticien de m\u00e9decine douce au profil v\u00e9rifi\u00e9 et recommand\u00e9 par ses pairs et ses clients. <br \/>\nNous travaillons pour le d\u00e9veloppement et la reconnaissance des pratiques compl\u00e9mentaires en informant le public et en aidant les praticiens.<\/p>\n<p>&nbsp;<\/p>\n<div id=\"primary\"><main id=\"main\"><\/p>\n<section id=\"post-9665\" class=\"post-9665 page type-page status-publish hentry\">\n<article>\n<div class=\"entry-content clearfix\">\n<h4><strong><a href=\"https:\/\/www.salon-medecinedouce.com\/marseille\/visiteur_invitation\/\" target=\"_blank\" rel=\"noopener noreferrer\">&gt;&gt; Demandez votre entr\u00e9e gratuite<\/a>\u00a0<\/strong><\/h4>\n<\/div>\n<\/article>\n<\/section>\n<p><\/main><\/div>\n<div class=\"salon-accueil salon-entity-placement\" id=\"salon-2985301823\"><div id=\"salon-2688662543\"><a data-no-instant=\"1\" href=\"https:\/\/www.amac-formation.fr\/\" rel=\"noopener\" class=\"a2t-link\" target=\"_blank\"><p><img decoding=\"async\" class=\"aligncenter size-full wp-image-10787\" src=\"https:\/\/www.salon-medecinedouce.com\/marseille\/wp-content\/uploads\/sites\/16\/2023\/02\/Baniere-salon-du-bien-etre.png\" alt=\"amac-formation\" width=\"728\" height=\"90\" srcset=\"https:\/\/www.salon-medecinedouce.com\/marseille\/wp-content\/uploads\/sites\/16\/2023\/02\/Baniere-salon-du-bien-etre.png 728w, https:\/\/www.salon-medecinedouce.com\/marseille\/wp-content\/uploads\/sites\/16\/2023\/02\/Baniere-salon-du-bien-etre-300x37.png 300w, https:\/\/www.salon-medecinedouce.com\/marseille\/wp-content\/uploads\/sites\/16\/2023\/02\/Baniere-salon-du-bien-etre-150x19.png 150w, https:\/\/www.salon-medecinedouce.com\/marseille\/wp-content\/uploads\/sites\/16\/2023\/02\/Baniere-salon-du-bien-etre-500x62.png 500w\" sizes=\"(max-width: 728px) 100vw, 728px\" \/><\/p>\n<\/a><\/div><\/div>","protected":false},"excerpt":{"rendered":"<p>Le Forum Sant\u00e9 au Naturel, un espace phare de l&rsquo;\u00e9dition 2024 Venez \u00e0 la rencontre des praticiens experts du r\u00e9seau M\u00e9doucine. Ils seront pr\u00e9sents tout\u00a0au long du salon sur l&rsquo;espace \u00ab\u00a0Forum Sant\u00e9 au Naturel\u00a0\u00bb\u00a0 Participez \u00e0 des ateliers et assistez \u00e0 des conf\u00e9rences sur les sujets de sant\u00e9 du quotidien qui vous int\u00e9ressent. Apprenez des&hellip; <\/p>\n","protected":false},"author":5,"featured_media":0,"parent":0,"menu_order":0,"comment_status":"closed","ping_status":"closed","template":"","meta":{"_monsterinsights_skip_tracking":false,"_monsterinsights_sitenote_active":false,"_monsterinsights_sitenote_note":"","_monsterinsights_sitenote_category":0,"footnotes":""},"class_list":["post-10413","page","type-page","status-publish","hentry"],"yoast_head":"<!-- This site is optimized with the Yoast SEO plugin v27.3 - https:\/\/yoast.com\/product\/yoast-seo-wordpress\/ -->\n<title>Le Forum Sant\u00e9 au Naturel - Bien-\u00eatre Marseille<\/title>\n<meta name=\"robots\" content=\"index, follow, max-snippet:-1, max-image-preview:large, max-video-preview:-1\" \/>\n<link rel=\"canonical\" href=\"https:\/\/www.salon-medecinedouce.com\/marseille\/le-forum-sante-au-naturel\/\" \/>\n<meta property=\"og:locale\" content=\"fr_FR\" \/>\n<meta property=\"og:type\" content=\"article\" \/>\n<meta property=\"og:title\" content=\"Le Forum Sant\u00e9 au Naturel - Bien-\u00eatre Marseille\" \/>\n<meta property=\"og:description\" content=\"Le Forum Sant\u00e9 au Naturel, un espace phare de l&rsquo;\u00e9dition 2024 Venez \u00e0 la rencontre des praticiens experts du r\u00e9seau M\u00e9doucine. Ils seront pr\u00e9sents tout\u00a0au long du salon sur l&rsquo;espace \u00ab\u00a0Forum Sant\u00e9 au Naturel\u00a0\u00bb\u00a0 Participez \u00e0 des ateliers et assistez \u00e0 des conf\u00e9rences sur les sujets de sant\u00e9 du quotidien qui vous int\u00e9ressent. Apprenez des&hellip;\" \/>\n<meta property=\"og:url\" content=\"https:\/\/www.salon-medecinedouce.com\/marseille\/le-forum-sante-au-naturel\/\" \/>\n<meta property=\"og:site_name\" content=\"Bien-\u00eatre Marseille\" \/>\n<meta property=\"article:modified_time\" content=\"2024-04-02T09:14:07+00:00\" \/>\n<meta property=\"og:image\" content=\"https:\/\/www.salon-medecinedouce.com\/paris\/wp-content\/uploads\/sites\/14\/2020\/10\/AdobeStock_218234665.jpg\" \/>\n<meta name=\"twitter:card\" content=\"summary_large_image\" \/>\n<meta name=\"twitter:label1\" content=\"Dur\u00e9e de lecture estim\u00e9e\" \/>\n\t<meta name=\"twitter:data1\" content=\"2 minutes\" \/>\n<script type=\"application\/ld+json\" class=\"yoast-schema-graph\">{\"@context\":\"https:\\\/\\\/schema.org\",\"@graph\":[{\"@type\":\"WebPage\",\"@id\":\"https:\\\/\\\/www.salon-medecinedouce.com\\\/marseille\\\/le-forum-sante-au-naturel\\\/\",\"url\":\"https:\\\/\\\/www.salon-medecinedouce.com\\\/marseille\\\/le-forum-sante-au-naturel\\\/\",\"name\":\"Le Forum Sant\u00e9 au Naturel - Bien-\u00eatre Marseille\",\"isPartOf\":{\"@id\":\"https:\\\/\\\/www.salon-medecinedouce.com\\\/marseille\\\/#website\"},\"primaryImageOfPage\":{\"@id\":\"https:\\\/\\\/www.salon-medecinedouce.com\\\/marseille\\\/le-forum-sante-au-naturel\\\/#primaryimage\"},\"image\":{\"@id\":\"https:\\\/\\\/www.salon-medecinedouce.com\\\/marseille\\\/le-forum-sante-au-naturel\\\/#primaryimage\"},\"thumbnailUrl\":\"https:\\\/\\\/www.salon-medecinedouce.com\\\/paris\\\/wp-content\\\/uploads\\\/sites\\\/14\\\/2020\\\/10\\\/AdobeStock_218234665.jpg\",\"datePublished\":\"2023-02-07T10:21:30+00:00\",\"dateModified\":\"2024-04-02T09:14:07+00:00\",\"breadcrumb\":{\"@id\":\"https:\\\/\\\/www.salon-medecinedouce.com\\\/marseille\\\/le-forum-sante-au-naturel\\\/#breadcrumb\"},\"inLanguage\":\"fr-FR\",\"potentialAction\":[{\"@type\":\"ReadAction\",\"target\":[\"https:\\\/\\\/www.salon-medecinedouce.com\\\/marseille\\\/le-forum-sante-au-naturel\\\/\"]}]},{\"@type\":\"ImageObject\",\"inLanguage\":\"fr-FR\",\"@id\":\"https:\\\/\\\/www.salon-medecinedouce.com\\\/marseille\\\/le-forum-sante-au-naturel\\\/#primaryimage\",\"url\":\"https:\\\/\\\/www.salon-medecinedouce.com\\\/paris\\\/wp-content\\\/uploads\\\/sites\\\/14\\\/2020\\\/10\\\/AdobeStock_218234665.jpg\",\"contentUrl\":\"https:\\\/\\\/www.salon-medecinedouce.com\\\/paris\\\/wp-content\\\/uploads\\\/sites\\\/14\\\/2020\\\/10\\\/AdobeStock_218234665.jpg\"},{\"@type\":\"BreadcrumbList\",\"@id\":\"https:\\\/\\\/www.salon-medecinedouce.com\\\/marseille\\\/le-forum-sante-au-naturel\\\/#breadcrumb\",\"itemListElement\":[{\"@type\":\"ListItem\",\"position\":1,\"name\":\"Accueil\",\"item\":\"https:\\\/\\\/www.salon-medecinedouce.com\\\/marseille\\\/\"},{\"@type\":\"ListItem\",\"position\":2,\"name\":\"Le Forum Sant\u00e9 au Naturel\"}]},{\"@type\":\"WebSite\",\"@id\":\"https:\\\/\\\/www.salon-medecinedouce.com\\\/marseille\\\/#website\",\"url\":\"https:\\\/\\\/www.salon-medecinedouce.com\\\/marseille\\\/\",\"name\":\"Bien-\u00eatre Marseille\",\"description\":\"La sant\u00e9 au naturel : M\u00e9decines douces - Compl\u00e9ments alimentaires - Alimentation saine - Cosm\u00e9tiques naturelles - Art de vivre - Tourisme de sant\u00e9\",\"publisher\":{\"@id\":\"https:\\\/\\\/www.salon-medecinedouce.com\\\/marseille\\\/#organization\"},\"potentialAction\":[{\"@type\":\"SearchAction\",\"target\":{\"@type\":\"EntryPoint\",\"urlTemplate\":\"https:\\\/\\\/www.salon-medecinedouce.com\\\/marseille\\\/?s={search_term_string}\"},\"query-input\":{\"@type\":\"PropertyValueSpecification\",\"valueRequired\":true,\"valueName\":\"search_term_string\"}}],\"inLanguage\":\"fr-FR\"},{\"@type\":\"Organization\",\"@id\":\"https:\\\/\\\/www.salon-medecinedouce.com\\\/marseille\\\/#organization\",\"name\":\"Bien-\u00eatre Marseille\",\"url\":\"https:\\\/\\\/www.salon-medecinedouce.com\\\/marseille\\\/\",\"logo\":{\"@type\":\"ImageObject\",\"inLanguage\":\"fr-FR\",\"@id\":\"https:\\\/\\\/www.salon-medecinedouce.com\\\/marseille\\\/#\\\/schema\\\/logo\\\/image\\\/\",\"url\":\"https:\\\/\\\/www.salon-medecinedouce.com\\\/marseille\\\/wp-content\\\/uploads\\\/sites\\\/16\\\/2023\\\/10\\\/logo-BEMD.png\",\"contentUrl\":\"https:\\\/\\\/www.salon-medecinedouce.com\\\/marseille\\\/wp-content\\\/uploads\\\/sites\\\/16\\\/2023\\\/10\\\/logo-BEMD.png\",\"width\":199,\"height\":184,\"caption\":\"Bien-\u00eatre Marseille\"},\"image\":{\"@id\":\"https:\\\/\\\/www.salon-medecinedouce.com\\\/marseille\\\/#\\\/schema\\\/logo\\\/image\\\/\"}}]}<\/script>\n<!-- \/ Yoast SEO plugin. -->","yoast_head_json":{"title":"Le Forum Sant\u00e9 au Naturel - Bien-\u00eatre Marseille","robots":{"index":"index","follow":"follow","max-snippet":"max-snippet:-1","max-image-preview":"max-image-preview:large","max-video-preview":"max-video-preview:-1"},"canonical":"https:\/\/www.salon-medecinedouce.com\/marseille\/le-forum-sante-au-naturel\/","og_locale":"fr_FR","og_type":"article","og_title":"Le Forum Sant\u00e9 au Naturel - Bien-\u00eatre Marseille","og_description":"Le Forum Sant\u00e9 au Naturel, un espace phare de l&rsquo;\u00e9dition 2024 Venez \u00e0 la rencontre des praticiens experts du r\u00e9seau M\u00e9doucine. Ils seront pr\u00e9sents tout\u00a0au long du salon sur l&rsquo;espace \u00ab\u00a0Forum Sant\u00e9 au Naturel\u00a0\u00bb\u00a0 Participez \u00e0 des ateliers et assistez \u00e0 des conf\u00e9rences sur les sujets de sant\u00e9 du quotidien qui vous int\u00e9ressent. Apprenez des&hellip;","og_url":"https:\/\/www.salon-medecinedouce.com\/marseille\/le-forum-sante-au-naturel\/","og_site_name":"Bien-\u00eatre Marseille","article_modified_time":"2024-04-02T09:14:07+00:00","og_image":[{"url":"https:\/\/www.salon-medecinedouce.com\/paris\/wp-content\/uploads\/sites\/14\/2020\/10\/AdobeStock_218234665.jpg","type":"","width":"","height":""}],"twitter_card":"summary_large_image","twitter_misc":{"Dur\u00e9e de lecture estim\u00e9e":"2 minutes"},"schema":{"@context":"https:\/\/schema.org","@graph":[{"@type":"WebPage","@id":"https:\/\/www.salon-medecinedouce.com\/marseille\/le-forum-sante-au-naturel\/","url":"https:\/\/www.salon-medecinedouce.com\/marseille\/le-forum-sante-au-naturel\/","name":"Le Forum Sant\u00e9 au Naturel - Bien-\u00eatre Marseille","isPartOf":{"@id":"https:\/\/www.salon-medecinedouce.com\/marseille\/#website"},"primaryImageOfPage":{"@id":"https:\/\/www.salon-medecinedouce.com\/marseille\/le-forum-sante-au-naturel\/#primaryimage"},"image":{"@id":"https:\/\/www.salon-medecinedouce.com\/marseille\/le-forum-sante-au-naturel\/#primaryimage"},"thumbnailUrl":"https:\/\/www.salon-medecinedouce.com\/paris\/wp-content\/uploads\/sites\/14\/2020\/10\/AdobeStock_218234665.jpg","datePublished":"2023-02-07T10:21:30+00:00","dateModified":"2024-04-02T09:14:07+00:00","breadcrumb":{"@id":"https:\/\/www.salon-medecinedouce.com\/marseille\/le-forum-sante-au-naturel\/#breadcrumb"},"inLanguage":"fr-FR","potentialAction":[{"@type":"ReadAction","target":["https:\/\/www.salon-medecinedouce.com\/marseille\/le-forum-sante-au-naturel\/"]}]},{"@type":"ImageObject","inLanguage":"fr-FR","@id":"https:\/\/www.salon-medecinedouce.com\/marseille\/le-forum-sante-au-naturel\/#primaryimage","url":"https:\/\/www.salon-medecinedouce.com\/paris\/wp-content\/uploads\/sites\/14\/2020\/10\/AdobeStock_218234665.jpg","contentUrl":"https:\/\/www.salon-medecinedouce.com\/paris\/wp-content\/uploads\/sites\/14\/2020\/10\/AdobeStock_218234665.jpg"},{"@type":"BreadcrumbList","@id":"https:\/\/www.salon-medecinedouce.com\/marseille\/le-forum-sante-au-naturel\/#breadcrumb","itemListElement":[{"@type":"ListItem","position":1,"name":"Accueil","item":"https:\/\/www.salon-medecinedouce.com\/marseille\/"},{"@type":"ListItem","position":2,"name":"Le Forum Sant\u00e9 au Naturel"}]},{"@type":"WebSite","@id":"https:\/\/www.salon-medecinedouce.com\/marseille\/#website","url":"https:\/\/www.salon-medecinedouce.com\/marseille\/","name":"Bien-\u00eatre Marseille","description":"La sant\u00e9 au naturel : M\u00e9decines douces - Compl\u00e9ments alimentaires - Alimentation saine - Cosm\u00e9tiques naturelles - Art de vivre - Tourisme de sant\u00e9","publisher":{"@id":"https:\/\/www.salon-medecinedouce.com\/marseille\/#organization"},"potentialAction":[{"@type":"SearchAction","target":{"@type":"EntryPoint","urlTemplate":"https:\/\/www.salon-medecinedouce.com\/marseille\/?s={search_term_string}"},"query-input":{"@type":"PropertyValueSpecification","valueRequired":true,"valueName":"search_term_string"}}],"inLanguage":"fr-FR"},{"@type":"Organization","@id":"https:\/\/www.salon-medecinedouce.com\/marseille\/#organization","name":"Bien-\u00eatre Marseille","url":"https:\/\/www.salon-medecinedouce.com\/marseille\/","logo":{"@type":"ImageObject","inLanguage":"fr-FR","@id":"https:\/\/www.salon-medecinedouce.com\/marseille\/#\/schema\/logo\/image\/","url":"https:\/\/www.salon-medecinedouce.com\/marseille\/wp-content\/uploads\/sites\/16\/2023\/10\/logo-BEMD.png","contentUrl":"https:\/\/www.salon-medecinedouce.com\/marseille\/wp-content\/uploads\/sites\/16\/2023\/10\/logo-BEMD.png","width":199,"height":184,"caption":"Bien-\u00eatre Marseille"},"image":{"@id":"https:\/\/www.salon-medecinedouce.com\/marseille\/#\/schema\/logo\/image\/"}}]}},"rttpg_featured_image_url":null,"rttpg_author":{"display_name":"nadia","author_link":"https:\/\/www.salon-medecinedouce.com\/marseille\/blog\/author\/nadia\/"},"rttpg_comment":0,"rttpg_category":null,"rttpg_excerpt":"Le Forum Sant\u00e9 au Naturel, un espace phare de l&rsquo;\u00e9dition 2024 Venez \u00e0 la rencontre des praticiens experts du r\u00e9seau M\u00e9doucine. Ils seront pr\u00e9sents tout\u00a0au long du salon sur l&rsquo;espace \u00ab\u00a0Forum Sant\u00e9 au Naturel\u00a0\u00bb\u00a0 Participez \u00e0 des ateliers et assistez \u00e0 des conf\u00e9rences sur les sujets de sant\u00e9 du quotidien qui vous int\u00e9ressent. Apprenez des&hellip;","_links":{"self":[{"href":"https:\/\/www.salon-medecinedouce.com\/marseille\/wp-json\/wp\/v2\/pages\/10413","targetHints":{"allow":["GET"]}}],"collection":[{"href":"https:\/\/www.salon-medecinedouce.com\/marseille\/wp-json\/wp\/v2\/pages"}],"about":[{"href":"https:\/\/www.salon-medecinedouce.com\/marseille\/wp-json\/wp\/v2\/types\/page"}],"author":[{"embeddable":true,"href":"https:\/\/www.salon-medecinedouce.com\/marseille\/wp-json\/wp\/v2\/users\/5"}],"replies":[{"embeddable":true,"href":"https:\/\/www.salon-medecinedouce.com\/marseille\/wp-json\/wp\/v2\/comments?post=10413"}],"version-history":[{"count":12,"href":"https:\/\/www.salon-medecinedouce.com\/marseille\/wp-json\/wp\/v2\/pages\/10413\/revisions"}],"predecessor-version":[{"id":11610,"href":"https:\/\/www.salon-medecinedouce.com\/marseille\/wp-json\/wp\/v2\/pages\/10413\/revisions\/11610"}],"wp:attachment":[{"href":"https:\/\/www.salon-medecinedouce.com\/marseille\/wp-json\/wp\/v2\/media?parent=10413"}],"curies":[{"name":"wp","href":"https:\/\/api.w.org\/{rel}","templated":true}]}}