{"id":2436,"date":"2024-06-26T09:00:36","date_gmt":"2024-06-26T07:00:36","guid":{"rendered":"http:\/\/localhost:8888\/zen\/?page_id=2436"},"modified":"2025-11-28T10:56:12","modified_gmt":"2025-11-28T09:56:12","slug":"pourquoi-exposer","status":"publish","type":"page","link":"https:\/\/www.salon-medecinedouce.com\/lyon\/exposants\/pourquoi-exposer\/","title":{"rendered":"Pourquoi exposer ?"},"content":{"rendered":"\r\n<h1><span style=\"color: #165e6c;\">La sant\u00e9 mentale \u00e0 l&rsquo;honneur<\/span><\/h1>\r\n<p><span style=\"font-size: 14pt;\">En 2026, le salon Bien-\u00catre M\u00e9decine Douce se recentre sur sa sp\u00e9cificit\u00e9 : un \u00e9v\u00e9nement r\u00e9unissant tous les acteurs et experts des m\u00e9decines compl\u00e9mentaires : laboratoires sp\u00e9cialis\u00e9s, \u00e9coles et formations en m\u00e9decines douces et un village des th\u00e9rapeutes.<\/span><\/p>\r\n<p><img fetchpriority=\"high\" decoding=\"async\" class=\"alignnone size-full wp-image-12901\" src=\"https:\/\/www.salon-medecinedouce.com\/lyon\/wp-content\/uploads\/sites\/12\/2024\/07\/Pourquoi-exposer-.png\" alt=\"Pourquoi exposer\" width=\"2048\" height=\"1024\" srcset=\"https:\/\/www.salon-medecinedouce.com\/lyon\/wp-content\/uploads\/sites\/12\/2024\/07\/Pourquoi-exposer-.png 2048w, https:\/\/www.salon-medecinedouce.com\/lyon\/wp-content\/uploads\/sites\/12\/2024\/07\/Pourquoi-exposer--300x150.png 300w, https:\/\/www.salon-medecinedouce.com\/lyon\/wp-content\/uploads\/sites\/12\/2024\/07\/Pourquoi-exposer--1024x512.png 1024w, https:\/\/www.salon-medecinedouce.com\/lyon\/wp-content\/uploads\/sites\/12\/2024\/07\/Pourquoi-exposer--768x384.png 768w, https:\/\/www.salon-medecinedouce.com\/lyon\/wp-content\/uploads\/sites\/12\/2024\/07\/Pourquoi-exposer--1536x768.png 1536w, https:\/\/www.salon-medecinedouce.com\/lyon\/wp-content\/uploads\/sites\/12\/2024\/07\/Pourquoi-exposer--150x75.png 150w, https:\/\/www.salon-medecinedouce.com\/lyon\/wp-content\/uploads\/sites\/12\/2024\/07\/Pourquoi-exposer--500x250.png 500w\" sizes=\"(max-width: 2048px) 100vw, 2048px\" \/><\/p>\r\n<p class=\"p1\"><span style=\"font-size: 14pt;\">Le salon Bien-\u00eatre M\u00e9decine douce propose \u00e0 des professionnels de la sant\u00e9 et du bien-\u00eatre d\u2019exposer sur un \u00e9v\u00e9nement sp\u00e9cialis\u00e9 riche en \u00e9changes, rencontres, prises de contacts\u00a0et ventes directes avec un public en recherche de m\u00e9thodes douces et naturelles.Vous vous sentez concern\u00e9 ? Alors votre place se trouve sur notre \u00e9v\u00e9nement !<\/span><\/p>\r\n<h2>\u00a0<\/h2>\r\n<h2><span style=\"color: #165e6c;\">Le rendez-vous Bien-\u00eatre M\u00e9decine douce de Lyon<\/span><\/h2>\r\n<p><img decoding=\"async\" class=\"alignnone wp-image-12902 size-full\" src=\"https:\/\/www.salon-medecinedouce.com\/lyon\/wp-content\/uploads\/sites\/12\/2024\/07\/Chiffres-Lyon-e1720427691403.png\" alt=\"Chiffres Lyon\" width=\"1935\" height=\"512\" srcset=\"https:\/\/www.salon-medecinedouce.com\/lyon\/wp-content\/uploads\/sites\/12\/2024\/07\/Chiffres-Lyon-e1720427691403.png 1935w, https:\/\/www.salon-medecinedouce.com\/lyon\/wp-content\/uploads\/sites\/12\/2024\/07\/Chiffres-Lyon-e1720427691403-300x79.png 300w, https:\/\/www.salon-medecinedouce.com\/lyon\/wp-content\/uploads\/sites\/12\/2024\/07\/Chiffres-Lyon-e1720427691403-1024x271.png 1024w, https:\/\/www.salon-medecinedouce.com\/lyon\/wp-content\/uploads\/sites\/12\/2024\/07\/Chiffres-Lyon-e1720427691403-768x203.png 768w, https:\/\/www.salon-medecinedouce.com\/lyon\/wp-content\/uploads\/sites\/12\/2024\/07\/Chiffres-Lyon-e1720427691403-1536x406.png 1536w, https:\/\/www.salon-medecinedouce.com\/lyon\/wp-content\/uploads\/sites\/12\/2024\/07\/Chiffres-Lyon-e1720427691403-150x40.png 150w, https:\/\/www.salon-medecinedouce.com\/lyon\/wp-content\/uploads\/sites\/12\/2024\/07\/Chiffres-Lyon-e1720427691403-500x132.png 500w\" sizes=\"(max-width: 1935px) 100vw, 1935px\" \/><\/p>\r\n<p>&nbsp;<\/p>\r\n<h2><span style=\"color: #165e6c;\">Une charte et un Comit\u00e9 de s\u00e9lection<\/span><\/h2>\r\n<p class=\"p1\"><span style=\"font-size: 14pt;\">Les salons Bien-\u00eatre M\u00e9decine douce restent vigilants face aux d\u00e9rives sectaires\u00a0et aux all\u00e9gations th\u00e9rapeutiques en s\u00e9lectionnant rigoureusement ses exposants. Les produits pr\u00e9sents sur le salon sont \u00e9galement soumis \u00e0 notre cahier des charges.<\/span><\/p>\r\n<p>&nbsp;<\/p>\r\n<h2><span style=\"color: #165e6c;\">Le salon se d\u00e9ploie sur 2 secteurs d&rsquo;expositions<\/span><\/h2>\r\n<h3><span style=\"color: #165e6c;\">Sant\u00e9 au naturel &amp; M\u00e9decine douce<\/span><\/h3>\r\n<table>\r\n<tbody>\r\n<tr>\r\n<td>\r\n<ul>\r\n\t<li><span style=\"font-size: 14pt;\">La formation &amp; l&rsquo;information<\/span><\/li>\r\n\t<li><span style=\"font-size: 14pt;\">Professions lib\u00e9rales<\/span><\/li>\r\n\t<li><span style=\"font-size: 14pt;\">Soins et massages<\/span><\/li>\r\n\t<li><span style=\"font-size: 14pt;\">Sant\u00e9 mentale<\/span><\/li>\r\n\t<li><span style=\"font-size: 14pt;\">Compl\u00e9ments alimentaires<\/span><\/li>\r\n<\/ul>\r\n<\/td>\r\n<td>\r\n<p>&nbsp;<\/p>\r\n<\/td>\r\n<\/tr>\r\n<\/tbody>\r\n<\/table>\r\n<h3><span style=\"color: #165e6c;\">Bien-\u00eatre &amp; Spirit<\/span><\/h3>\r\n<table style=\"width: 100%;\">\r\n<tbody>\r\n<tr>\r\n<td style=\"width: 44.0439%;\">\r\n<ul>\r\n\t<li><span style=\"font-size: 14pt;\">Nutrition<\/span><\/li>\r\n\t<li><span style=\"font-size: 14pt;\">Sommeil<\/span><\/li>\r\n\t<li><span style=\"font-size: 14pt;\">Sport<\/span><\/li>\r\n<\/ul>\r\n<\/td>\r\n<td style=\"width: 55.7994%;\">\r\n<ul>\r\n\t<li><span style=\"font-size: 14pt;\">Beaut\u00e9<\/span><\/li>\r\n\t<li><span style=\"font-size: 14pt;\">Spirit<\/span><\/li>\r\n<\/ul>\r\n<\/td>\r\n<\/tr>\r\n<\/tbody>\r\n<\/table>\r\n<h3><span style=\"color: #165e6c; font-size: 29px;\"><br \/>\r\nLes nouveaut\u00e9s Lyon<\/span><\/h3>\r\n<h2><span style=\"color: #d65d00;\">Le village des acteurs de la sant\u00e9 au naturel\u00a0<\/span><\/h2>\r\n<p><span style=\"font-size: 14pt;\">Nouvelle zone d\u00e9di\u00e9e a<\/span>ux praticiens en professions lib\u00e9rales, \u00e9coles, formations, massage.<\/p>\r\n<h2>\u00a0<\/h2>\r\n<h2><span style=\"color: #d65d00;\">Les ateliers d&rsquo;alimentation saine\u00a0<\/span><\/h2>\r\n<p><span style=\"font-size: 14pt;\">D\u00e9monstrations, d\u00e9gustations et conseils pour mieux manger au quotidien.\u00a0<\/span><\/p>\r\n<p>&nbsp;<\/p>\r\n<h2><span style=\"color: #165e6c;\">Une campagne de communication multim\u00e9dia adapt\u00e9e \u00e0 chaque ville<\/span><\/h2>\r\n<p style=\"font-weight: 400;\"><span style=\"font-size: 14pt;\"><strong>\u2219 170 000 invitations diffus\u00e9es <\/strong>aupr\u00e8s du grand public, des professionnels de sant\u00e9, des boutiques et centres de bien-\u00eatre\u00a0<\/span><\/p>\r\n<p style=\"font-weight: 400;\"><span style=\"font-size: 14pt;\"><strong>\u2219 350 affiches d\u00e9ploy\u00e9es <\/strong>dans les m\u00e9tros et bus, accompagn\u00e9es d\u2019une large diffusion d\u2019invitations dans les boutiques sp\u00e9cialis\u00e9es \u00e0 Paris et Lyon\u00a0<\/span><\/p>\r\n<p style=\"font-weight: 400;\"><span style=\"font-size: 14pt;\"><strong>\u2219 Une campagne radio cibl\u00e9e <\/strong>en affinit\u00e9 avec les audiences prioritaires\u00a0<\/span><\/p>\r\n<p style=\"font-weight: 400;\"><span style=\"font-size: 14pt;\"><strong>\u2219 Des insertions publicitaires <\/strong>et r\u00e9dactionnelles dans de grands titres de presse\u00a0<\/span><\/p>\r\n<p style=\"font-weight: 400;\"><span style=\"font-size: 14pt;\"><strong>\u2219 90 000 visites <\/strong>et 280 000 pages vues sur le site <a href=\"http:\/\/www.salon-medecinedouce.com\">www.salon-medecinedouce.com<\/a> le mois du salon\u00a0<\/span><\/p>\r\n<p style=\"font-weight: 400;\"><span style=\"font-size: 14pt;\"><strong>\u2219 Une visibilit\u00e9 accrue <\/strong>sur des sites affinitaires, via banni\u00e8res et publir\u00e9dactionnels\u00a0<\/span><\/p>\r\n<p style=\"font-weight: 400;\"><span style=\"font-size: 14pt;\"><strong>\u2219 Des campagnes d\u2019emailings <\/strong>r\u00e9guli\u00e8res, adress\u00e9es \u00e0 une base de 150 000 anciens visiteurs et aux contacts de nos partenaires\u00a0<\/span><\/p>\r\n<p style=\"font-weight: 400;\"><span style=\"font-size: 14pt;\"><strong>\u2219 Des publications social media <\/strong>percutantes, soutenues par une campagne sponsoris\u00e9e cibl\u00e9e\u00a0<\/span><\/p>\r\n<p>&nbsp;<\/p>\r\n<p><a href=\"https:\/\/www.salon-medecinedouce.com\/lyon\/exposants\/pourquoi-exposer\/capture-decran-2025-05-14-a-17-14-52\/\" rel=\"attachment wp-att-13793\"><img decoding=\"async\" class=\"alignnone wp-image-13793 size-full\" src=\"https:\/\/www.salon-medecinedouce.com\/lyon\/wp-content\/uploads\/sites\/12\/2025\/05\/Capture-decran-2025-05-14-a-17.14.52.png\" alt=\"\" width=\"787\" height=\"374\" srcset=\"https:\/\/www.salon-medecinedouce.com\/lyon\/wp-content\/uploads\/sites\/12\/2025\/05\/Capture-decran-2025-05-14-a-17.14.52.png 787w, https:\/\/www.salon-medecinedouce.com\/lyon\/wp-content\/uploads\/sites\/12\/2025\/05\/Capture-decran-2025-05-14-a-17.14.52-300x143.png 300w, https:\/\/www.salon-medecinedouce.com\/lyon\/wp-content\/uploads\/sites\/12\/2025\/05\/Capture-decran-2025-05-14-a-17.14.52-768x365.png 768w, https:\/\/www.salon-medecinedouce.com\/lyon\/wp-content\/uploads\/sites\/12\/2025\/05\/Capture-decran-2025-05-14-a-17.14.52-150x71.png 150w, https:\/\/www.salon-medecinedouce.com\/lyon\/wp-content\/uploads\/sites\/12\/2025\/05\/Capture-decran-2025-05-14-a-17.14.52-500x238.png 500w\" sizes=\"(max-width: 787px) 100vw, 787px\" \/><\/a><\/p>\r\n<p>&nbsp;<\/p>\r\n<h3><span style=\"color: #d65d00;\"><a style=\"color: #d65d00;\" href=\"https:\/\/www.salon-medecinedouce.com\/lyon\/exposants\/demandez-votre-dossier-d-inscription\/\">&gt;&gt; Demandez votre dossier d&rsquo;inscription<\/a><\/span><\/h3>\r\n<h3><span style=\"color: #165e6c;\"><a style=\"color: #165e6c;\" href=\"https:\/\/www.salon-medecinedouce.com\/lyon\/exposants\/contacts-exposants\/\">&gt;&gt; Contactez l&rsquo;\u00e9quipe du salon<\/a><\/span><\/h3>\r\n<p><a href=\"https:\/\/sevellia.com\/\" target=\"_blank\" rel=\"noopener noreferrer\"><br \/>\r\n<br \/>\r\n<\/a><\/p>\r\n<h2><span style=\"color: #165e6c;\">Votre 2\u00e8me Rendez-vous :<\/span><\/h2>\r\n<table>\r\n<tbody>\r\n<tr>\r\n<td>\r\n<h3><span style=\"color: #d65d00;\"><a style=\"color: #d65d00;\" href=\"https:\/\/www.salon-medecinedouce.com\/paris\">&gt;&gt; Bien-\u00catre M\u00e9decine Douce Paris<\/a><\/span><\/h3>\r\n<p>16 &#8211; 19 janvier 2026 &#8211; Cit\u00e9 Internationale Centre de Congr\u00e8s \u2013 Amphith\u00e9\u00e2tre \u2013 Entr\u00e9e B Lyon<\/p>\r\n<\/td>\r\n<td>\r\n<p>&nbsp;<\/p>\r\n<\/td>\r\n<\/tr>\r\n<\/tbody>\r\n<\/table>\r\n<div class=\"salon-pubs-hp-bas-de-page salon-entity-placement\" id=\"salon-749773971\"><div id=\"salon-3659241201\"><a data-no-instant=\"1\" href=\"https:\/\/www.adntv.fr\/home?request_origin=tv_app\" rel=\"noopener\" class=\"a2t-link\" target=\"_blank\"><p><a href=\"https:\/\/www.adntv.fr\/home?request_origin=tv_app\"><img loading=\"lazy\" decoding=\"async\" class=\"wp-image-15075  aligncenter\" src=\"https:\/\/www.salon-medecinedouce.com\/lyon\/wp-content\/uploads\/sites\/12\/2021\/12\/ADNTV_BANNIERE_.jpg\" alt=\"\" width=\"515\" height=\"196\" srcset=\"https:\/\/www.salon-medecinedouce.com\/lyon\/wp-content\/uploads\/sites\/12\/2021\/12\/ADNTV_BANNIERE_.jpg 820w, https:\/\/www.salon-medecinedouce.com\/lyon\/wp-content\/uploads\/sites\/12\/2021\/12\/ADNTV_BANNIERE_-300x114.jpg 300w, https:\/\/www.salon-medecinedouce.com\/lyon\/wp-content\/uploads\/sites\/12\/2021\/12\/ADNTV_BANNIERE_-768x292.jpg 768w, https:\/\/www.salon-medecinedouce.com\/lyon\/wp-content\/uploads\/sites\/12\/2021\/12\/ADNTV_BANNIERE_-150x57.jpg 150w, https:\/\/www.salon-medecinedouce.com\/lyon\/wp-content\/uploads\/sites\/12\/2021\/12\/ADNTV_BANNIERE_-500x190.jpg 500w\" sizes=\"(max-width: 515px) 100vw, 515px\" \/><\/a><\/p>\n<\/a><\/div><\/div>","protected":false},"excerpt":{"rendered":"","protected":false},"author":1,"featured_media":0,"parent":2087,"menu_order":1,"comment_status":"closed","ping_status":"closed","template":"","meta":{"_monsterinsights_skip_tracking":false,"_monsterinsights_sitenote_active":false,"_monsterinsights_sitenote_note":"","_monsterinsights_sitenote_category":0,"footnotes":""},"class_list":["post-2436","page","type-page","status-publish","hentry"],"yoast_head":"<!-- This site is optimized with the Yoast SEO plugin v27.5 - https:\/\/yoast.com\/product\/yoast-seo-wordpress\/ -->\n<title>Pourquoi exposer ? - Bien-\u00eatre Lyon<\/title>\n<meta name=\"description\" content=\"En 2025, le salon Bien-\u00catre M\u00e9decine Douce se recentre sur sa sp\u00e9cificit\u00e9 : un \u00e9v\u00e9nement r\u00e9unissant tous les acteurs et experts des m\u00e9decines compl\u00e9mentaires.\" \/>\n<meta name=\"robots\" content=\"index, follow, max-snippet:-1, max-image-preview:large, max-video-preview:-1\" \/>\n<link rel=\"canonical\" href=\"https:\/\/www.salon-medecinedouce.com\/lyon\/exposants\/pourquoi-exposer\/\" \/>\n<meta property=\"og:locale\" content=\"fr_FR\" \/>\n<meta property=\"og:type\" content=\"article\" \/>\n<meta property=\"og:title\" content=\"Pourquoi exposer ? - Bien-\u00eatre Lyon\" \/>\n<meta property=\"og:description\" content=\"En 2025, le salon Bien-\u00catre M\u00e9decine Douce se recentre sur sa sp\u00e9cificit\u00e9 : un \u00e9v\u00e9nement r\u00e9unissant tous les acteurs et experts des m\u00e9decines compl\u00e9mentaires.\" \/>\n<meta property=\"og:url\" content=\"https:\/\/www.salon-medecinedouce.com\/lyon\/exposants\/pourquoi-exposer\/\" \/>\n<meta property=\"og:site_name\" content=\"Bien-\u00eatre Lyon\" \/>\n<meta property=\"article:modified_time\" content=\"2025-11-28T09:56:12+00:00\" \/>\n<meta property=\"og:image\" content=\"https:\/\/www.salon-medecinedouce.com\/lyon\/wp-content\/uploads\/sites\/12\/2024\/07\/Pourquoi-exposer-.png\" \/>\n\t<meta property=\"og:image:width\" content=\"2048\" \/>\n\t<meta property=\"og:image:height\" content=\"1024\" \/>\n\t<meta property=\"og:image:type\" content=\"image\/png\" \/>\n<meta name=\"twitter:card\" content=\"summary_large_image\" \/>\n<meta name=\"twitter:label1\" content=\"Dur\u00e9e de lecture estim\u00e9e\" \/>\n\t<meta name=\"twitter:data1\" content=\"3 minutes\" \/>\n<script type=\"application\/ld+json\" class=\"yoast-schema-graph\">{\"@context\":\"https:\\\/\\\/schema.org\",\"@graph\":[{\"@type\":\"WebPage\",\"@id\":\"https:\\\/\\\/www.salon-medecinedouce.com\\\/lyon\\\/exposants\\\/pourquoi-exposer\\\/\",\"url\":\"https:\\\/\\\/www.salon-medecinedouce.com\\\/lyon\\\/exposants\\\/pourquoi-exposer\\\/\",\"name\":\"Pourquoi exposer ? - Bien-\u00eatre Lyon\",\"isPartOf\":{\"@id\":\"https:\\\/\\\/www.salon-medecinedouce.com\\\/lyon\\\/#website\"},\"primaryImageOfPage\":{\"@id\":\"https:\\\/\\\/www.salon-medecinedouce.com\\\/lyon\\\/exposants\\\/pourquoi-exposer\\\/#primaryimage\"},\"image\":{\"@id\":\"https:\\\/\\\/www.salon-medecinedouce.com\\\/lyon\\\/exposants\\\/pourquoi-exposer\\\/#primaryimage\"},\"thumbnailUrl\":\"https:\\\/\\\/www.salon-medecinedouce.com\\\/lyon\\\/wp-content\\\/uploads\\\/sites\\\/12\\\/2024\\\/07\\\/Pourquoi-exposer-.png\",\"datePublished\":\"2024-06-26T07:00:36+00:00\",\"dateModified\":\"2025-11-28T09:56:12+00:00\",\"description\":\"En 2025, le salon Bien-\u00catre M\u00e9decine Douce se recentre sur sa sp\u00e9cificit\u00e9 : un \u00e9v\u00e9nement r\u00e9unissant tous les acteurs et experts des m\u00e9decines compl\u00e9mentaires.\",\"breadcrumb\":{\"@id\":\"https:\\\/\\\/www.salon-medecinedouce.com\\\/lyon\\\/exposants\\\/pourquoi-exposer\\\/#breadcrumb\"},\"inLanguage\":\"fr-FR\",\"potentialAction\":[{\"@type\":\"ReadAction\",\"target\":[\"https:\\\/\\\/www.salon-medecinedouce.com\\\/lyon\\\/exposants\\\/pourquoi-exposer\\\/\"]}]},{\"@type\":\"ImageObject\",\"inLanguage\":\"fr-FR\",\"@id\":\"https:\\\/\\\/www.salon-medecinedouce.com\\\/lyon\\\/exposants\\\/pourquoi-exposer\\\/#primaryimage\",\"url\":\"https:\\\/\\\/www.salon-medecinedouce.com\\\/lyon\\\/wp-content\\\/uploads\\\/sites\\\/12\\\/2024\\\/07\\\/Pourquoi-exposer-.png\",\"contentUrl\":\"https:\\\/\\\/www.salon-medecinedouce.com\\\/lyon\\\/wp-content\\\/uploads\\\/sites\\\/12\\\/2024\\\/07\\\/Pourquoi-exposer-.png\",\"width\":2048,\"height\":1024,\"caption\":\"Pourquoi exposer\"},{\"@type\":\"BreadcrumbList\",\"@id\":\"https:\\\/\\\/www.salon-medecinedouce.com\\\/lyon\\\/exposants\\\/pourquoi-exposer\\\/#breadcrumb\",\"itemListElement\":[{\"@type\":\"ListItem\",\"position\":1,\"name\":\"Accueil\",\"item\":\"https:\\\/\\\/www.salon-medecinedouce.com\\\/lyon\\\/\"},{\"@type\":\"ListItem\",\"position\":2,\"name\":\"Exposer sur le salon\",\"item\":\"https:\\\/\\\/www.salon-medecinedouce.com\\\/lyon\\\/exposants\\\/\"},{\"@type\":\"ListItem\",\"position\":3,\"name\":\"Pourquoi exposer ?\"}]},{\"@type\":\"WebSite\",\"@id\":\"https:\\\/\\\/www.salon-medecinedouce.com\\\/lyon\\\/#website\",\"url\":\"https:\\\/\\\/www.salon-medecinedouce.com\\\/lyon\\\/\",\"name\":\"Bien-\u00eatre Lyon\",\"description\":\"La sant\u00e9 au naturel : M\u00e9decines douces - Compl\u00e9ments alimentaires - Alimentation saine - Cosm\u00e9tiques naturelles - Art de vivre - Tourisme de sant\u00e9\",\"publisher\":{\"@id\":\"https:\\\/\\\/www.salon-medecinedouce.com\\\/lyon\\\/#organization\"},\"potentialAction\":[{\"@type\":\"SearchAction\",\"target\":{\"@type\":\"EntryPoint\",\"urlTemplate\":\"https:\\\/\\\/www.salon-medecinedouce.com\\\/lyon\\\/?s={search_term_string}\"},\"query-input\":{\"@type\":\"PropertyValueSpecification\",\"valueRequired\":true,\"valueName\":\"search_term_string\"}}],\"inLanguage\":\"fr-FR\"},{\"@type\":\"Organization\",\"@id\":\"https:\\\/\\\/www.salon-medecinedouce.com\\\/lyon\\\/#organization\",\"name\":\"Bien-\u00eatre Lyon\",\"url\":\"https:\\\/\\\/www.salon-medecinedouce.com\\\/lyon\\\/\",\"logo\":{\"@type\":\"ImageObject\",\"inLanguage\":\"fr-FR\",\"@id\":\"https:\\\/\\\/www.salon-medecinedouce.com\\\/lyon\\\/#\\\/schema\\\/logo\\\/image\\\/\",\"url\":\"https:\\\/\\\/www.salon-medecinedouce.com\\\/lyon\\\/wp-content\\\/uploads\\\/sites\\\/12\\\/2024\\\/05\\\/cropped-logo-orange-bemd.png\",\"contentUrl\":\"https:\\\/\\\/www.salon-medecinedouce.com\\\/lyon\\\/wp-content\\\/uploads\\\/sites\\\/12\\\/2024\\\/05\\\/cropped-logo-orange-bemd.png\",\"width\":591,\"height\":591,\"caption\":\"Bien-\u00eatre Lyon\"},\"image\":{\"@id\":\"https:\\\/\\\/www.salon-medecinedouce.com\\\/lyon\\\/#\\\/schema\\\/logo\\\/image\\\/\"}}]}<\/script>\n<!-- \/ Yoast SEO plugin. -->","yoast_head_json":{"title":"Pourquoi exposer ? - Bien-\u00eatre Lyon","description":"En 2025, le salon Bien-\u00catre M\u00e9decine Douce se recentre sur sa sp\u00e9cificit\u00e9 : un \u00e9v\u00e9nement r\u00e9unissant tous les acteurs et experts des m\u00e9decines compl\u00e9mentaires.","robots":{"index":"index","follow":"follow","max-snippet":"max-snippet:-1","max-image-preview":"max-image-preview:large","max-video-preview":"max-video-preview:-1"},"canonical":"https:\/\/www.salon-medecinedouce.com\/lyon\/exposants\/pourquoi-exposer\/","og_locale":"fr_FR","og_type":"article","og_title":"Pourquoi exposer ? - Bien-\u00eatre Lyon","og_description":"En 2025, le salon Bien-\u00catre M\u00e9decine Douce se recentre sur sa sp\u00e9cificit\u00e9 : un \u00e9v\u00e9nement r\u00e9unissant tous les acteurs et experts des m\u00e9decines compl\u00e9mentaires.","og_url":"https:\/\/www.salon-medecinedouce.com\/lyon\/exposants\/pourquoi-exposer\/","og_site_name":"Bien-\u00eatre Lyon","article_modified_time":"2025-11-28T09:56:12+00:00","og_image":[{"width":2048,"height":1024,"url":"https:\/\/www.salon-medecinedouce.com\/lyon\/wp-content\/uploads\/sites\/12\/2024\/07\/Pourquoi-exposer-.png","type":"image\/png"}],"twitter_card":"summary_large_image","twitter_misc":{"Dur\u00e9e de lecture estim\u00e9e":"3 minutes"},"schema":{"@context":"https:\/\/schema.org","@graph":[{"@type":"WebPage","@id":"https:\/\/www.salon-medecinedouce.com\/lyon\/exposants\/pourquoi-exposer\/","url":"https:\/\/www.salon-medecinedouce.com\/lyon\/exposants\/pourquoi-exposer\/","name":"Pourquoi exposer ? - Bien-\u00eatre Lyon","isPartOf":{"@id":"https:\/\/www.salon-medecinedouce.com\/lyon\/#website"},"primaryImageOfPage":{"@id":"https:\/\/www.salon-medecinedouce.com\/lyon\/exposants\/pourquoi-exposer\/#primaryimage"},"image":{"@id":"https:\/\/www.salon-medecinedouce.com\/lyon\/exposants\/pourquoi-exposer\/#primaryimage"},"thumbnailUrl":"https:\/\/www.salon-medecinedouce.com\/lyon\/wp-content\/uploads\/sites\/12\/2024\/07\/Pourquoi-exposer-.png","datePublished":"2024-06-26T07:00:36+00:00","dateModified":"2025-11-28T09:56:12+00:00","description":"En 2025, le salon Bien-\u00catre M\u00e9decine Douce se recentre sur sa sp\u00e9cificit\u00e9 : un \u00e9v\u00e9nement r\u00e9unissant tous les acteurs et experts des m\u00e9decines compl\u00e9mentaires.","breadcrumb":{"@id":"https:\/\/www.salon-medecinedouce.com\/lyon\/exposants\/pourquoi-exposer\/#breadcrumb"},"inLanguage":"fr-FR","potentialAction":[{"@type":"ReadAction","target":["https:\/\/www.salon-medecinedouce.com\/lyon\/exposants\/pourquoi-exposer\/"]}]},{"@type":"ImageObject","inLanguage":"fr-FR","@id":"https:\/\/www.salon-medecinedouce.com\/lyon\/exposants\/pourquoi-exposer\/#primaryimage","url":"https:\/\/www.salon-medecinedouce.com\/lyon\/wp-content\/uploads\/sites\/12\/2024\/07\/Pourquoi-exposer-.png","contentUrl":"https:\/\/www.salon-medecinedouce.com\/lyon\/wp-content\/uploads\/sites\/12\/2024\/07\/Pourquoi-exposer-.png","width":2048,"height":1024,"caption":"Pourquoi exposer"},{"@type":"BreadcrumbList","@id":"https:\/\/www.salon-medecinedouce.com\/lyon\/exposants\/pourquoi-exposer\/#breadcrumb","itemListElement":[{"@type":"ListItem","position":1,"name":"Accueil","item":"https:\/\/www.salon-medecinedouce.com\/lyon\/"},{"@type":"ListItem","position":2,"name":"Exposer sur le salon","item":"https:\/\/www.salon-medecinedouce.com\/lyon\/exposants\/"},{"@type":"ListItem","position":3,"name":"Pourquoi exposer ?"}]},{"@type":"WebSite","@id":"https:\/\/www.salon-medecinedouce.com\/lyon\/#website","url":"https:\/\/www.salon-medecinedouce.com\/lyon\/","name":"Bien-\u00eatre Lyon","description":"La sant\u00e9 au naturel : M\u00e9decines douces - Compl\u00e9ments alimentaires - Alimentation saine - Cosm\u00e9tiques naturelles - Art de vivre - Tourisme de sant\u00e9","publisher":{"@id":"https:\/\/www.salon-medecinedouce.com\/lyon\/#organization"},"potentialAction":[{"@type":"SearchAction","target":{"@type":"EntryPoint","urlTemplate":"https:\/\/www.salon-medecinedouce.com\/lyon\/?s={search_term_string}"},"query-input":{"@type":"PropertyValueSpecification","valueRequired":true,"valueName":"search_term_string"}}],"inLanguage":"fr-FR"},{"@type":"Organization","@id":"https:\/\/www.salon-medecinedouce.com\/lyon\/#organization","name":"Bien-\u00eatre Lyon","url":"https:\/\/www.salon-medecinedouce.com\/lyon\/","logo":{"@type":"ImageObject","inLanguage":"fr-FR","@id":"https:\/\/www.salon-medecinedouce.com\/lyon\/#\/schema\/logo\/image\/","url":"https:\/\/www.salon-medecinedouce.com\/lyon\/wp-content\/uploads\/sites\/12\/2024\/05\/cropped-logo-orange-bemd.png","contentUrl":"https:\/\/www.salon-medecinedouce.com\/lyon\/wp-content\/uploads\/sites\/12\/2024\/05\/cropped-logo-orange-bemd.png","width":591,"height":591,"caption":"Bien-\u00eatre Lyon"},"image":{"@id":"https:\/\/www.salon-medecinedouce.com\/lyon\/#\/schema\/logo\/image\/"}}]}},"rttpg_featured_image_url":null,"rttpg_author":{"display_name":"admin","author_link":"https:\/\/www.salon-medecinedouce.com\/lyon\/author\/admin\/"},"rttpg_comment":0,"rttpg_category":false,"rttpg_excerpt":null,"_links":{"self":[{"href":"https:\/\/www.salon-medecinedouce.com\/lyon\/wp-json\/wp\/v2\/pages\/2436","targetHints":{"allow":["GET"]}}],"collection":[{"href":"https:\/\/www.salon-medecinedouce.com\/lyon\/wp-json\/wp\/v2\/pages"}],"about":[{"href":"https:\/\/www.salon-medecinedouce.com\/lyon\/wp-json\/wp\/v2\/types\/page"}],"author":[{"embeddable":true,"href":"https:\/\/www.salon-medecinedouce.com\/lyon\/wp-json\/wp\/v2\/users\/1"}],"replies":[{"embeddable":true,"href":"https:\/\/www.salon-medecinedouce.com\/lyon\/wp-json\/wp\/v2\/comments?post=2436"}],"version-history":[{"count":61,"href":"https:\/\/www.salon-medecinedouce.com\/lyon\/wp-json\/wp\/v2\/pages\/2436\/revisions"}],"predecessor-version":[{"id":14391,"href":"https:\/\/www.salon-medecinedouce.com\/lyon\/wp-json\/wp\/v2\/pages\/2436\/revisions\/14391"}],"up":[{"embeddable":true,"href":"https:\/\/www.salon-medecinedouce.com\/lyon\/wp-json\/wp\/v2\/pages\/2087"}],"wp:attachment":[{"href":"https:\/\/www.salon-medecinedouce.com\/lyon\/wp-json\/wp\/v2\/media?parent=2436"}],"curies":[{"name":"wp","href":"https:\/\/api.w.org\/{rel}","templated":true}]}}